{"id":47,"date":"2017-05-22T13:33:46","date_gmt":"2017-05-22T16:33:46","guid":{"rendered":"https:\/\/www3.unicentro.br\/ppgadm\/?page_id=47"},"modified":"2025-08-12T15:58:43","modified_gmt":"2025-08-12T18:58:43","slug":"bancas-de-qualificacao-mestrado","status":"publish","type":"page","link":"https:\/\/www3.unicentro.br\/ppgadm\/bancas-de-qualificacao-mestrado\/","title":{"rendered":"Bancas de Qualifica\u00e7\u00e3o Mestrado"},"content":{"rendered":"<div class=\"wpb-content-wrapper\"><p>[vc_row][vc_column][vc_column_text]<\/p>\n<ul>\n<li>Bancas de qualifica\u00e7\u00e3o 2015 [<a href=\"http:\/\/www2.unicentro.br\/ppgadm\/files\/2015\/08\/ensalamento-bancas-ok.pdf?x35443\">.pdf<\/a>]<\/li>\n<li>Bancas de qualifica\u00e7\u00e3o 2016 [<a href=\"http:\/\/www2.unicentro.br\/ppgadm\/files\/2017\/02\/Bancas-de-Qualifica%C3%A7%C3%A3o-PPGADM-2016.pdf?x35443\">.pdf<\/a>]<\/li>\n<li>Bancas de qualifica\u00e7\u00e3o 2017 [<a href=\"https:\/\/www3.unicentro.br\/ppgadm\/wp-content\/uploads\/sites\/16\/2017\/11\/Bancas-de-Qualifica\u00e7\u00e3o-PPGADM-2017.pdf\">.pdf<\/a>]<\/li>\n<li>Bancas de qualifica\u00e7\u00e3o 2018 [<a href=\"https:\/\/www3.unicentro.br\/ppgadm\/wp-content\/uploads\/sites\/16\/2021\/05\/Bancas-de-Qualificacao-PPGADM-2018.pdf\" target=\"_blank\" rel=\"noopener\">.pdf<\/a>]<\/li>\n<li>Bancas de qualifica\u00e7\u00e3o 2019 [<a href=\"https:\/\/www3.unicentro.br\/ppgadm\/wp-content\/uploads\/sites\/16\/2021\/05\/Bancas-de-Qualificacao-PPGADM-2019.pdf\" target=\"_blank\" rel=\"noopener\">.pdf<\/a>]<\/li>\n<li>Bancas de qualifica\u00e7\u00e3o 2020 [<a href=\"https:\/\/www3.unicentro.br\/ppgadm\/wp-content\/uploads\/sites\/16\/2021\/05\/Bancas-de-Qualificacao-PPGADM-2020.pdf\" target=\"_blank\" rel=\"noopener\">.pdf<\/a>]<\/li>\n<li>Bancas de qualifica\u00e7\u00e3o 2021 [<a href=\"https:\/\/www3.unicentro.br\/ppgadm\/wp-content\/uploads\/sites\/16\/2022\/04\/Bancas-de-Qualificacao-PPGADM-2021.pdf\">.pdf<\/a>]<\/li>\n<\/ul>\n<p>[\/vc_column_text][\/vc_column][\/vc_row][vc_row][vc_column][vc_message message_box_style=&#8221;solid-icon&#8221; style=&#8221;square&#8221; message_box_color=&#8221;peacoc&#8221; icon_type=&#8221;pixelicons&#8221; icon_pixelicons=&#8221;vc_pixel_icon vc_pixel_icon-clock&#8221;]\u00daltima atualiza\u00e7\u00e3o em: 28\/03\/2022.[\/vc_message][\/vc_column][\/vc_row]<\/p>\n<\/div>","protected":false},"excerpt":{"rendered":"<p>[vc_row][vc_column][vc_column_text] Bancas de qualifica\u00e7\u00e3o 2015 [.pdf] Bancas de qualifica\u00e7\u00e3o 2016 [.pdf] Bancas de qualifica\u00e7\u00e3o 2017 [.pdf] Bancas de qualifica\u00e7\u00e3o 2018 [.pdf] Bancas de qualifica\u00e7\u00e3o 2019 [.pdf] Bancas de qualifica\u00e7\u00e3o 2020 [.pdf] Bancas de qualifica\u00e7\u00e3o 2021 [.pdf] [\/vc_column_text][\/vc_column][\/vc_row][vc_row][vc_column][vc_message message_box_style=&#8221;solid-icon&#8221; style=&#8221;square&#8221; message_box_color=&#8221;peacoc&#8221; icon_type=&#8221;pixelicons&#8221; icon_pixelicons=&#8221;vc_pixel_icon vc_pixel_icon-clock&#8221;]\u00daltima atualiza\u00e7\u00e3o em: 28\/03\/2022.[\/vc_message][\/vc_column][\/vc_row]<\/p>\n","protected":false},"author":3,"featured_media":0,"parent":0,"menu_order":0,"comment_status":"closed","ping_status":"closed","template":"","meta":{"_exactmetrics_skip_tracking":false,"_exactmetrics_sitenote_active":false,"_exactmetrics_sitenote_note":"","_exactmetrics_sitenote_category":0,"footnotes":"","_links_to":"","_links_to_target":""},"class_list":["post-47","page","type-page","status-publish","hentry"],"publishpress_future_action":{"enabled":false,"date":"2026-04-29 02:14:31","action":"change-status","newStatus":"draft","terms":[],"taxonomy":"","extraData":[]},"publishpress_future_workflow_manual_trigger":{"enabledWorkflows":[]},"_links":{"self":[{"href":"https:\/\/www3.unicentro.br\/ppgadm\/wp-json\/wp\/v2\/pages\/47","targetHints":{"allow":["GET"]}}],"collection":[{"href":"https:\/\/www3.unicentro.br\/ppgadm\/wp-json\/wp\/v2\/pages"}],"about":[{"href":"https:\/\/www3.unicentro.br\/ppgadm\/wp-json\/wp\/v2\/types\/page"}],"author":[{"embeddable":true,"href":"https:\/\/www3.unicentro.br\/ppgadm\/wp-json\/wp\/v2\/users\/3"}],"replies":[{"embeddable":true,"href":"https:\/\/www3.unicentro.br\/ppgadm\/wp-json\/wp\/v2\/comments?post=47"}],"version-history":[{"count":1,"href":"https:\/\/www3.unicentro.br\/ppgadm\/wp-json\/wp\/v2\/pages\/47\/revisions"}],"predecessor-version":[{"id":4585,"href":"https:\/\/www3.unicentro.br\/ppgadm\/wp-json\/wp\/v2\/pages\/47\/revisions\/4585"}],"wp:attachment":[{"href":"https:\/\/www3.unicentro.br\/ppgadm\/wp-json\/wp\/v2\/media?parent=47"}],"curies":[{"name":"wp","href":"https:\/\/api.w.org\/{rel}","templated":true}]}}