{"id":327,"date":"2017-06-01T11:25:33","date_gmt":"2017-06-01T14:25:33","guid":{"rendered":"https:\/\/www3.unicentro.br\/ppgadm\/?page_id=327"},"modified":"2021-10-18T21:22:14","modified_gmt":"2021-10-19T00:22:14","slug":"apresentacao","status":"publish","type":"page","link":"https:\/\/www3.unicentro.br\/ppgadm\/apresentacao\/","title":{"rendered":"Apresenta\u00e7\u00e3o"},"content":{"rendered":"<div class=\"wpb-content-wrapper\"><p>[vc_row][vc_column][vc_column_text]<\/p>\n<p style=\"text-align: justify\">Nos \u00faltimos 15 anos, os cursos de gradua\u00e7\u00e3o em Administra\u00e7\u00e3o, Ci\u00eancias Cont\u00e1beis, Ci\u00eancias Econ\u00f4micas e Secretariado Executivo ofertaram diversos cursos de Especializa\u00e7\u00e3o Lato Sensu aos egressos da UNICENTRO e comunidade, capacitando mais de 500 profissionais em cursos presenciais e mais de 800 em cursos na modalidade \u00e0 Dist\u00e2ncia, nas diversas \u00e1reas de conhecimento. Durante esse per\u00edodo os docentes ministraram aulas, orientaram alunos, participaram de bancas de avalia\u00e7\u00e3o e publicaram artigos resultantes das pesquisas de seus orientados, contribuindo para o amadurecimento da proposta do Mestrado em Administra\u00e7\u00e3o.<\/p>\n<p style=\"text-align: justify\">O in\u00edcio das discuss\u00f5es para a implanta\u00e7\u00e3o do curso deu-se em 2009, onde os docentes de v\u00e1rios cursos de gradua\u00e7\u00e3o e a Pr\u00f3-reitoria de pesquisa e p\u00f3s-gradua\u00e7\u00e3o alinharam em uma proposta conjunta de Mestrado. A dire\u00e7\u00e3o do Setor de Ci\u00eancias Sociais Aplicadas \u2013 SESA\/G designou membros para compor a comiss\u00e3o de implanta\u00e7\u00e3o do programa\u00a0<i>Stricto Sensu<\/i>, Campus Santa Cruz e em Maio de 2012 a comiss\u00e3o foi reconduzida pela Reitoria da Unicentro, por meio da portaria 1143\/GR \u2013 Unicentro, que desenvolveu a proposta de Minuta de Regulamento do Programa e o Projeto Pedag\u00f3gico do curso de Mestrado Profissional em Administra\u00e7\u00e3o, finalizado no m\u00eas de Outubro de 2012. O Conselho Universit\u00e1rio da Unicentro aprovou a cria\u00e7\u00e3o do curso e o regulamento do Programa em 25\/03\/2013. O Mestrado em Administra\u00e7\u00e3o foi aprovado pela Capes em 28\/05\/2013 pelo Of\u00edcio 48-20\/2013\/CTC\/DAV\/CAPES, com um corpo docente composto de catorze professores doutores dos departamentos de Administra\u00e7\u00e3o, Ci\u00eancias Cont\u00e1beis, Secretariado Executivo, Economia (Campus Santa Cruz), Ci\u00eancias da Computa\u00e7\u00e3o (Campus Cedeteg), Administra\u00e7\u00e3o e Educa\u00e7\u00e3o F\u00edsica (Irati). O primeiro coordenador foi o Prof. Silvio R. Stefano (DEADM\/G) e o vice foi o Prof. Jo\u00e3o Francisco Morozini (DECIC\/G). A primeira turma teve in\u00edcio em 10\/03\/2014 com vinte alunos regulares, j\u00e1 a segunda turma iniciou em 2015 com dezesseis alunos e a terceira turma em 2016 com dezoite alunos regulares. Atualmente o PPGADM possui mais de setenta alunos regulares e especiais (Mar\u00e7o\/2016).<\/p>\n<p style=\"text-align: justify\">O Mestrado Profissional em Administra\u00e7\u00e3o implantado na Universidade Estadual do Centro-Oeste (UNICENTRO), vem atender a uma demanda de profissionais, gestores e docentes de diversas \u00e1reas de conhecimento de Guarapuava e Regi\u00e3o. Atualmente somente a UEL e UEM oferecem Mestrados em Administra\u00e7\u00e3o no interior do Estado do Paran\u00e1.<\/p>\n<p style=\"text-align: justify\">Apesar dos esfor\u00e7os de qualifica\u00e7\u00e3o docente, o n\u00famero total de docentes qualificados nas IES do interior do Estado do Paran\u00e1 ainda est\u00e1 aqu\u00e9m do desejado, especialmente em algumas \u00e1reas, nas quais se verificam dificuldades para o afastamento para capacita\u00e7\u00e3o, em consequ\u00eancia do porte das institui\u00e7\u00f5es e do atendimento da demanda de horas\/aula nos cursos de gradua\u00e7\u00e3o.<\/p>\n<p style=\"text-align: justify\">O setor de Ci\u00eancias Sociais Aplicadas da UNICENTRO de Guarapuava e Irati, possu\u00eda (26\/11\/2012): 151 professores \u2013 sendo 15 doutores, 83 mestres e 51 especialistas, propor\u00e7\u00e3o ainda menor se considerar as outras IES de Guarapuava e Regi\u00e3o. Na cidade s\u00e3o mais de 9.000 empresas com registros ativos na Junta Comercial do Estado do Paran\u00e1 que necessitam de gestores qualificados para sua atua\u00e7\u00e3o profissional, al\u00e9m da necessidade de gestores de organiza\u00e7\u00f5es p\u00fablicas municipais, estaduais e federais.<\/p>\n<p style=\"text-align: justify\">Destaca-se que 21 professores do Setor de Ci\u00eancias Sociais Aplicadas da UNICENTRO, est\u00e3o cursando programas de p\u00f3s-gradua\u00e7\u00e3o em n\u00edvel de Doutorado em diversas IES no pa\u00eds, vindo a compor o corpo docente do Mestrado Profissional em Administra\u00e7\u00e3o.<\/p>\n<p style=\"text-align: justify\">Apesar da alta demanda por qualifica\u00e7\u00e3o, o corpo docente da \u00e1rea na UNICENTRO tem se destacado na produ\u00e7\u00e3o intelectual, o que tem propiciado a aprova\u00e7\u00e3o de projetos de pesquisa financiados, apresenta\u00e7\u00e3o de trabalhos em importantes eventos nacionais e internacionais, al\u00e9m da participa\u00e7\u00e3o em projetos relevantes no cen\u00e1rio nacional, como o Universidade Sem Fronteiras, a\u00e7\u00e3o extensionista de grande porte liderada pela Secretaria de Estado da Ci\u00eancia, Tecnologia e Ensino Superior do Paran\u00e1 (Seti\/PR), revelando, desde j\u00e1, o impacto que uma forma\u00e7\u00e3o em n\u00edvel de mestrado ter\u00e1 para o incremento do papel social que a UNICENTRO vem desenvolvendo no cen\u00e1rio regional e estadual.<\/p>\n<p style=\"text-align: justify\">A realiza\u00e7\u00e3o do Mestrado Profissional em Administra\u00e7\u00e3o implantado na Universidade Estadual do Centro-Oeste, UNICENTRO, fundamenta-se n\u00e3o apenas na necessidade de forma\u00e7\u00e3o de Mestres em Administra\u00e7\u00e3o, mas tamb\u00e9m para qualifica\u00e7\u00e3o de gestores, com objetivo do desenvolvimento cient\u00edfico, tecnol\u00f3gico, econ\u00f4mico e socioambiental da sua regi\u00e3o de abrang\u00eancia.<\/p>\n<p style=\"text-align: justify\">Neste sentido, o Mestrado em Administra\u00e7\u00e3o, vem ao encontro da Pol\u00edtica da CAPES, a qual estimula, a interioriza\u00e7\u00e3o na forma\u00e7\u00e3o de Mestres e Doutores e viabilizar a forma\u00e7\u00e3o de Mestres fora dos grandes centros educacionais. Complementarmente, aos fatores forma\u00e7\u00e3o de Mestres em Administra\u00e7\u00e3o, da maturidade acad\u00eamica e cient\u00edfica e do fortalecimento de novas voca\u00e7\u00f5es de pesquisa direcionadas para Estrat\u00e9gia e Organiza\u00e7\u00f5es, tamb\u00e9m s\u00e3o considerados, de formas relevantes, os seguintes fatores justific\u00e1veis para a realiza\u00e7\u00e3o do Mestrado Profissional em Administra\u00e7\u00e3o:<\/p>\n<p style=\"text-align: justify\">1) Viabiliza\u00e7\u00e3o da forma\u00e7\u00e3o de Mestres para o interior do Estado do Paran\u00e1 o qual tem ficado \u00e0 margem dos grandes centros de ensino e pesquisa, assegurado o mesmo padr\u00e3o de qualidade de outras IES;<\/p>\n<p style=\"text-align: justify\">2) Otimiza\u00e7\u00e3o do potencial do corpo Docente da Unicentro com a finalidade de: i) apoiar a capacita\u00e7\u00e3o de docentes de diferentes cursos de gradua\u00e7\u00e3o do interior do Paran\u00e1; ii) subsidiar a nuclea\u00e7\u00e3o e o fortalecimento de grupos de ensino e pesquisa da UNICENTRO; iii) fortalecer e estabelecer as condi\u00e7\u00f5es para a verticaliza\u00e7\u00e3o dos cursos na UNICENTRO; iv) propiciar o aumento da compet\u00eancia de forma\u00e7\u00e3o de recursos humanos de alto n\u00edvel para organiza\u00e7\u00f5es p\u00fablicas e privadas.<\/p>\n<p style=\"text-align: justify\">3) Contribui\u00e7\u00e3o para o fortalecimento, na UNICENTRO, da linha de pesquisa Estrat\u00e9gia e Organiza\u00e7\u00f5es que respondam \u00e0s necessidades de desenvolvimento e crescimento regionais, j\u00e1 que se trata de um espa\u00e7o geoecon\u00f4mico, caracterizado pela car\u00eancia de projetos estrat\u00e9gicos nas organiza\u00e7\u00f5es.<\/p>\n<p style=\"text-align: justify\">4) Contribui\u00e7\u00e3o para o surgimento, no \u00e2mbito da UNICENTRO, de novas voca\u00e7\u00f5es para gest\u00e3o empresarial, mediante o incentivo \u00e0 participa\u00e7\u00e3o de Mestrandos e Professores no projeto, promovendo o estabelecimento de parcerias continuadas entre os programas de p\u00f3s-gradua\u00e7\u00e3o e\/ou grupos de ensino e pesquisa em est\u00e1gios diferenciais de desenvolvimento tendo em vista a dissemina\u00e7\u00e3o da compet\u00eancia nacional e regional em ci\u00eancia e tecnologia.<\/p>\n<p style=\"text-align: justify\">Ainda \u00e9 relevante a composi\u00e7\u00e3o heterog\u00eanea do corpo docente do Mestrado Profissional em Administra\u00e7\u00e3o, a qual favorecer\u00e1 a cria\u00e7\u00e3o de uma rede de coopera\u00e7\u00e3o cient\u00edfica que viabilizar\u00e1 uma amplia\u00e7\u00e3o horizontal do di\u00e1logo entre os professores pesquisadores participantes, bem como uma expans\u00e3o vertical atrav\u00e9s do desenvolvimento da pesquisa englobando os participantes do Mestrado, os Grupos de Pesquisa e os acad\u00eamicos dos cursos de gradua\u00e7\u00e3o da Unicentro. Essa rede possibilitar\u00e1 um crescimento qualitativo e quantitativo da produ\u00e7\u00e3o cient\u00edfica paranaense, com grande capilaridade regional, embasada em uma reflex\u00e3o coletiva com produ\u00e7\u00e3o e pesquisas abrangentes.<\/p>\n<p style=\"text-align: justify\">Assim, o Mestrado em Administra\u00e7\u00e3o ser\u00e1 de grande impacto para os professores e pesquisadores da \u00e1rea e gestores organizacionais, suprimindo essa grave lacuna no que se refere \u00e0 capacita\u00e7\u00e3o docente em n\u00edvel de P\u00f3s-Gradua\u00e7\u00e3o <i>Stricto Sensu<\/i>, na \u00e1rea de Administra\u00e7\u00e3o e Ci\u00eancias Sociais Aplicadas.<\/p>\n<p>[\/vc_column_text][\/vc_column][\/vc_row]<\/p>\n<\/div>","protected":false},"excerpt":{"rendered":"<p>[vc_row][vc_column][vc_column_text] Nos \u00faltimos 15 anos, os cursos de gradua\u00e7\u00e3o em Administra\u00e7\u00e3o, Ci\u00eancias Cont\u00e1beis, Ci\u00eancias Econ\u00f4micas e Secretariado Executivo ofertaram diversos cursos de Especializa\u00e7\u00e3o Lato Sensu aos egressos da UNICENTRO e comunidade, capacitando mais de 500 profissionais em cursos presenciais e mais de 800 em cursos na modalidade \u00e0 Dist\u00e2ncia, nas diversas \u00e1reas de conhecimento. Durante [&hellip;]<\/p>\n","protected":false},"author":3,"featured_media":0,"parent":0,"menu_order":0,"comment_status":"closed","ping_status":"closed","template":"","meta":{"_exactmetrics_skip_tracking":false,"_exactmetrics_sitenote_active":false,"_exactmetrics_sitenote_note":"","_exactmetrics_sitenote_category":0,"footnotes":"","_links_to":"","_links_to_target":""},"class_list":["post-327","page","type-page","status-publish","hentry"],"publishpress_future_action":{"enabled":false,"date":"2026-05-07 18:18:52","action":"change-status","newStatus":"draft","terms":[],"taxonomy":"","extraData":[]},"publishpress_future_workflow_manual_trigger":{"enabledWorkflows":[]},"_links":{"self":[{"href":"https:\/\/www3.unicentro.br\/ppgadm\/wp-json\/wp\/v2\/pages\/327","targetHints":{"allow":["GET"]}}],"collection":[{"href":"https:\/\/www3.unicentro.br\/ppgadm\/wp-json\/wp\/v2\/pages"}],"about":[{"href":"https:\/\/www3.unicentro.br\/ppgadm\/wp-json\/wp\/v2\/types\/page"}],"author":[{"embeddable":true,"href":"https:\/\/www3.unicentro.br\/ppgadm\/wp-json\/wp\/v2\/users\/3"}],"replies":[{"embeddable":true,"href":"https:\/\/www3.unicentro.br\/ppgadm\/wp-json\/wp\/v2\/comments?post=327"}],"version-history":[{"count":0,"href":"https:\/\/www3.unicentro.br\/ppgadm\/wp-json\/wp\/v2\/pages\/327\/revisions"}],"wp:attachment":[{"href":"https:\/\/www3.unicentro.br\/ppgadm\/wp-json\/wp\/v2\/media?parent=327"}],"curies":[{"name":"wp","href":"https:\/\/api.w.org\/{rel}","templated":true}]}}