{"id":266,"date":"2017-05-22T16:02:51","date_gmt":"2017-05-22T19:02:51","guid":{"rendered":"https:\/\/www3.unicentro.br\/ppgadm\/?page_id=266"},"modified":"2019-07-01T16:19:50","modified_gmt":"2019-07-01T19:19:50","slug":"grupos-de-pesquisa","status":"publish","type":"page","link":"https:\/\/www3.unicentro.br\/ppgadm\/grupos-de-pesquisa\/","title":{"rendered":"Grupos de Pesquisa"},"content":{"rendered":"<h3 style=\"text-align: justify\">Linha 1 \u2013 Estrat\u00e9gia<\/h3>\n<p style=\"text-align: justify\"><strong>CDO \u2013 Capacidades Din\u00e2micas e Desempenho Organizacional<\/strong><br \/>\nL\u00edder(es): Jo\u00e3o Francisco Morozini<br \/>\nAP: Ci\u00eancias Sociais Aplicadas; Administra\u00e7\u00e3o<br \/>\nLink: <a href=\"http:\/\/dgp.cnpq.br\/dgp\/espelhogrupo\/6739383326848646\">http:\/\/dgp.cnpq.br\/dgp\/espelhogrupo\/6739383326848646<\/a><\/p>\n<p><strong>Gest\u00e3o de Pessoas e Comportamento Organizacional<\/strong><br \/>\nL\u00edder(es): Silvio Roberto Stefano<br \/>\nAP: Ci\u00eancias Sociais Aplicadas; Administra\u00e7\u00e3o<br \/>\nLink: <a href=\"http:\/\/dgp.cnpq.br\/dgp\/espelhogrupo\/8815182664205455\">http:\/\/dgp.cnpq.br\/dgp\/espelhogrupo\/8815182664205455<\/a><\/p>\n<p><strong>GPEEO \u2013 Grupo de Pesquisa em Estrat\u00e9gia e Estudos Organizacionais<\/strong><br \/>\nL\u00edder(es): Marcos de Castro<br \/>\nAP: Ci\u00eancias Sociais Aplicadas; Administra\u00e7\u00e3o<br \/>\nLink: <a href=\"http:\/\/dgp.cnpq.br\/dgp\/espelhogrupo\/1918296997229655\">http:\/\/dgp.cnpq.br\/dgp\/espelhogrupo\/1918296997229655<\/a><\/p>\n<p><strong>N\u00facleo de Estudos e Pesquisas: Organiza\u00e7\u00f5es e Sociedade \u2013 NEPOS<\/strong><br \/>\nL\u00edder(es): Luiz Fernando Lara<br \/>\nAP: Ci\u00eancias Sociais Aplicadas; Administra\u00e7\u00e3o<br \/>\nLink: <a href=\"http:\/\/dgp.cnpq.br\/dgp\/espelhogrupo\/3125262254264402\">http:\/\/dgp.cnpq.br\/dgp\/espelhogrupo\/3125262254264402<\/a><\/p>\n<p><strong>Organiza\u00e7\u00f5es, Estado e Sociedade (OES)<\/strong><br \/>\nL\u00edder(es): Luciano Ferreira de Lima<br \/>\nAP: Ci\u00eancias Sociais Aplicadas; Administra\u00e7\u00e3o<br \/>\nLink: <a href=\"http:\/\/dgp.cnpq.br\/dgp\/espelhogrupo\/0861028779058971\">http:\/\/dgp.cnpq.br\/dgp\/espelhogrupo\/0861028779058971<\/a><\/p>\n<p>&nbsp;<\/p>\n<h3 style=\"text-align: justify\">Linha 2 \u2013 Inova\u00e7\u00e3o e Tecnologia<\/h3>\n<p style=\"text-align: justify\"><strong>GITS \u2013 Estudos em Gest\u00e3o da Inova\u00e7\u00e3o, Tecnologia e da Sustentabilidade<\/strong><br \/>\nL\u00edder(es): Marlete Beatriz Ma\u00e7aneiro<br \/>\nAP: Ci\u00eancias Sociais Aplicadas; Administra\u00e7\u00e3o<br \/>\nLink: <a href=\"http:\/\/dgp.cnpq.br\/dgp\/espelhogrupo\/2661017471405547\">http:\/\/dgp.cnpq.br\/dgp\/espelhogrupo\/2661017471405547<\/a><\/p>\n<p>&nbsp;<\/p>\n<h3 style=\"text-align: justify\">Outros grupos<\/h3>\n<p style=\"text-align: justify\"><strong>Ci\u00eancias Econ\u00f4micas na perspectiva da teoria e da aplica\u00e7\u00e3o &#8211; GPCE<\/strong><br \/>\nL\u00edder(es): Luci Nychai e Fernando Franco Netto<br \/>\nAP: Ci\u00eancias Sociais Aplicadas; Economia<br \/>\nLink: <a href=\"http:\/\/dgp.cnpq.br\/dgp\/espelhogrupo\/2137647873913692\">http:\/\/dgp.cnpq.br\/dgp\/espelhogrupo\/2137647873913692<\/a><\/p>\n<p style=\"text-align: justify\"><strong>Contabilidade e finan\u00e7as: informa\u00e7\u00e3o para tomada de decis\u00e3o<\/strong><br \/>\nL\u00edder(es): Marcos Roberto K\u00fchl e Carlos Alberto K\u00fchl<br \/>\nAP: Ci\u00eancias Sociais Aplicadas; Administra\u00e7\u00e3o<br \/>\nLink: <a href=\"http:\/\/dgp.cnpq.br\/dgp\/espelhogrupo\/8872020183272631\">http:\/\/dgp.cnpq.br\/dgp\/espelhogrupo\/8872020183272631<\/a><\/p>\n<p style=\"text-align: justify\"><strong>Gest\u00e3o do Conhecimento nas Ci\u00eancias Sociais Aplicadas<\/strong><br \/>\nL\u00edder(es): Juliane Sachser Angnes e Daniela do Amaral de Oliveira Gardin<br \/>\nAP: Ci\u00eancias Sociais Aplicadas; Ci\u00eancia da Informa\u00e7\u00e3o<br \/>\nLink: <a href=\"http:\/\/dgp.cnpq.br\/dgp\/espelhogrupo\/5367631664506262\">http:\/\/dgp.cnpq.br\/dgp\/espelhogrupo\/5367631664506262<\/a><\/p>\n<p style=\"text-align: justify\"><strong>Grupo de Estudos em Atividade F\u00edsica e Sa\u00fade<\/strong><br \/>\nL\u00edder(es): Erivelton Fontana de Laat e Claudio Shigueki Suzuki<br \/>\nAP: Ci\u00eancias da Sa\u00fade; Educa\u00e7\u00e3o F\u00edsica<br \/>\nLink: <a href=\"http:\/\/dgp.cnpq.br\/dgp\/espelhogrupo\/6593438331376322\">http:\/\/dgp.cnpq.br\/dgp\/espelhogrupo\/6593438331376322<\/a><\/p>\n<p style=\"text-align: justify\"><strong>Hist\u00f3ria Econ\u00f4mica<\/strong><br \/>\nL\u00edder(es): Fernando Franco Netto<br \/>\nAP: Ci\u00eancias Sociais Aplicadas; Economia<br \/>\nLink: <a href=\"http:\/\/dgp.cnpq.br\/dgp\/espelhogrupo\/9237503677681084\">http:\/\/dgp.cnpq.br\/dgp\/espelhogrupo\/9237503677681084<\/a><\/p>\n<p style=\"text-align: justify\"><strong>Laborat\u00f3rio de Aplica\u00e7\u00f5es Sem\u00e2nticas e Distribu\u00eddas (LASeD\/UNICENTRO)<\/strong><br \/>\nL\u00edder(es): Sandro Rautenberg e Gisane Aparecida Michelon<br \/>\nAP: Ci\u00eancias Exatas e da Terra; Ci\u00eancia da Computa\u00e7\u00e3o<br \/>\nLink: <a href=\"http:\/\/dgp.cnpq.br\/dgp\/espelhogrupo\/6068628639458564\">http:\/\/dgp.cnpq.br\/dgp\/espelhogrupo\/6068628639458564<\/a><\/p>\n<p>&nbsp;<\/p>\n<p style=\"text-align: justify\">Dados extra\u00eddos do site <a href=\"http:\/\/lattes.cnpq.br\/web\/dgp\">http:\/\/lattes.cnpq.br\/web\/dgp<\/a>. \u00daltima atualiza\u00e7\u00e3o em 01 de Julho de 2019.<\/p>\n","protected":false},"excerpt":{"rendered":"<p>Linha 1 \u2013 Estrat\u00e9gia CDO \u2013 Capacidades Din\u00e2micas e Desempenho Organizacional L\u00edder(es): Jo\u00e3o Francisco Morozini AP: Ci\u00eancias Sociais Aplicadas; Administra\u00e7\u00e3o Link: http:\/\/dgp.cnpq.br\/dgp\/espelhogrupo\/6739383326848646 Gest\u00e3o de Pessoas e Comportamento Organizacional L\u00edder(es): Silvio Roberto Stefano AP: Ci\u00eancias Sociais Aplicadas; Administra\u00e7\u00e3o Link: http:\/\/dgp.cnpq.br\/dgp\/espelhogrupo\/8815182664205455 GPEEO \u2013 Grupo de Pesquisa em Estrat\u00e9gia e Estudos Organizacionais L\u00edder(es): Marcos de Castro AP: Ci\u00eancias [&hellip;]<\/p>\n","protected":false},"author":3,"featured_media":0,"parent":0,"menu_order":0,"comment_status":"closed","ping_status":"closed","template":"","meta":{"_exactmetrics_skip_tracking":false,"_exactmetrics_sitenote_active":false,"_exactmetrics_sitenote_note":"","_exactmetrics_sitenote_category":0,"footnotes":"","_links_to":"","_links_to_target":""},"class_list":["post-266","page","type-page","status-publish","hentry"],"publishpress_future_action":{"enabled":false,"date":"2026-05-20 13:23:37","action":"change-status","newStatus":"draft","terms":[],"taxonomy":"","extraData":[]},"publishpress_future_workflow_manual_trigger":{"enabledWorkflows":[]},"_links":{"self":[{"href":"https:\/\/www3.unicentro.br\/ppgadm\/wp-json\/wp\/v2\/pages\/266","targetHints":{"allow":["GET"]}}],"collection":[{"href":"https:\/\/www3.unicentro.br\/ppgadm\/wp-json\/wp\/v2\/pages"}],"about":[{"href":"https:\/\/www3.unicentro.br\/ppgadm\/wp-json\/wp\/v2\/types\/page"}],"author":[{"embeddable":true,"href":"https:\/\/www3.unicentro.br\/ppgadm\/wp-json\/wp\/v2\/users\/3"}],"replies":[{"embeddable":true,"href":"https:\/\/www3.unicentro.br\/ppgadm\/wp-json\/wp\/v2\/comments?post=266"}],"version-history":[{"count":0,"href":"https:\/\/www3.unicentro.br\/ppgadm\/wp-json\/wp\/v2\/pages\/266\/revisions"}],"wp:attachment":[{"href":"https:\/\/www3.unicentro.br\/ppgadm\/wp-json\/wp\/v2\/media?parent=266"}],"curies":[{"name":"wp","href":"https:\/\/api.w.org\/{rel}","templated":true}]}}