{"id":17,"date":"2017-05-22T09:36:05","date_gmt":"2017-05-22T12:36:05","guid":{"rendered":"https:\/\/www3.unicentro.br\/ppgadm\/?page_id=17"},"modified":"2024-11-25T14:07:53","modified_gmt":"2024-11-25T17:07:53","slug":"linhas-de-pesquisa","status":"publish","type":"page","link":"https:\/\/www3.unicentro.br\/ppgadm\/linhas-de-pesquisa\/","title":{"rendered":"Linhas de Pesquisa"},"content":{"rendered":"<div class=\"wpb-content-wrapper\"><p>[vc_row][vc_column][vc_column_text]<\/p>\n<h3>Estrat\u00e9gia<\/h3>\n<p style=\"text-align: justify\">Visa desenvolver estudos em organiza\u00e7\u00f5es p\u00fablicas e privadas com o foco em estrat\u00e9gia organizacional e seus diversos aspectos internos e processos como: gest\u00e3o de pessoas, administra\u00e7\u00e3o geral, administra\u00e7\u00e3o financeira, qualidade de vida no trabalho, dentre outras. As \u00e1reas externas relacionadas ser\u00e3o desenvolvimento local e regional e redes intra e interorganizacionais.<\/p>\n<p>&nbsp;<\/p>\n<h3>Inova\u00e7\u00e3o e Tecnologia<\/h3>\n<p style=\"text-align: justify\">Visa desenvolver estudos em organiza\u00e7\u00f5es p\u00fablicas e privadas com foco nas quest\u00f5es relacionadas \u00e0 gest\u00e3o da tecnologia e da inova\u00e7\u00e3o em seus diversos aspectos, bem como das rela\u00e7\u00f5es e\/ou implica\u00e7\u00f5es delas com as estrat\u00e9gias organizacionais, com o desempenho organizacional, com a competitividade, tecnologia e inova\u00e7\u00e3o, com a sustentabilidade, gest\u00e3o do conhecimento, dentre outras.<\/p>\n<p>[\/vc_column_text][vc_tta_accordion style=&#8221;flat&#8221; shape=&#8221;square&#8221; color=&#8221;peacoc&#8221; spacing=&#8221;1&#8243; active_section=&#8221;5&#8243; no_fill=&#8221;true&#8221; collapsible_all=&#8221;true&#8221; title=&#8221;Docentes por linha de pesquisa&#8221;][vc_tta_section title=&#8221;Estrat\u00e9gia&#8221; tab_id=&#8221;1495456570849-27498906-0400&#8243;][vc_column_text]Juliane Sachser Angnes<\/p>\n<p>L\u00e9o Raifur<\/p>\n<p>Luciano Ferreira de Lima<\/p>\n<p>Luiz Fernando de Lara<\/p>\n<p>Marcos de Castro<\/p>\n<p>Mauricio Jo\u00e3o Atamanczuk<\/p>\n<p>Sandra Mara de Andrade<\/p>\n<p>Silvio Roberto Stefani[\/vc_column_text][\/vc_tta_section][vc_tta_section title=&#8221;Inova\u00e7\u00e3o e Tecnologia&#8221; tab_id=&#8221;1495456570873-4111cd26-790b&#8221;][vc_column_text css=&#8221;&#8221;]Cl\u00e1udio Luiz Chiusoli<\/p>\n<p>Gilmar Evandro Szczepanik<\/p>\n<p>Jo\u00e3o Francisco Morozini<\/p>\n<p>Jos\u00e9lia Elvira Teixeira<\/p>\n<p>Marcos Roberto Kuhl<\/p>\n<p>S\u00e9rgio Luis Dias Doliveira<\/p>\n<p>Stella Maris Lima Alto\u00e9 Suave<\/p>\n<p>Zoraide da Fonseca Costa[\/vc_column_text][\/vc_tta_section][\/vc_tta_accordion][\/vc_column][\/vc_row]<\/p>\n<\/div>","protected":false},"excerpt":{"rendered":"<p>[vc_row][vc_column][vc_column_text] Estrat\u00e9gia Visa desenvolver estudos em organiza\u00e7\u00f5es p\u00fablicas e privadas com o foco em estrat\u00e9gia organizacional e seus diversos aspectos internos e processos como: gest\u00e3o de pessoas, administra\u00e7\u00e3o geral, administra\u00e7\u00e3o financeira, qualidade de vida no trabalho, dentre outras. As \u00e1reas externas relacionadas ser\u00e3o desenvolvimento local e regional e redes intra e interorganizacionais. &nbsp; Inova\u00e7\u00e3o e [&hellip;]<\/p>\n","protected":false},"author":3,"featured_media":0,"parent":0,"menu_order":0,"comment_status":"closed","ping_status":"closed","template":"","meta":{"_exactmetrics_skip_tracking":false,"_exactmetrics_sitenote_active":false,"_exactmetrics_sitenote_note":"","_exactmetrics_sitenote_category":0,"footnotes":"","_links_to":"","_links_to_target":""},"class_list":["post-17","page","type-page","status-publish","hentry"],"publishpress_future_action":{"enabled":false,"date":"2026-04-29 02:14:31","action":"change-status","newStatus":"draft","terms":[],"taxonomy":"","extraData":[]},"publishpress_future_workflow_manual_trigger":{"enabledWorkflows":[]},"_links":{"self":[{"href":"https:\/\/www3.unicentro.br\/ppgadm\/wp-json\/wp\/v2\/pages\/17","targetHints":{"allow":["GET"]}}],"collection":[{"href":"https:\/\/www3.unicentro.br\/ppgadm\/wp-json\/wp\/v2\/pages"}],"about":[{"href":"https:\/\/www3.unicentro.br\/ppgadm\/wp-json\/wp\/v2\/types\/page"}],"author":[{"embeddable":true,"href":"https:\/\/www3.unicentro.br\/ppgadm\/wp-json\/wp\/v2\/users\/3"}],"replies":[{"embeddable":true,"href":"https:\/\/www3.unicentro.br\/ppgadm\/wp-json\/wp\/v2\/comments?post=17"}],"version-history":[{"count":1,"href":"https:\/\/www3.unicentro.br\/ppgadm\/wp-json\/wp\/v2\/pages\/17\/revisions"}],"predecessor-version":[{"id":3836,"href":"https:\/\/www3.unicentro.br\/ppgadm\/wp-json\/wp\/v2\/pages\/17\/revisions\/3836"}],"wp:attachment":[{"href":"https:\/\/www3.unicentro.br\/ppgadm\/wp-json\/wp\/v2\/media?parent=17"}],"curies":[{"name":"wp","href":"https:\/\/api.w.org\/{rel}","templated":true}]}}