{"id":26,"date":"2023-05-22T15:37:12","date_gmt":"2023-05-22T18:37:12","guid":{"rendered":"https:\/\/www3.unicentro.br\/ppga\/?page_id=26"},"modified":"2023-07-14T14:26:06","modified_gmt":"2023-07-14T17:26:06","slug":"comissao-de-auto-avaliacao","status":"publish","type":"page","link":"https:\/\/www3.unicentro.br\/ppga\/informacoes-gerais\/comissao-de-auto-avaliacao\/","title":{"rendered":"Comiss\u00e3o de auto-avalia\u00e7\u00e3o"},"content":{"rendered":"<h3>COMISS\u00c3O DE AUTO-AVALIA\u00c7\u00c3O<\/h3>\n<p>Prof. Dr. Renato Vasconcelos Botelho (Presidente da Comiss\u00e3o)<br \/>\ne-mail: <a href=\"mailto:rbotelho@unicentro.br\">rbotelho@unicentro.br<\/a><\/p>\n<p>Prof. Dr. Leandro Rampim (Representante Docente)<br \/>\ne-mail: <a href=\"mailto:lrampim@unicentro.br\">lrampim@unicentro.br<\/a><\/p>\n<p>Prof\u00aa. Dr\u00aa. Cacilda Marcia Duarte Rios Faria (Representante Docente)<br \/>\ne-mail: <a href=\"mailto:criosfaria@hotmail.com\">criosfaria@hotmail.com<\/a><\/p>\n<p>Lucilia da Rosa de Lima (Representante Funcion\u00e1rio)<br \/>\ne-mail: <a href=\"mailto:lucilia@unicentro.br\">lucilia@unicentro.br<\/a><\/p>\n<p>Caroline Rech (Representante Discente)<br \/>\ne-mail: <a href=\"mailto:caroline_rech@outlook.com\">caroline_rech@outlook.com<\/a><\/p>\n","protected":false},"excerpt":{"rendered":"<p>COMISS\u00c3O DE AUTO-AVALIA\u00c7\u00c3O Prof. Dr. Renato Vasconcelos Botelho (Presidente da Comiss\u00e3o) e-mail: rbotelho@unicentro.br Prof. Dr. Leandro Rampim (Representante Docente) e-mail: lrampim@unicentro.br Prof\u00aa. Dr\u00aa. Cacilda Marcia Duarte Rios Faria (Representante Docente) e-mail: criosfaria@hotmail.com Lucilia da Rosa de Lima (Representante Funcion\u00e1rio) e-mail: lucilia@unicentro.br Caroline Rech (Representante Discente) e-mail: caroline_rech@outlook.com<\/p>\n","protected":false},"author":3,"featured_media":0,"parent":15,"menu_order":0,"comment_status":"closed","ping_status":"closed","template":"","meta":{"_exactmetrics_skip_tracking":false,"_exactmetrics_sitenote_active":false,"_exactmetrics_sitenote_note":"","_exactmetrics_sitenote_category":0,"footnotes":"","_links_to":"","_links_to_target":""},"class_list":["post-26","page","type-page","status-publish","hentry"],"_links":{"self":[{"href":"https:\/\/www3.unicentro.br\/ppga\/wp-json\/wp\/v2\/pages\/26","targetHints":{"allow":["GET"]}}],"collection":[{"href":"https:\/\/www3.unicentro.br\/ppga\/wp-json\/wp\/v2\/pages"}],"about":[{"href":"https:\/\/www3.unicentro.br\/ppga\/wp-json\/wp\/v2\/types\/page"}],"author":[{"embeddable":true,"href":"https:\/\/www3.unicentro.br\/ppga\/wp-json\/wp\/v2\/users\/3"}],"replies":[{"embeddable":true,"href":"https:\/\/www3.unicentro.br\/ppga\/wp-json\/wp\/v2\/comments?post=26"}],"version-history":[{"count":0,"href":"https:\/\/www3.unicentro.br\/ppga\/wp-json\/wp\/v2\/pages\/26\/revisions"}],"up":[{"embeddable":true,"href":"https:\/\/www3.unicentro.br\/ppga\/wp-json\/wp\/v2\/pages\/15"}],"wp:attachment":[{"href":"https:\/\/www3.unicentro.br\/ppga\/wp-json\/wp\/v2\/media?parent=26"}],"curies":[{"name":"wp","href":"https:\/\/api.w.org\/{rel}","templated":true}]}}