{"id":151,"date":"2023-05-23T16:47:23","date_gmt":"2023-05-23T19:47:23","guid":{"rendered":"https:\/\/www3.unicentro.br\/ppga\/?page_id=151"},"modified":"2023-07-01T13:39:46","modified_gmt":"2023-07-01T16:39:46","slug":"galeria-de-fotos","status":"publish","type":"page","link":"https:\/\/www3.unicentro.br\/ppga\/galeria-de-fotos\/","title":{"rendered":"Galeria de fotos"},"content":{"rendered":"<div class=\"wpb-content-wrapper\"><p>[vc_row][vc_column width=&#8221;1\/3&#8243;][vc_single_image image=&#8221;696&#8243; img_size=&#8221;300&#215;275&#8243; onclick=&#8221;img_link_large&#8221; img_link_target=&#8221;_blank&#8221; title=&#8221;Posse da Coordena\u00e7\u00e3o do PPGA &#8211; Gest\u00e3o 2023-2025&#8243;][\/vc_column][vc_column width=&#8221;1\/3&#8243;][vc_images_carousel images=&#8221;495,497,502,500,503,504,501,496,498,494&#8243; img_size=&#8221;300&#215;300&#8243; speed=&#8221;2000&#8243; autoplay=&#8221;yes&#8221; title=&#8221;Fotos da capa&#8221;][\/vc_column][vc_column width=&#8221;1\/3&#8243;][\/vc_column][\/vc_row]<\/p>\n<\/div>","protected":false},"excerpt":{"rendered":"<p>[vc_row][vc_column width=&#8221;1\/3&#8243;][vc_single_image image=&#8221;696&#8243; img_size=&#8221;300&#215;275&#8243; onclick=&#8221;img_link_large&#8221; img_link_target=&#8221;_blank&#8221; title=&#8221;Posse da Coordena\u00e7\u00e3o do PPGA &#8211; Gest\u00e3o 2023-2025&#8243;][\/vc_column][vc_column width=&#8221;1\/3&#8243;][vc_images_carousel images=&#8221;495,497,502,500,503,504,501,496,498,494&#8243; img_size=&#8221;300&#215;300&#8243; speed=&#8221;2000&#8243; autoplay=&#8221;yes&#8221; title=&#8221;Fotos da capa&#8221;][\/vc_column][vc_column width=&#8221;1\/3&#8243;][\/vc_column][\/vc_row]<\/p>\n","protected":false},"author":3,"featured_media":0,"parent":0,"menu_order":0,"comment_status":"closed","ping_status":"closed","template":"","meta":{"_exactmetrics_skip_tracking":false,"_exactmetrics_sitenote_active":false,"_exactmetrics_sitenote_note":"","_exactmetrics_sitenote_category":0,"footnotes":"","_links_to":"","_links_to_target":""},"class_list":["post-151","page","type-page","status-publish","hentry"],"_links":{"self":[{"href":"https:\/\/www3.unicentro.br\/ppga\/wp-json\/wp\/v2\/pages\/151","targetHints":{"allow":["GET"]}}],"collection":[{"href":"https:\/\/www3.unicentro.br\/ppga\/wp-json\/wp\/v2\/pages"}],"about":[{"href":"https:\/\/www3.unicentro.br\/ppga\/wp-json\/wp\/v2\/types\/page"}],"author":[{"embeddable":true,"href":"https:\/\/www3.unicentro.br\/ppga\/wp-json\/wp\/v2\/users\/3"}],"replies":[{"embeddable":true,"href":"https:\/\/www3.unicentro.br\/ppga\/wp-json\/wp\/v2\/comments?post=151"}],"version-history":[{"count":0,"href":"https:\/\/www3.unicentro.br\/ppga\/wp-json\/wp\/v2\/pages\/151\/revisions"}],"wp:attachment":[{"href":"https:\/\/www3.unicentro.br\/ppga\/wp-json\/wp\/v2\/media?parent=151"}],"curies":[{"name":"wp","href":"https:\/\/api.w.org\/{rel}","templated":true}]}}