{"id":38,"date":"2015-08-14T00:00:00","date_gmt":"2015-08-14T03:00:00","guid":{"rendered":"https:\/\/www3.unicentro.br\/pibid\/closed-8\/"},"modified":"2020-01-29T13:44:19","modified_gmt":"2020-01-29T16:44:19","slug":"formularios","status":"publish","type":"page","link":"https:\/\/www3.unicentro.br\/pibid\/formularios\/","title":{"rendered":"Formul\u00e1rios"},"content":{"rendered":"<div class=\"wpb-content-wrapper\"><p>[vc_row][vc_column][vc_column_text]<\/p>\n<table class=\" aligncenter\" style=\"width: 100%\" align=\"center\">\n<thead>\n<tr>\n<td style=\"text-align: center\"><strong>COORDENADOR<\/strong><\/td>\n<td style=\"text-align: center\"><strong>ACAD\u00caMICO<\/strong><\/td>\n<td style=\"text-align: center\"><strong>SUPERVISOR<\/strong><\/td>\n<\/tr>\n<\/thead>\n<tbody>\n<tr>\n<td style=\"text-align: center\"><\/td>\n<td style=\"text-align: center\"><a href=\"https:\/\/www2.unicentro.br\/pibid\/files\/2018\/09\/modelo-comunicado-desistencia.pdf\" target=\"_blank\" rel=\"noopener noreferrer\">MODELO 1 &#8211; COMUNICADO DE DESIST\u00caNCIA DE BOLSISTA<\/a><\/td>\n<td style=\"text-align: center\"><\/td>\n<\/tr>\n<tr>\n<td style=\"text-align: center\"><\/td>\n<td style=\"text-align: center\"><a href=\"https:\/\/www3.unicentro.br\/pibid\/wp-content\/uploads\/sites\/49\/2019\/04\/modelo-comunicado-desistencia-vaga.pdf\" target=\"_blank\" rel=\"noopener noreferrer\">MODELO 2 &#8211; COMUNICADO DE DESIST\u00caNCIA DE VAGA<\/a><\/td>\n<td style=\"text-align: center\"><\/td>\n<\/tr>\n<tr>\n<td style=\"text-align: center\"><\/td>\n<td style=\"text-align: center\"><a href=\"https:\/\/drive.google.com\/file\/d\/1RAwgeMiQVxMSXuPPUVDAdPTzyKOwA3kd\/view\">Dados do Projeto de Biologia<\/a><\/td>\n<td style=\"text-align: center\"><\/td>\n<\/tr>\n<tr>\n<td style=\"text-align: center\"><\/td>\n<td style=\"text-align: center\"><a href=\"https:\/\/drive.google.com\/drive\/folders\/11l3esRLhcIiHOg4heqyLhjn5sl8BG9_6\">Dados do Projeto de Educa\u00e7\u00e3o F\u00edsica<\/a><\/td>\n<td style=\"text-align: center\"><\/td>\n<\/tr>\n<tr>\n<td style=\"text-align: center\"><\/td>\n<td style=\"text-align: center\"><a href=\"https:\/\/drive.google.com\/drive\/folders\/1GEpW3LmFPWIbgk5FPm0GUnQIOTJlO4M3\">Dados do Projeto de Qu\u00edmica e F\u00edsica<\/a><\/td>\n<td style=\"text-align: center\"><\/td>\n<\/tr>\n<tr>\n<td style=\"text-align: center\"><\/td>\n<td style=\"text-align: center\"><a href=\"https:\/\/drive.google.com\/drive\/folders\/1RQFfEgr1ylozmfMFDykf5tMKtNj9dBr8\">Dados do Projeto de Pedagogia &#8211; Irati<\/a><\/td>\n<td style=\"text-align: center\"><\/td>\n<\/tr>\n<tr>\n<td style=\"text-align: center\"><\/td>\n<td style=\"text-align: center\"><a href=\"https:\/\/onedrive.live.com\/?authkey=%21AJ%2DVkHpfHfx%2DMjM&amp;id=ECFB2B9946FF7213%2111998&amp;cid=ECFB2B9946FF7213\">Dados do Projeto de Pedagogia &#8211; Santa Cruz<\/a><\/td>\n<td style=\"text-align: center\"><\/td>\n<\/tr>\n<tr>\n<td style=\"text-align: center\"><\/td>\n<td style=\"text-align: center\"><\/td>\n<td style=\"text-align: center\"><\/td>\n<\/tr>\n<tr>\n<td style=\"text-align: center\"><\/td>\n<td style=\"text-align: center\"><\/td>\n<td style=\"text-align: center\"><\/td>\n<\/tr>\n<tr>\n<td style=\"text-align: center\"><\/td>\n<td style=\"text-align: center\"><\/td>\n<td style=\"text-align: center\"><\/td>\n<\/tr>\n<tr>\n<td style=\"text-align: center\"><\/td>\n<td style=\"text-align: center\"><\/td>\n<td style=\"text-align: center\"><\/td>\n<\/tr>\n<\/tbody>\n<\/table>\n<div id=\"gtx-trans\">\n<div class=\"gtx-trans-icon\"><\/div>\n<\/div>\n<p>[\/vc_column_text][\/vc_column][\/vc_row]<\/p>\n<\/div>","protected":false},"excerpt":{"rendered":"<p>[vc_row][vc_column][vc_column_text] COORDENADOR ACAD\u00caMICO SUPERVISOR MODELO 1 &#8211; COMUNICADO DE DESIST\u00caNCIA DE BOLSISTA MODELO 2 &#8211; COMUNICADO DE DESIST\u00caNCIA DE VAGA Dados do Projeto de Biologia Dados do Projeto de Educa\u00e7\u00e3o F\u00edsica Dados do Projeto de Qu\u00edmica e F\u00edsica Dados do Projeto de Pedagogia &#8211; Irati Dados do Projeto de Pedagogia &#8211; Santa Cruz [\/vc_column_text][\/vc_column][\/vc_row]<\/p>\n","protected":false},"author":3,"featured_media":0,"parent":0,"menu_order":0,"comment_status":"closed","ping_status":"closed","template":"","meta":{"_exactmetrics_skip_tracking":false,"_exactmetrics_sitenote_active":false,"_exactmetrics_sitenote_note":"","_exactmetrics_sitenote_category":0,"footnotes":"","_links_to":"","_links_to_target":""},"class_list":["post-38","page","type-page","status-publish","hentry"],"_links":{"self":[{"href":"https:\/\/www3.unicentro.br\/pibid\/wp-json\/wp\/v2\/pages\/38","targetHints":{"allow":["GET"]}}],"collection":[{"href":"https:\/\/www3.unicentro.br\/pibid\/wp-json\/wp\/v2\/pages"}],"about":[{"href":"https:\/\/www3.unicentro.br\/pibid\/wp-json\/wp\/v2\/types\/page"}],"author":[{"embeddable":true,"href":"https:\/\/www3.unicentro.br\/pibid\/wp-json\/wp\/v2\/users\/3"}],"replies":[{"embeddable":true,"href":"https:\/\/www3.unicentro.br\/pibid\/wp-json\/wp\/v2\/comments?post=38"}],"version-history":[{"count":0,"href":"https:\/\/www3.unicentro.br\/pibid\/wp-json\/wp\/v2\/pages\/38\/revisions"}],"wp:attachment":[{"href":"https:\/\/www3.unicentro.br\/pibid\/wp-json\/wp\/v2\/media?parent=38"}],"curies":[{"name":"wp","href":"https:\/\/api.w.org\/{rel}","templated":true}]}}