{"id":33,"date":"2014-10-30T00:00:00","date_gmt":"2014-10-30T02:00:00","guid":{"rendered":"https:\/\/www3.unicentro.br\/pibid\/closed-3\/"},"modified":"2025-04-28T13:01:45","modified_gmt":"2025-04-28T16:01:45","slug":"como-participar","status":"publish","type":"page","link":"https:\/\/www3.unicentro.br\/pibid\/como-participar\/","title":{"rendered":"Como participar"},"content":{"rendered":"<h3 style=\"text-align: left\"><span style=\"font-size: 14pt\"><strong><span style=\"color: #000000\">Como participar do Programa Institucional de Inicia\u00e7\u00e3o \u00e0 Doc\u00eancia?<\/span><\/strong><\/span><\/h3>\n<p style=\"text-align: left\"><span style=\"color: #000000;font-size: 14pt\">Se voc\u00ea \u00e9 estudante de licenciatura e deseja fazer parte do<strong> Programa Institucional de Inicia\u00e7\u00e3o \u00e0 Doc\u00eancia (Pibid)<\/strong>, \u00e9 essencial acompanhar a publica\u00e7\u00e3o dos <strong>Editais de Abertura de Processo Seletivo<\/strong> para acad\u00eamicos bolsistas.<\/span><\/p>\n<p style=\"text-align: left\"><span style=\"color: #000000;font-size: 14pt\">Ao se inscrever, os acad\u00eamicos selecionados ter\u00e3o a oportunidade de atuar diretamente em escolas p\u00fablicas, desenvolvendo atividades did\u00e1tico-pedag\u00f3gicas sob orienta\u00e7\u00e3o de professores experientes. Al\u00e9m de contribuir para a qualidade da educa\u00e7\u00e3o b\u00e1sica, os bolsistas recebem um aux\u00edlio financeiro para viabilizar sua dedica\u00e7\u00e3o ao programa.<\/span><\/p>\n<p style=\"text-align: left\"><span style=\"color: #000000;font-size: 14pt\">\ud83d\udca1 <strong>Fique atento!<\/strong> As vagas e condi\u00e7\u00f5es podem variar a cada edi\u00e7\u00e3o do Pibid. Certifique-se de ler atentamente o edital vigente e cumprir os requisitos estabelecidos.<\/span><\/p>\n<p style=\"text-align: left\"><span style=\"color: #000000;font-size: 14pt\">\ud83d\udccc Para mais informa\u00e7\u00f5es, acesse a aba <strong><a style=\"color: #000000\" href=\"https:\/\/www3.unicentro.br\/pibid\/editais\/\">Editais<\/a><\/strong>\u00a0e acompanhe os lan\u00e7amentos!<\/span><\/p>\n<p style=\"text-align: left\">\n","protected":false},"excerpt":{"rendered":"<p>Como participar do Programa Institucional de Inicia\u00e7\u00e3o \u00e0 Doc\u00eancia? Se voc\u00ea \u00e9 estudante de licenciatura e deseja fazer parte do Programa Institucional de Inicia\u00e7\u00e3o \u00e0 Doc\u00eancia (Pibid), \u00e9 essencial acompanhar a publica\u00e7\u00e3o dos Editais de Abertura de Processo Seletivo para acad\u00eamicos bolsistas. Ao se inscrever, os acad\u00eamicos selecionados ter\u00e3o a oportunidade de atuar diretamente em [&hellip;]<\/p>\n","protected":false},"author":3,"featured_media":0,"parent":0,"menu_order":0,"comment_status":"closed","ping_status":"closed","template":"","meta":{"_exactmetrics_skip_tracking":false,"_exactmetrics_sitenote_active":false,"_exactmetrics_sitenote_note":"","_exactmetrics_sitenote_category":0,"footnotes":"","_links_to":"","_links_to_target":""},"class_list":["post-33","page","type-page","status-publish","hentry"],"_links":{"self":[{"href":"https:\/\/www3.unicentro.br\/pibid\/wp-json\/wp\/v2\/pages\/33","targetHints":{"allow":["GET"]}}],"collection":[{"href":"https:\/\/www3.unicentro.br\/pibid\/wp-json\/wp\/v2\/pages"}],"about":[{"href":"https:\/\/www3.unicentro.br\/pibid\/wp-json\/wp\/v2\/types\/page"}],"author":[{"embeddable":true,"href":"https:\/\/www3.unicentro.br\/pibid\/wp-json\/wp\/v2\/users\/3"}],"replies":[{"embeddable":true,"href":"https:\/\/www3.unicentro.br\/pibid\/wp-json\/wp\/v2\/comments?post=33"}],"version-history":[{"count":2,"href":"https:\/\/www3.unicentro.br\/pibid\/wp-json\/wp\/v2\/pages\/33\/revisions"}],"predecessor-version":[{"id":1388,"href":"https:\/\/www3.unicentro.br\/pibid\/wp-json\/wp\/v2\/pages\/33\/revisions\/1388"}],"wp:attachment":[{"href":"https:\/\/www3.unicentro.br\/pibid\/wp-json\/wp\/v2\/media?parent=33"}],"curies":[{"name":"wp","href":"https:\/\/api.w.org\/{rel}","templated":true}]}}