{"id":61,"date":"2018-06-20T08:51:33","date_gmt":"2018-06-20T11:51:33","guid":{"rendered":"https:\/\/www3.unicentro.br\/petquimica\/?page_id=61"},"modified":"2023-11-03T11:52:21","modified_gmt":"2023-11-03T14:52:21","slug":"grades-curriculares","status":"publish","type":"page","link":"https:\/\/www3.unicentro.br\/petquimica\/grades-curriculares\/","title":{"rendered":"Grades curriculares"},"content":{"rendered":"<div class=\"wpb-content-wrapper\"><p>[vc_row][vc_column][vc_column_text]<\/p>\n<p style=\"text-align: center\"><span style=\"font-size: 18pt;color: #800000\">Qu\u00edmica\u00a0<\/span><\/p>\n<p>[\/vc_column_text][\/vc_column][\/vc_row][vc_row][vc_column][vc_column_text]<\/p>\n<p style=\"text-align: justify\"><span style=\"font-size: 14pt;color: #000000\">\u00a0 <span style=\"font-size: 12pt\">Essa ci\u00eancia investiga, aprimora e controla a mat\u00e9ria, sua composi\u00e7\u00e3o, propriedades e transforma\u00e7\u00f5es. O profissional disp\u00f5e de um amplo mercado de trabalho, podendo atuar em ind\u00fastrias, laborat\u00f3rios, escolas e universidades.<\/span><\/span><\/p>\n<p style=\"text-align: justify\"><span style=\"font-size: 12pt;color: #000000\">\u00a0 \u00a0 \u00a0Durante todo o curso h\u00e1 um contato intenso e direto com disciplinas como F\u00edsica, Matem\u00e1tica e as quatro grandes \u00e1reas da qu\u00edmica (Anal\u00edtica, F\u00edsico-Qu\u00edmica, Inorg\u00e2nica e Org\u00e2nica). \u00c9 um curso din\u00e2mico envolvendo pr\u00e1ticas laboratoriais.<\/span><\/p>\n<p style=\"text-align: justify\"><span style=\"font-size: 12pt;color: #000000\">\u00a0 \u00a0 \u00a0O curso de qu\u00edmica na Unicentro \u00e9 ofertado no campus Cedeteg, possui dura\u00e7\u00e3o de 4 anos. A modalidade Bacharelado \u00e9 em per\u00edodo integral e a Licenciatura apenas no per\u00edodo noturno. Al\u00e9m da gradua\u00e7\u00e3o, a Unicentro tamb\u00e9m possui Mestrado e Doutorado na \u00e1rea de qu\u00edmica aplicada.<\/span><\/p>\n<p>[\/vc_column_text][\/vc_column][\/vc_row][vc_row][vc_column width=&#8221;1\/2&#8243;][vc_column_text]<\/p>\n<p style=\"text-align: center\"><span style=\"color: #800000;font-size: 18pt\">Modalidade bacharelado<\/span><\/p>\n<p>[\/vc_column_text][\/vc_column][vc_column width=&#8221;1\/2&#8243;][vc_column_text]<\/p>\n<p style=\"text-align: center\"><span style=\"font-size: 18pt;color: #800000\">Modalidade licenciatura\u00a0<\/span><\/p>\n<p>[\/vc_column_text][\/vc_column][\/vc_row][vc_row][vc_column width=&#8221;1\/2&#8243;][vc_column_text]<\/p>\n<p style=\"text-align: justify\"><span style=\"font-size: 14pt;color: #000000\">\u00a0 \u00a0 \u00a0<span style=\"font-size: 12pt\">O bacharel em Qu\u00edmica, no \u00e2mbito de suas atribui\u00e7\u00f5es, pode exercer diversas atividades de assessoria, consultoria, an\u00e1lises qu\u00edmicas, opera\u00e7\u00e3o de equipamentos, execu\u00e7\u00e3o de projetos, al\u00e9m de pesquisa e desenvolvimento de m\u00e9todos e produtos.<\/span><\/span><\/p>\n<p style=\"text-align: justify\"><span style=\"color: #000000;font-size: 12pt\">Para o download do Curriculo Pleno da modalidade bacharel clique <a style=\"color: #000000\" href=\"https:\/\/www3.unicentro.br\/proen\/wp-content\/uploads\/sites\/41\/2023\/03\/Quimica-Bac.-G.pdf\"><span style=\"color: #ad0c0c\">aqui<\/span><\/a>.<\/span><\/p>\n<p>[\/vc_column_text][\/vc_column][vc_column width=&#8221;1\/2&#8243;][vc_column_text]<\/p>\n<p style=\"text-align: justify\"><span style=\"font-size: 14pt;color: #000000\">\u00a0 \u00a0 \u00a0<span style=\"font-size: 12pt\">O licenciado em Qu\u00edmica tem forma\u00e7\u00e3o s\u00f3lida e abrangente em conte\u00fados dos diversos campos da Qu\u00edmica e prepara\u00e7\u00e3o adequada \u00e0 aplica\u00e7\u00e3o pedag\u00f3gica do conhecimento e experi\u00eancias de Qu\u00edmica, para atua\u00e7\u00e3o como docente e\/ou pesquisador na \u00e1rea de educa\u00e7\u00e3o. Algumas atribui\u00e7\u00f5es m\u00ednimas dos bachar\u00e9is tamb\u00e9m podem ser permitidas aos licenciados, desde que n\u00e3o envolvam produ\u00e7\u00e3o em n\u00edvel industrial.<\/span><\/span><\/p>\n<p style=\"text-align: justify\"><span style=\"color: #000000;font-size: 12pt\">Para o download do plano de ensino da modalidade licenciatura clique <span style=\"color: #ad1313\"><a style=\"color: #ad1313\" href=\"https:\/\/www3.unicentro.br\/petquimica\/wp-content\/uploads\/sites\/39\/2018\/08\/2018_PlanoDeEnsino_QGII_Licenciatura.pdf\">aqui<\/a><\/span>.<\/span><\/p>\n<p><span style=\"color: #000000;font-size: 12pt\">Para o download da grade curricular da modalidade licenciatura clique <span style=\"color: #ad1313\"><a style=\"color: #ad1313\" href=\"https:\/\/www2.unicentro.br\/proen\/files\/2017\/12\/Qu%C3%ADmica-Lic.-G.pdf?x34126\">aqui<\/a><\/span>.<\/span>[\/vc_column_text][\/vc_column][\/vc_row]<\/p>\n<\/div>","protected":false},"excerpt":{"rendered":"<p>[vc_row][vc_column][vc_column_text] Qu\u00edmica\u00a0 [\/vc_column_text][\/vc_column][\/vc_row][vc_row][vc_column][vc_column_text] \u00a0 Essa ci\u00eancia investiga, aprimora e controla a mat\u00e9ria, sua composi\u00e7\u00e3o, propriedades e transforma\u00e7\u00f5es. O profissional disp\u00f5e de um amplo mercado de trabalho, podendo atuar em ind\u00fastrias, laborat\u00f3rios, escolas e universidades. \u00a0 \u00a0 \u00a0Durante todo o curso h\u00e1 um contato intenso e direto com disciplinas como F\u00edsica, Matem\u00e1tica e as quatro grandes [&hellip;]<\/p>\n","protected":false},"author":3,"featured_media":0,"parent":0,"menu_order":0,"comment_status":"closed","ping_status":"closed","template":"","meta":{"_exactmetrics_skip_tracking":false,"_exactmetrics_sitenote_active":false,"_exactmetrics_sitenote_note":"","_exactmetrics_sitenote_category":0,"footnotes":"","_links_to":"","_links_to_target":""},"class_list":["post-61","page","type-page","status-publish","hentry"],"_links":{"self":[{"href":"https:\/\/www3.unicentro.br\/petquimica\/wp-json\/wp\/v2\/pages\/61","targetHints":{"allow":["GET"]}}],"collection":[{"href":"https:\/\/www3.unicentro.br\/petquimica\/wp-json\/wp\/v2\/pages"}],"about":[{"href":"https:\/\/www3.unicentro.br\/petquimica\/wp-json\/wp\/v2\/types\/page"}],"author":[{"embeddable":true,"href":"https:\/\/www3.unicentro.br\/petquimica\/wp-json\/wp\/v2\/users\/3"}],"replies":[{"embeddable":true,"href":"https:\/\/www3.unicentro.br\/petquimica\/wp-json\/wp\/v2\/comments?post=61"}],"version-history":[{"count":2,"href":"https:\/\/www3.unicentro.br\/petquimica\/wp-json\/wp\/v2\/pages\/61\/revisions"}],"predecessor-version":[{"id":1045,"href":"https:\/\/www3.unicentro.br\/petquimica\/wp-json\/wp\/v2\/pages\/61\/revisions\/1045"}],"wp:attachment":[{"href":"https:\/\/www3.unicentro.br\/petquimica\/wp-json\/wp\/v2\/media?parent=61"}],"curies":[{"name":"wp","href":"https:\/\/api.w.org\/{rel}","templated":true}]}}