{"id":45,"date":"2018-06-20T08:49:44","date_gmt":"2018-06-20T11:49:44","guid":{"rendered":"https:\/\/www3.unicentro.br\/petquimica\/?page_id=45"},"modified":"2020-07-04T13:45:43","modified_gmt":"2020-07-04T16:45:43","slug":"producao","status":"publish","type":"page","link":"https:\/\/www3.unicentro.br\/petquimica\/novidades\/producao\/","title":{"rendered":"Produ\u00e7\u00e3o"},"content":{"rendered":"<div class=\"wpb-content-wrapper\"><p>[vc_row][vc_column][vc_custom_heading text=&#8221;PRODU\u00c7\u00c3O DE MINICURSOS E MATERIAIS&#8221; font_container=&#8221;tag:h2|font_size:50|text_align:center|color:%23af0000&#8243; google_fonts=&#8221;font_family:Arimo%3Aregular%2Citalic%2C700%2C700italic|font_style:700%20bold%20regular%3A700%3Anormal&#8221;][\/vc_column][\/vc_row][vc_row][vc_column][vc_empty_space][\/vc_column][\/vc_row][vc_row][vc_column][vc_tta_tabs style=&#8221;modern&#8221; color=&#8221;black&#8221; spacing=&#8221;10&#8243; autoplay=&#8221;20&#8243; active_section=&#8221;1&#8243; pagination_style=&#8221;flat-round&#8221; pagination_color=&#8221;black&#8221; no_fill_content_area=&#8221;true&#8221;][vc_tta_section title=&#8221;Matem\u00e1tica b\u00e1sica&#8221; tab_id=&#8221;1535818629391-676ab062-a33a&#8221;][vc_column_text]<\/p>\n<p style=\"text-align: justify\"><span style=\"font-family: georgia, palatino, serif;font-size: 14pt;color: #000000\">Conhecendo as dificuldades com a matem\u00e1tica e unidades de medida da maior parte dos acad\u00eamicos que ingressam no curso, foi ofertado um minicurso de matem\u00e1tica b\u00e1sica, dividido em 3 m\u00f3dulos: algarismos significativos, polin\u00f4mios e an\u00e1lise dimensional.<\/span><\/p>\n<p style=\"text-align: justify\"><span style=\"font-family: georgia, palatino, serif;font-size: 14pt;color: #000000\">O material \u00e9 disponibilizado para consulta e estudo, nele \u00e9 apresentado resumos da parte te\u00f3rica, dicas para resolu\u00e7\u00e3o de exerc\u00edcios e tamb\u00e9m listas com exerc\u00edcios para fixa\u00e7\u00e3o.<\/span><\/p>\n<p><span style=\"font-family: georgia, palatino, serif\"><em><span style=\"font-size: 14pt;color: #000000\">Download material:<\/span><\/em><\/span><\/p>\n<p style=\"text-align: justify\"><span style=\"font-family: georgia, palatino, serif;font-size: 14pt;color: #b01212\"><a style=\"color: #b01212\" href=\"https:\/\/www3.unicentro.br\/petquimica\/wp-content\/uploads\/sites\/39\/2018\/07\/M\u00f3dulo-1-matem\u00e1tica-b\u00e1sica.pdf\">M\u00f3dulo 1 matem\u00e1tica b\u00e1sica &#8211; Algarismos significativos<\/a><\/span><\/p>\n<p style=\"text-align: justify\"><span style=\"font-family: georgia, palatino, serif;font-size: 14pt;color: #b01212\"><a style=\"color: #b01212\" href=\"https:\/\/www3.unicentro.br\/petquimica\/wp-content\/uploads\/sites\/39\/2018\/07\/M\u00f3dulo-2-matem\u00e1tica-b\u00e1sica-Polin\u00f4mios.pdf\">M\u00f3dulo 2 matem\u00e1tica b\u00e1sica &#8211; Polin\u00f4mios<\/a><\/span><\/p>\n<p style=\"text-align: justify\"><span style=\"font-family: georgia, palatino, serif;font-size: 14pt;color: #b01212\"><a style=\"color: #b01212\" href=\"https:\/\/www3.unicentro.br\/petquimica\/wp-content\/uploads\/sites\/39\/2018\/07\/M\u00f3dulo-3-matem\u00e1tica-b\u00e1sica-An\u00e1lise-Dimensional.pdf\">M\u00f3dulo 3 matem\u00e1tica b\u00e1sica &#8211; An\u00e1lise dimensional<\/a><\/span><\/p>\n<p>[\/vc_column_text][\/vc_tta_section][vc_tta_section title=&#8221;Software Avogadro&#8221; tab_id=&#8221;1535818629409-04b5c770-758b&#8221;][vc_column_text]<\/p>\n<p style=\"text-align: justify\"><span style=\"font-family: georgia, palatino, serif;color: #000000;font-size: 14pt\"> O Avogadro \u00e9 um software (gratuito) editor e visualizador de mol\u00e9culas projetado para uso entre plataformas em qu\u00edmica computacional, modelagem molecular, bioinform\u00e1tica, ci\u00eancia de materiais e \u00e1reas relacionadas. \u00d3timo para sanar o tipo de d\u00favida \u201c\u00c9 piramidal ou triangulo planar?\u201d, \u201cLinear ou angular?\u201d; al\u00e9m disso, o programa nos d\u00e1 informa\u00e7\u00f5es sobre a energia de liga\u00e7\u00e3o, a melhor geometria para determinada mol\u00e9cula, densidade de nuvem eletr\u00f4nica e v\u00e1rias outras ferramentas.<\/span><\/p>\n<p style=\"text-align: justify\"><span style=\"font-family: georgia, palatino, serif;color: #000000;font-size: 14pt\">O material \u00e9 disponibilizado para consulta e estudo, nele \u00e9 apresentado resumos da parte te\u00f3rica, dicas para resolu\u00e7\u00e3o de exerc\u00edcios e tamb\u00e9m listas com exerc\u00edcios para fixa\u00e7\u00e3o.<\/span><\/p>\n<p><em><span style=\"color: #000000;font-family: georgia, palatino, serif;font-size: 14pt\">Download material:<\/span><\/em><\/p>\n<p style=\"text-align: justify\"><span style=\"font-family: georgia, palatino, serif;color: #ad1818;font-size: 14pt\"><a style=\"color: #ad1818\" href=\"https:\/\/www3.unicentro.br\/petquimica\/wp-content\/uploads\/sites\/39\/2018\/08\/Avogadro.pdf\">Avogadro<\/a><\/span><\/p>\n<p>[\/vc_column_text][\/vc_tta_section][vc_tta_section title=&#8221;Calculadora cient\u00edfica&#8221; tab_id=&#8221;1535818878447-a3f68a35-d426&#8243;][vc_column_text]<\/p>\n<p style=\"text-align: justify\"><span style=\"font-family: georgia, palatino, serif;color: #000000;font-size: 14pt\">A calculadora cient\u00edfica \u00e9 a melhor amiga do universit\u00e1rio, por isso \u00e9 de devida import\u00e2ncia saber dos comandos b\u00e1sicos at\u00e9 os avan\u00e7ados para menor dificuldade na resolu\u00e7\u00e3o de exerc\u00edcios bem elaborados e cheios de n\u00fameros para an\u00e1lise.<\/span><\/p>\n<p style=\"text-align: justify\"><span style=\"font-family: georgia, palatino, serif;color: #000000;font-size: 14pt\">O material \u00e9 disponibilizado para consulta e estudo, nele \u00e9 apresentado resumos da parte te\u00f3rica, dicas para resolu\u00e7\u00e3o de exerc\u00edcios e tamb\u00e9m listas com exerc\u00edcios para fixa\u00e7\u00e3o.<\/span><\/p>\n<p><em><span style=\"color: #000000;font-size: 14pt;font-family: georgia, palatino, serif\">Download:<\/span><\/em><\/p>\n<p style=\"text-align: justify\"><span style=\"color: #ad1f1f;font-size: 14pt;font-family: georgia, palatino, serif\"><a style=\"color: #ad1f1f\" href=\"https:\/\/www3.unicentro.br\/petquimica\/wp-content\/uploads\/sites\/39\/2018\/08\/Calculadora-cient\u00edfica.pdf\">Calculadora cient\u00edfica<\/a><\/span><\/p>\n<p>[\/vc_column_text][\/vc_tta_section][vc_tta_section title=&#8221;Mendeley&#8221; tab_id=&#8221;1535819556650-8102b0b8-3192&#8243;][vc_column_text]<\/p>\n<p style=\"text-align: justify\"><span style=\"font-family: georgia, palatino, serif\"><span style=\"font-size: 14pt;color: #000000\">O software Mendeley tem como objetivo a facilita\u00e7\u00e3o da organiza\u00e7\u00e3o de refer\u00eancias em trabalhos, sendo ligado \u00e0s normas da ABNT e ainda vinculado ao Word. \u00c9<\/span><span style=\"font-size: 14pt;color: #000000\">\u00a0projetado para ajud\u00e1-lo a alcan\u00e7ar tr\u00eas objetivos principais:<\/span><\/span><\/p>\n<p style=\"text-align: justify\"><span style=\"font-size: 14pt;color: #000000;font-family: georgia, palatino, serif\"><b>Organize<\/b> suas refer\u00eancias, permitindo que voc\u00ea crie uma biblioteca pessoal de materiais e estruture-a como achar melhor. Ele pode ajudar voc\u00ea a acompanhar os diferentes artigos que est\u00e1 lendo, adicionando notas e destaques e lembrando-se de onde voc\u00ea chegou.<\/span><\/p>\n<p style=\"text-align: justify\"><span style=\"font-size: 14pt;color: #000000;font-family: georgia, palatino, serif\"><b>Colaborando<\/b> com os outros. Mendeley permite que voc\u00ea se junte a outros usu\u00e1rios para compartilhar refer\u00eancias e trocar id\u00e9ias. Voc\u00ea tamb\u00e9m pode usar grupos privados para compartilhar documentos de texto completo e para anotar colaborativamente. Voc\u00ea pode usar essa funcionalidade para trabalhar com pessoas que v\u00ea todos os dias ou usar os recursos sociais do Mendeley para encontrar pessoas com interesses semelhantes em todo o mundo.<\/span><\/p>\n<p style=\"text-align: justify\"><span style=\"font-size: 14pt;color: #000000;font-family: georgia, palatino, serif\"><b>Descobrir.<\/b> Al\u00e9m de ajudar voc\u00ea a descobrir novas pessoas para trabalhar, Mendeley tamb\u00e9m pode ajud\u00e1-lo a encontrar novas pesquisas publicadas em seu campo &#8211; e recomendar novas leituras com base no conte\u00fado de sua biblioteca pessoal.<\/span><\/p>\n<p><span style=\"font-size: 14pt;color: #000000;font-family: georgia, palatino, serif\"><em>Download material de apoio:<\/em><\/span><\/p>\n<p><span style=\"font-size: 14pt;color: #b01515;font-family: georgia, palatino, serif\"><a style=\"color: #b01515\" href=\"https:\/\/www3.unicentro.br\/petquimica\/wp-content\/uploads\/sites\/39\/2018\/09\/Software-Mendeley-.pdf\">Software Mendeley<\/a><\/span>[\/vc_column_text][\/vc_tta_section][vc_tta_section title=&#8221;Gr\u00e1fico em papel milimetrado&#8221; tab_id=&#8221;1535820110558-ba3b0ac1-0f9e&#8221;][vc_column_text]<\/p>\n<p style=\"text-align: justify\"><span style=\"font-family: georgia, palatino, serif;color: #000000\"><span style=\"font-size: 14pt\">Atualmente, \u00e9 quase imposs\u00edvel imaginar alguma \u00e1rea da ci\u00eancia ou\u00a0<\/span><span style=\"font-size: 14pt\">tecnologia em que a constru\u00e7\u00e3o de gr\u00e1ficos n\u00e3o seja necess\u00e1rio.\u00a0<\/span><span style=\"font-size: 14pt\">Na disciplina de F\u00edsica Experimental \u00e9 indispens\u00e1vel o conhecimento e\u00a0<\/span><span style=\"font-size: 14pt\">o dom\u00ednio do conte\u00fado deste assunto.\u00a0<\/span><span style=\"font-size: 14pt\">Entre os diversos recursos \u00e0 disposi\u00e7\u00e3o dos pesquisadores para o\u00a0<\/span><span style=\"font-size: 14pt\">desenvolvimento da ci\u00eancia, sem d\u00favida alguma, os gr\u00e1ficos ocupam uma\u00a0<\/span><span style=\"font-size: 14pt\">posi\u00e7\u00e3o de destaque. Em vez de olhar para uma tabela com um conjunto de\u00a0<\/span><span style=\"font-size: 14pt\">medidas realizadas, o cientista olha para o gr\u00e1fico tra\u00e7ado a partir dessas\u00a0<\/span><span style=\"font-size: 14pt\">medidas e percebe o comportamento geral das grandezas f\u00edsicas\u00a0<\/span><span style=\"font-size: 14pt\">envolvidas naquela particular medi\u00e7\u00e3o.<\/span><\/span><\/p>\n<p><span style=\"font-size: 14pt;font-family: georgia, palatino, serif;color: #000000\"><em>Download material:<\/em><\/span><\/p>\n<p><span style=\"color: #ab1f1f;font-size: 14pt\"><a style=\"color: #ab1f1f\" href=\"https:\/\/www3.unicentro.br\/petquimica\/wp-content\/uploads\/sites\/39\/2018\/09\/Apostila-Minicurso-De-Gr\u00e1fico-Em-Papel-Milimetrado.pdf\">Gr\u00e1fico em papel milimetrado<\/a><\/span>[\/vc_column_text][\/vc_tta_section][vc_tta_section title=&#8221;Curr\u00edculo Lattes&#8221; tab_id=&#8221;1535820422549-5b9808e3-1503&#8243;][vc_column_text]<\/p>\n<p style=\"text-align: justify\"><span style=\"font-family: georgia, palatino, serif\"><span style=\"font-size: 14pt;color: #000000\">O Sistema CV-Lattes \u00e9 o componente da Plataforma Lattes desenvolvido para o\u00a0<\/span><span style=\"font-size: 14pt;color: #000000\">CNPq e utilizado por MCT, FINEP, CAPES\/MEC e por todos os atores\u00a0<\/span><span style=\"font-size: 14pt;color: #000000\">institucionais bem como pela comunidade cient\u00edfica brasileira como sistema de\u00a0<\/span><span style=\"font-size: 14pt;color: #000000\">informa\u00e7\u00e3o curricular.<\/span><\/span><\/p>\n<p><span style=\"font-size: 14pt;color: #000000;font-family: georgia, palatino, serif\"><em>Download material:<\/em><\/span><\/p>\n<p><span style=\"font-size: 14pt;font-family: georgia, palatino, serif\"><span style=\"color: #ab1b1b\"><a style=\"color: #ab1b1b\" href=\"https:\/\/www3.unicentro.br\/petquimica\/wp-content\/uploads\/sites\/39\/2018\/09\/Apostila-lattes-minicurso.pdf\">Curr\u00edculo Lattes<\/a><\/span><\/span>[\/vc_column_text][\/vc_tta_section][vc_tta_section title=&#8221;Cursinho&#8221; tab_id=&#8221;1535820801390-773acfc2-f01f&#8221;][vc_column_text]<\/p>\n<p style=\"text-align: justify\"><span style=\"color: #000000;font-size: 14pt;font-family: georgia, palatino, serif\">Um dos projetos do grupo PET Qu\u00edmica \u00e9 o cursinho ofertado \u00e0s escolas mais carentes da regi\u00e3o, aqui encontram-se alguns dos materiais confeccionados pelos pr\u00f3prios membros.<\/span><\/p>\n<p><span style=\"font-size: 14pt;color: #000000;font-family: georgia, palatino, serif\"><em>Download:<\/em><\/span><\/p>\n<p><span style=\"font-size: 14pt;color: #ab2020;font-family: georgia, palatino, serif\"><a style=\"color: #ab2020\" href=\"https:\/\/www3.unicentro.br\/petquimica\/wp-content\/uploads\/sites\/39\/2018\/09\/Termoqu\u00edmica.pdf\">Termoqu\u00edmica<\/a><\/span><\/p>\n<p><span style=\"font-size: 14pt;color: #ab2020;font-family: georgia, palatino, serif\"><a style=\"color: #ab2020\" href=\"https:\/\/www3.unicentro.br\/petquimica\/wp-content\/uploads\/sites\/39\/2018\/09\/Cin\u00e9tica-Qu\u00edmica-Apostila.pdf\">Cin\u00e9tica Qu\u00edmica<\/a><\/span><\/p>\n<p><span style=\"font-size: 14pt;color: #ab2020;font-family: georgia, palatino, serif\"><a style=\"color: #ab2020\" href=\"https:\/\/www3.unicentro.br\/petquimica\/wp-content\/uploads\/sites\/39\/2018\/09\/Material-equil\u00edbrio-qu\u00edmico.pdf\">Equil\u00edbrio qu\u00edmico<\/a><\/span><\/p>\n<p><span style=\"font-size: 14pt;color: #ab2020;font-family: georgia, palatino, serif\"><a style=\"color: #ab2020\" href=\"https:\/\/www3.unicentro.br\/petquimica\/wp-content\/uploads\/sites\/39\/2018\/09\/Material-qu\u00edmica-org\u00e2nica.pdf\">Qu\u00edmica org\u00e2nica<\/a><\/span><\/p>\n<p><span style=\"font-size: 14pt;color: #ab2020;font-family: georgia, palatino, serif\"><a style=\"color: #ab2020\" href=\"https:\/\/www3.unicentro.br\/petquimica\/wp-content\/uploads\/sites\/39\/2018\/09\/Qu\u00edmica-Ambiental-Apostila-1.pdf\">Qu\u00edmica ambiental<\/a><\/span>[\/vc_column_text][\/vc_tta_section][vc_tta_section title=&#8221;ChemSketch&#8221; tab_id=&#8221;1588175350276-cd1532d0-20e1&#8243;][vc_column_text]<\/p>\n<p style=\"text-align: justify\"><span style=\"font-size: 14pt;color: #000000\">O ChemSketch \u00e9 um software para montagem de mol\u00e9culas org\u00e2nicas e inorg\u00e2nicas, al\u00e9m de possibilitar a visualiza\u00e7\u00e3o em 3D delas. \u00c9 um software com diversas ferramentas que no presente material algumas delas ser\u00e3o apresentadas.<\/span><\/p>\n<p><span style=\"font-size: 14pt;color: #000000;font-family: georgia, palatino, serif\"><em>Download material:<\/em><\/span><\/p>\n<p><span style=\"font-family: georgia, palatino, serif;font-size: 14pt;color: #800000\"><a style=\"color: #800000\" href=\"https:\/\/www3.unicentro.br\/petquimica\/wp-content\/uploads\/sites\/39\/2020\/04\/Material-chemsketch.pdf\">Material chemsketch<\/a><\/span>[\/vc_column_text][\/vc_tta_section][\/vc_tta_tabs][\/vc_column][\/vc_row]<\/p>\n<\/div>","protected":false},"excerpt":{"rendered":"<p>[vc_row][vc_column][vc_custom_heading text=&#8221;PRODU\u00c7\u00c3O DE MINICURSOS E MATERIAIS&#8221; font_container=&#8221;tag:h2|font_size:50|text_align:center|color:%23af0000&#8243; google_fonts=&#8221;font_family:Arimo%3Aregular%2Citalic%2C700%2C700italic|font_style:700%20bold%20regular%3A700%3Anormal&#8221;][\/vc_column][\/vc_row][vc_row][vc_column][vc_empty_space][\/vc_column][\/vc_row][vc_row][vc_column][vc_tta_tabs style=&#8221;modern&#8221; color=&#8221;black&#8221; spacing=&#8221;10&#8243; autoplay=&#8221;20&#8243; active_section=&#8221;1&#8243; pagination_style=&#8221;flat-round&#8221; pagination_color=&#8221;black&#8221; no_fill_content_area=&#8221;true&#8221;][vc_tta_section title=&#8221;Matem\u00e1tica b\u00e1sica&#8221; tab_id=&#8221;1535818629391-676ab062-a33a&#8221;][vc_column_text] Conhecendo as dificuldades com a matem\u00e1tica e unidades de medida da maior parte dos acad\u00eamicos que ingressam no curso, foi ofertado um minicurso de matem\u00e1tica b\u00e1sica, dividido em 3 m\u00f3dulos: algarismos significativos, polin\u00f4mios e an\u00e1lise dimensional. [&hellip;]<\/p>\n","protected":false},"author":3,"featured_media":0,"parent":31,"menu_order":0,"comment_status":"closed","ping_status":"closed","template":"","meta":{"_exactmetrics_skip_tracking":false,"_exactmetrics_sitenote_active":false,"_exactmetrics_sitenote_note":"","_exactmetrics_sitenote_category":0,"footnotes":"","_links_to":"","_links_to_target":""},"class_list":["post-45","page","type-page","status-publish","hentry"],"_links":{"self":[{"href":"https:\/\/www3.unicentro.br\/petquimica\/wp-json\/wp\/v2\/pages\/45","targetHints":{"allow":["GET"]}}],"collection":[{"href":"https:\/\/www3.unicentro.br\/petquimica\/wp-json\/wp\/v2\/pages"}],"about":[{"href":"https:\/\/www3.unicentro.br\/petquimica\/wp-json\/wp\/v2\/types\/page"}],"author":[{"embeddable":true,"href":"https:\/\/www3.unicentro.br\/petquimica\/wp-json\/wp\/v2\/users\/3"}],"replies":[{"embeddable":true,"href":"https:\/\/www3.unicentro.br\/petquimica\/wp-json\/wp\/v2\/comments?post=45"}],"version-history":[{"count":0,"href":"https:\/\/www3.unicentro.br\/petquimica\/wp-json\/wp\/v2\/pages\/45\/revisions"}],"up":[{"embeddable":true,"href":"https:\/\/www3.unicentro.br\/petquimica\/wp-json\/wp\/v2\/pages\/31"}],"wp:attachment":[{"href":"https:\/\/www3.unicentro.br\/petquimica\/wp-json\/wp\/v2\/media?parent=45"}],"curies":[{"name":"wp","href":"https:\/\/api.w.org\/{rel}","templated":true}]}}