{"id":37,"date":"2018-09-13T09:28:35","date_gmt":"2018-09-13T12:28:35","guid":{"rendered":"https:\/\/www3.unicentro.br\/petletras\/?page_id=37"},"modified":"2026-03-28T18:08:59","modified_gmt":"2026-03-28T21:08:59","slug":"integrantes","status":"publish","type":"page","link":"https:\/\/www3.unicentro.br\/petletras\/pet\/integrantes\/","title":{"rendered":"Integrantes"},"content":{"rendered":"<div class=\"wpb-content-wrapper\"><p>[vc_row][vc_column][vc_column_text css=&#8221;&#8221;]<\/p>\n<p style=\"text-align: center\"><strong><span style=\"font-size: 18pt\"><span style=\"font-size: 24pt\">Petianas e Petianos 2026\u00a0 \u00a0<\/span> \u00a0 <\/span><\/strong><\/p>\n<p>[\/vc_column_text][vc_column_text css=&#8221;&#8221;]<strong>Petiana Ana Gabrieli Ferreira Martins<\/strong><\/p>\n<div class=\"wp-block-image\"><img loading=\"lazy\" decoding=\"async\" class=\"wpa-warning wpa-image-missing-alt  wp-image-889 alignright\" src=\"https:\/\/www3.unicentro.br\/petletras\/wp-content\/uploads\/sites\/55\/2026\/03\/WhatsApp-Image-2026-03-28-at-18.00.44-251x300.jpeg\" alt=\"\" width=\"179\" height=\"214\" data-warning=\"Texto alternativo ausente\" srcset=\"https:\/\/www3.unicentro.br\/petletras\/wp-content\/uploads\/sites\/55\/2026\/03\/WhatsApp-Image-2026-03-28-at-18.00.44-251x300.jpeg 251w, https:\/\/www3.unicentro.br\/petletras\/wp-content\/uploads\/sites\/55\/2026\/03\/WhatsApp-Image-2026-03-28-at-18.00.44-255x305.jpeg 255w, https:\/\/www3.unicentro.br\/petletras\/wp-content\/uploads\/sites\/55\/2026\/03\/WhatsApp-Image-2026-03-28-at-18.00.44.jpeg 720w\" sizes=\"auto, (max-width: 179px) 100vw, 179px\" \/><\/div>\n<p>\u00c1rea de Pesquisa: Literatura<\/p>\n<p>Palavra favorita: Viela<\/p>\n<p>E-mail para contato: anagabb002@gmail.com<\/p>\n<p>Categoria: Bolsista<\/p>\n<p>Acad\u00eamica do 1\u00ba ano de Letras Portugu\u00eas.[\/vc_column_text][vc_separator color=&#8221;black&#8221;][\/vc_column][\/vc_row][vc_row][vc_column][vc_column_text css=&#8221;&#8221;]<strong>Petiana Bruna Carolina Dalcomuni F. de Abreu<\/strong><\/p>\n<p>&nbsp;<\/p>\n<p>\u00c1rea de Pesquisa:<\/p>\n<p>E-mail para contato:<\/p>\n<p>Categoria: Bolsista[\/vc_column_text][vc_separator color=&#8221;black&#8221; css=&#8221;&#8221;][vc_column_text css=&#8221;&#8221;]<strong>Petiana Carolyne<\/strong><\/p>\n<p><img loading=\"lazy\" decoding=\"async\" class=\" wp-image-484 alignright\" src=\"https:\/\/www3.unicentro.br\/petletras\/wp-content\/uploads\/sites\/55\/2023\/10\/WhatsApp-Image-2023-10-17-at-15.44.01-195x300.jpeg\" alt=\"\" width=\"134\" height=\"206\"><\/p>\n<p>\u00c1rea de Pesquisa:<\/p>\n<p>E-mail para contato:<\/p>\n<p>Categoria: Bolsista[\/vc_column_text][vc_separator color=&#8221;black&#8221; css=&#8221;&#8221;][vc_column_text css=&#8221;&#8221;]<strong>Petiana Elisa Caldas Fonseca<\/strong><\/p>\n<p>&nbsp;<\/p>\n<p>\u00c1rea de Pesquisa:<\/p>\n<p>E-mail para contato:<\/p>\n<p>Categoria: Bolsista[\/vc_column_text][vc_separator color=&#8221;black&#8221; css=&#8221;&#8221;][vc_column_text css=&#8221;&#8221;]<strong>Petiana Eva<\/strong><\/p>\n<p><img loading=\"lazy\" decoding=\"async\" class=\" wp-image-484 alignright\" src=\"https:\/\/www3.unicentro.br\/petletras\/wp-content\/uploads\/sites\/55\/2023\/10\/WhatsApp-Image-2023-10-17-at-15.44.01-195x300.jpeg\" alt=\"\" width=\"134\" height=\"206\"><\/p>\n<p>\u00c1rea de Pesquisa:<\/p>\n<p>E-mail para contato:<\/p>\n<p>Categoria: Bolsista[\/vc_column_text][vc_separator color=&#8221;black&#8221; css=&#8221;&#8221;][vc_column_text css=&#8221;&#8221;]<strong>Petiana Gustavo de Abreu Dalcomuni<\/strong><\/p>\n<p>&nbsp;<\/p>\n<p>\u00c1rea de Pesquisa:<\/p>\n<p>E-mail para contato:<\/p>\n<p>Categoria: Bolsista[\/vc_column_text][vc_separator color=&#8221;black&#8221; css=&#8221;&#8221;][vc_column_text css=&#8221;&#8221;]<strong>Petiana Hannah<\/strong><\/p>\n<p><img loading=\"lazy\" decoding=\"async\" class=\" wp-image-484 alignright\" src=\"https:\/\/www3.unicentro.br\/petletras\/wp-content\/uploads\/sites\/55\/2023\/10\/WhatsApp-Image-2023-10-17-at-15.44.01-195x300.jpeg\" alt=\"\" width=\"134\" height=\"206\"><\/p>\n<p>\u00c1rea de Pesquisa:<\/p>\n<p>E-mail para contato:<\/p>\n<p>Categoria: Bolsista[\/vc_column_text][vc_separator color=&#8221;black&#8221; css=&#8221;&#8221;][vc_column_text css=&#8221;&#8221;]<strong>Petiana Hellen Oliveira<\/strong><\/p>\n<div class=\"wp-block-image\"><img loading=\"lazy\" decoding=\"async\" class=\"wpa-warning wpa-image-missing-alt wp-image-872 alignright\" src=\"https:\/\/www3.unicentro.br\/petletras\/wp-content\/uploads\/sites\/55\/2026\/03\/Captura-de-tela-2026-03-24-141451-300x300.jpg\" alt=\"\" width=\"172\" height=\"172\" data-warning=\"Texto alternativo ausente\" srcset=\"https:\/\/www3.unicentro.br\/petletras\/wp-content\/uploads\/sites\/55\/2026\/03\/Captura-de-tela-2026-03-24-141451-300x300.jpg 300w, https:\/\/www3.unicentro.br\/petletras\/wp-content\/uploads\/sites\/55\/2026\/03\/Captura-de-tela-2026-03-24-141451-150x150.jpg 150w, https:\/\/www3.unicentro.br\/petletras\/wp-content\/uploads\/sites\/55\/2026\/03\/Captura-de-tela-2026-03-24-141451-768x771.jpg 768w, https:\/\/www3.unicentro.br\/petletras\/wp-content\/uploads\/sites\/55\/2026\/03\/Captura-de-tela-2026-03-24-141451-50x50.jpg 50w, https:\/\/www3.unicentro.br\/petletras\/wp-content\/uploads\/sites\/55\/2026\/03\/Captura-de-tela-2026-03-24-141451-80x80.jpg 80w, https:\/\/www3.unicentro.br\/petletras\/wp-content\/uploads\/sites\/55\/2026\/03\/Captura-de-tela-2026-03-24-141451-263x263.jpg 263w, https:\/\/www3.unicentro.br\/petletras\/wp-content\/uploads\/sites\/55\/2026\/03\/Captura-de-tela-2026-03-24-141451-100x100.jpg 100w, https:\/\/www3.unicentro.br\/petletras\/wp-content\/uploads\/sites\/55\/2026\/03\/Captura-de-tela-2026-03-24-141451-526x526.jpg 526w, https:\/\/www3.unicentro.br\/petletras\/wp-content\/uploads\/sites\/55\/2026\/03\/Captura-de-tela-2026-03-24-141451-255x256.jpg 255w, https:\/\/www3.unicentro.br\/petletras\/wp-content\/uploads\/sites\/55\/2026\/03\/Captura-de-tela-2026-03-24-141451.jpg 797w\" sizes=\"auto, (max-width: 172px) 100vw, 172px\" \/><\/div>\n<p>&nbsp;<\/p>\n<p>\u00c1rea de Pesquisa: Literatura<\/p>\n<p>Palavra favorita: Prache<\/p>\n<p>E-mail para contato: hellenoliveira@unicentro.br<\/p>\n<p>Categoria: Volunt\u00e1rio<\/p>\n<p>Acad\u00eamica do 4\u00ba ano de Letras Portugu\u00eas. Pesquisa na \u00e1rea de literatura brasileira escrita de mulheres e quest\u00f5es de g\u00eanero, pelo ponto de vista da Judith Butler.<\/p>\n<p>&nbsp;[\/vc_column_text][vc_separator color=&#8221;black&#8221; css=&#8221;&#8221;][vc_column_text css=&#8221;&#8221;]<strong>Petiana Julie Keity Bruk Ferreira<\/strong><\/p>\n<p>\u00c1rea de Pesquisa:<\/p>\n<p>Palavra favorita:<\/p>\n<p>E-mail para contato:<\/p>\n<p>Categoria: Bolsista<\/p>\n<p>&nbsp;[\/vc_column_text][vc_separator color=&#8221;black&#8221; css=&#8221;&#8221;][vc_column_text css=&#8221;&#8221;]<strong>Petiana Ketlin Vict\u00f3ria Siqueira Loures<\/strong><\/p>\n<p>\u00c1rea de Pesquisa:<\/p>\n<p>Palavra favorita:<\/p>\n<p>E-mail para contato:<\/p>\n<p>Categoria: Bolsista<\/p>\n<p>&nbsp;[\/vc_column_text][vc_separator color=&#8221;black&#8221; css=&#8221;&#8221;][vc_column_text css=&#8221;&#8221;]<strong>Petiana Laura Nicolau Demazuk<\/strong><\/p>\n<div class=\"wp-block-image\"><img loading=\"lazy\" decoding=\"async\" class=\"wpa-warning wpa-image-missing-alt wp-image-886 alignright\" src=\"https:\/\/www3.unicentro.br\/petletras\/wp-content\/uploads\/sites\/55\/2026\/03\/WhatsApp-Image-2026-03-28-at-17.45.15-254x300.jpeg\" alt=\"\" width=\"151\" height=\"178\" data-warning=\"Texto alternativo ausente\" srcset=\"https:\/\/www3.unicentro.br\/petletras\/wp-content\/uploads\/sites\/55\/2026\/03\/WhatsApp-Image-2026-03-28-at-17.45.15-254x300.jpeg 254w, https:\/\/www3.unicentro.br\/petletras\/wp-content\/uploads\/sites\/55\/2026\/03\/WhatsApp-Image-2026-03-28-at-17.45.15-255x301.jpeg 255w, https:\/\/www3.unicentro.br\/petletras\/wp-content\/uploads\/sites\/55\/2026\/03\/WhatsApp-Image-2026-03-28-at-17.45.15.jpeg 720w\" sizes=\"auto, (max-width: 151px) 100vw, 151px\" \/><\/div>\n<p>\u00c1rea de Pesquisa: Literatura<\/p>\n<p>E-mail para contato: lnicolaudemczuk@gmail.com<\/p>\n<p>Categoria: Bolsista<\/p>\n<p>Acad\u00eamica do 1\u00ba ano de Letras Portugu\u00eas.<\/p>\n<p>&nbsp;[\/vc_column_text][vc_separator color=&#8221;black&#8221; css=&#8221;&#8221;][vc_column_text css=&#8221;&#8221;]<strong>Petiana Larissa Aparecida de Lima Dutka<\/strong><\/p>\n<p>\u00c1rea de Pesquisa:<\/p>\n<p>Palavra favorita:<\/p>\n<p>E-mail para contato:<\/p>\n<p>Categoria: Bolsista<\/p>\n<p>&nbsp;[\/vc_column_text][vc_separator color=&#8221;black&#8221; css=&#8221;&#8221;][vc_column_text css=&#8221;&#8221;]<strong>Petiana Maria Eduarda Dalcomuni F. de Abreu<\/strong><\/p>\n<p>\u00c1rea de Pesquisa: Literatura<\/p>\n<p>Palavra favorita:<\/p>\n<p>E-mail para contato:<\/p>\n<p>Categoria: Bolsista[\/vc_column_text][vc_separator color=&#8221;black&#8221; css=&#8221;&#8221;][vc_column_text css=&#8221;&#8221;]<strong>Petiana Muana Dias Rodrigues<\/strong><\/p>\n<p>\u00c1rea de Pesquisa:<\/p>\n<p>Palavra favorita:<\/p>\n<p>E-mail para contato:<\/p>\n<p>Categoria: Bolsista<\/p>\n<p>&nbsp;[\/vc_column_text][vc_separator color=&#8221;black&#8221; css=&#8221;&#8221;][vc_column_text css=&#8221;&#8221;]<strong>Petiana Vanessa<\/strong><\/p>\n<p>\u00c1rea de Pesquisa:<\/p>\n<p>Palavra favorita:<\/p>\n<p>E-mail para contato:<\/p>\n<p>Categoria: Bolsista<\/p>\n<p>&nbsp;[\/vc_column_text][vc_separator color=&#8221;black&#8221; css=&#8221;&#8221;][vc_column_text css=&#8221;&#8221;]<strong>Petiana Vitor Manoel Stecker Gomes<\/strong><\/p>\n<p>\u00c1rea de Pesquisa:<\/p>\n<p>Palavra favorita:<\/p>\n<p>E-mail para contato:<\/p>\n<p>Categoria: Bolsista[\/vc_column_text][vc_separator color=&#8221;black&#8221; css=&#8221;&#8221;][\/vc_column][\/vc_row]<\/p>\n<\/div>","protected":false},"excerpt":{"rendered":"<p>[vc_row][vc_column][vc_column_text css=&#8221;&#8221;] Petianas e Petianos 2026\u00a0 \u00a0 \u00a0 [\/vc_column_text][vc_column_text css=&#8221;&#8221;]Petiana Ana Gabrieli Ferreira Martins \u00c1rea de Pesquisa: Literatura Palavra favorita: Viela E-mail para contato: anagabb002@gmail.com Categoria: Bolsista Acad\u00eamica do 1\u00ba ano de Letras Portugu\u00eas.[\/vc_column_text][vc_separator color=&#8221;black&#8221;][\/vc_column][\/vc_row][vc_row][vc_column][vc_column_text css=&#8221;&#8221;]Petiana Bruna Carolina Dalcomuni F. de Abreu &nbsp; \u00c1rea de Pesquisa: E-mail para contato: Categoria: Bolsista[\/vc_column_text][vc_separator color=&#8221;black&#8221; css=&#8221;&#8221;][vc_column_text css=&#8221;&#8221;]Petiana Carolyne [&hellip;]<\/p>\n","protected":false},"author":3,"featured_media":0,"parent":31,"menu_order":0,"comment_status":"closed","ping_status":"closed","template":"","meta":{"_exactmetrics_skip_tracking":false,"_exactmetrics_sitenote_active":false,"_exactmetrics_sitenote_note":"","_exactmetrics_sitenote_category":0,"footnotes":"","_links_to":"","_links_to_target":""},"class_list":["post-37","page","type-page","status-publish","hentry"],"_links":{"self":[{"href":"https:\/\/www3.unicentro.br\/petletras\/wp-json\/wp\/v2\/pages\/37","targetHints":{"allow":["GET"]}}],"collection":[{"href":"https:\/\/www3.unicentro.br\/petletras\/wp-json\/wp\/v2\/pages"}],"about":[{"href":"https:\/\/www3.unicentro.br\/petletras\/wp-json\/wp\/v2\/types\/page"}],"author":[{"embeddable":true,"href":"https:\/\/www3.unicentro.br\/petletras\/wp-json\/wp\/v2\/users\/3"}],"replies":[{"embeddable":true,"href":"https:\/\/www3.unicentro.br\/petletras\/wp-json\/wp\/v2\/comments?post=37"}],"version-history":[{"count":3,"href":"https:\/\/www3.unicentro.br\/petletras\/wp-json\/wp\/v2\/pages\/37\/revisions"}],"predecessor-version":[{"id":890,"href":"https:\/\/www3.unicentro.br\/petletras\/wp-json\/wp\/v2\/pages\/37\/revisions\/890"}],"up":[{"embeddable":true,"href":"https:\/\/www3.unicentro.br\/petletras\/wp-json\/wp\/v2\/pages\/31"}],"wp:attachment":[{"href":"https:\/\/www3.unicentro.br\/petletras\/wp-json\/wp\/v2\/media?parent=37"}],"curies":[{"name":"wp","href":"https:\/\/api.w.org\/{rel}","templated":true}]}}