{"id":9502,"date":"2022-10-01T16:53:47","date_gmt":"2022-10-01T19:53:47","guid":{"rendered":"https:\/\/www3.unicentro.br\/petfisica\/?page_id=9502"},"modified":"2022-10-01T16:53:47","modified_gmt":"2022-10-01T19:53:47","slug":"astronomia","status":"publish","type":"page","link":"https:\/\/www3.unicentro.br\/petfisica\/atividades\/projetos-de-ensino-2\/instrumentacao\/eletromagnetismo\/astronomia\/","title":{"rendered":"Astronomia"},"content":{"rendered":"<div class=\"wpb-content-wrapper\"><p>[vc_row][vc_column][vc_tta_accordion color=&#8221;juicy-pink&#8221; spacing=&#8221;1&#8243; c_align=&#8221;center&#8221; c_icon=&#8221;triangle&#8221; active_section=&#8221;1&#8243;][vc_tta_section title=&#8221;Astrol\u00e1bio&#8221; tab_id=&#8221;1664510759700-9e031b53-2ccb&#8221;][vc_column_text]<\/p>\n<p style=\"text-align: center\"><span style=\"font-family: times new roman,times,serif;font-size: 12pt\"><strong>Roteiro Experimental<\/strong><\/span><\/p>\n<p style=\"text-align: justify\"><span style=\"font-family: times new roman,times,serif;font-size: 12pt\"><strong>Resumo:<\/strong><\/span><\/p>\n<p style=\"text-align: justify\"><span style=\"font-weight: 400;font-family: 'times new roman', times, serif;font-size: 12pt\">Compreender sobre o movimento de nosso planeta \u00e9 imprescind\u00edvel para que se possa entender diversos conceitos da f\u00edsica, assim como, perceber o mundo e o seu papel no universo. Com o experimento \u201cAstrol\u00e1bio\u201d \u00e9 poss\u00edvel acompanhar o movimento aparente de uma estrela, desta forma, relacionar o movimento desses corpos na esfera celeste e o movimento de rota\u00e7\u00e3o do planeta Terra.<\/span><\/p>\n<p>&nbsp;<\/p>\n<p><span style=\"font-family: times new roman,times,serif;font-size: 12pt\">Para obter material completo clique em <strong><em>Download:<\/em><\/strong><\/span>[\/vc_column_text][vc_btn title=&#8221;Download&#8221; style=&#8221;3d&#8221; color=&#8221;juicy-pink&#8221; size=&#8221;sm&#8221; i_icon_fontawesome=&#8221;far fa-file-pdf&#8221; add_icon=&#8221;true&#8221; link=&#8221;url:https%3A%2F%2Fdrive.google.com%2Ffile%2Fd%2F166aKdxD05SowAIFzM3uh6TfnFsVWZDNK%2Fview%3Fusp%3Dsharing|target:_blank&#8221;][vc_separator][vc_column_text]<\/p>\n<p style=\"text-align: center\"><span style=\"font-family: times new roman,times,serif;font-size: 12pt\"><strong>Plano de aula<\/strong><\/span><\/p>\n<p style=\"text-align: justify\"><span style=\"font-family: 'times new roman', times, serif;font-size: 12pt\"><strong>Resumo:<\/strong><\/span><\/p>\n<p style=\"text-align: justify\"><span style=\"font-weight: 400;font-family: 'times new roman', times, serif;font-size: 12pt\">Neste trabalho \u00e9 apresentado um plano de aula para ser utilizado em conjunto a um astrol\u00e1bio de baixo custo. Junto ao instrumento, s\u00e3o apresentados os conte\u00fados que podem vir a ser abordados dentro da sala de aula, como movimento circular, velocidade angular, simuladores e cartas celestes. Em seguida de uma explana\u00e7\u00e3o, realiza-se a montagem do astrol\u00e1bio e por fim, \u00e9 proposto a realiza\u00e7\u00e3o do c\u00e1lculo da velocidade angular da Terra. Palavras-chave: astronomia, velocidade angular, carta celeste.<\/span><\/p>\n<p style=\"text-align: right\"><span style=\"font-family: times new roman,times,serif;font-size: 12pt\"><strong>Autores:<\/strong> Leonardo Raphael Otto de Rocco e Mariana Carachinski.<\/span><\/p>\n<p>&nbsp;<\/p>\n<p style=\"text-align: justify\"><span style=\"font-family: times new roman,times,serif;font-size: 12pt\">Para obter material completo clique em <strong><em>Download:<\/em><\/strong><\/span><\/p>\n<p>[\/vc_column_text][vc_btn title=&#8221;Download&#8221; style=&#8221;3d&#8221; color=&#8221;juicy-pink&#8221; size=&#8221;sm&#8221; i_icon_fontawesome=&#8221;far fa-file-pdf&#8221; add_icon=&#8221;true&#8221; link=&#8221;url:https%3A%2F%2Fdrive.google.com%2Ffile%2Fd%2F1fkE0NVrkNZPrybuDNgbCXaYjovSxcGc6%2Fview%3Fusp%3Dsharing|target:_blank&#8221;][\/vc_tta_section][\/vc_tta_accordion][\/vc_column][\/vc_row]<\/p>\n<\/div>","protected":false},"excerpt":{"rendered":"<p>[vc_row][vc_column][vc_tta_accordion color=&#8221;juicy-pink&#8221; spacing=&#8221;1&#8243; c_align=&#8221;center&#8221; c_icon=&#8221;triangle&#8221; active_section=&#8221;1&#8243;][vc_tta_section title=&#8221;Astrol\u00e1bio&#8221; tab_id=&#8221;1664510759700-9e031b53-2ccb&#8221;][vc_column_text] Roteiro Experimental Resumo: Compreender sobre o movimento de nosso planeta \u00e9 imprescind\u00edvel para que se possa entender diversos conceitos da f\u00edsica, assim como, perceber o mundo e o seu papel no universo. Com o experimento \u201cAstrol\u00e1bio\u201d \u00e9 poss\u00edvel acompanhar o movimento aparente de uma estrela, desta forma, [&hellip;]<\/p>\n","protected":false},"author":503,"featured_media":0,"parent":4500,"menu_order":6,"comment_status":"closed","ping_status":"closed","template":"","meta":{"_exactmetrics_skip_tracking":false,"_exactmetrics_sitenote_active":false,"_exactmetrics_sitenote_note":"","_exactmetrics_sitenote_category":0,"footnotes":"","_links_to":"","_links_to_target":""},"class_list":["post-9502","page","type-page","status-publish","hentry"],"_links":{"self":[{"href":"https:\/\/www3.unicentro.br\/petfisica\/wp-json\/wp\/v2\/pages\/9502","targetHints":{"allow":["GET"]}}],"collection":[{"href":"https:\/\/www3.unicentro.br\/petfisica\/wp-json\/wp\/v2\/pages"}],"about":[{"href":"https:\/\/www3.unicentro.br\/petfisica\/wp-json\/wp\/v2\/types\/page"}],"author":[{"embeddable":true,"href":"https:\/\/www3.unicentro.br\/petfisica\/wp-json\/wp\/v2\/users\/503"}],"replies":[{"embeddable":true,"href":"https:\/\/www3.unicentro.br\/petfisica\/wp-json\/wp\/v2\/comments?post=9502"}],"version-history":[{"count":0,"href":"https:\/\/www3.unicentro.br\/petfisica\/wp-json\/wp\/v2\/pages\/9502\/revisions"}],"up":[{"embeddable":true,"href":"https:\/\/www3.unicentro.br\/petfisica\/wp-json\/wp\/v2\/pages\/4500"}],"wp:attachment":[{"href":"https:\/\/www3.unicentro.br\/petfisica\/wp-json\/wp\/v2\/media?parent=9502"}],"curies":[{"name":"wp","href":"https:\/\/api.w.org\/{rel}","templated":true}]}}