{"id":9329,"date":"2022-08-22T09:23:40","date_gmt":"2022-08-22T12:23:40","guid":{"rendered":"https:\/\/www3.unicentro.br\/petfisica\/?page_id=9329"},"modified":"2023-11-29T17:05:19","modified_gmt":"2023-11-29T20:05:19","slug":"projetos-2022-2023","status":"publish","type":"page","link":"https:\/\/www3.unicentro.br\/petfisica\/projetos-2022-2023\/","title":{"rendered":"Projetos 2022 &#8211; 2023"},"content":{"rendered":"<div class=\"wpb-content-wrapper\"><p><span style=\"font-family: 'times new roman', times, serif;font-size: 12pt\">[vc_row][vc_column][vc_column_text]<\/span><\/p>\n<p style=\"text-align: center\"><span style=\"text-decoration: underline;font-family: 'times new roman', times, serif;font-size: 12pt\"><strong>Desenvolvimento da metodologia de medida de rad\u00f4nio e filhos<\/strong><\/span><\/p>\n<p><span style=\"font-family: 'times new roman', times, serif;font-size: 12pt\"><strong>Orientanda:<\/strong> Ana Flavia Gomes;<\/span><\/p>\n<p><span style=\"font-family: 'times new roman', times, serif;font-size: 12pt\"><strong>Orientador:<\/strong> Prof. Dr. Rodrigo Oliveira Bastos;<\/span><\/p>\n<p><span style=\"font-family: 'times new roman', times, serif;font-size: 12pt\"><strong>Resumo:<\/strong><\/span><\/p>\n<p style=\"text-align: justify\"><span style=\"font-weight: 400;font-family: 'times new roman', times, serif;font-size: 12pt\">O principal objetivo \u00e9 desenvolver uma sequ\u00eancia did\u00e1tica para o ensino da f\u00edsica relacionada ao rad\u00f4nio e filhos envolvendo experimentos demonstrativos com eletrosc\u00f3pio e medidas de rad\u00f4nio e filhos.<\/span><\/p>\n<hr \/>\n<p style=\"text-align: center\"><span style=\"text-decoration: underline;font-size: 12pt\"><strong><span style=\"font-family: 'times new roman', times, serif\">Estudo de m\u00e9is por meio de t\u00e9cnicas espectrosc\u00f3picas de absor\u00e7\u00e3o<\/span><\/strong><\/span><\/p>\n<p><span style=\"font-size: 12pt\"><span style=\"font-family: 'times new roman', times, serif\"><strong>Orientanda:<\/strong> Cassandra<\/span><span style=\"font-family: 'times new roman', times, serif\"> Trentin;<\/span><\/span><\/p>\n<p><span style=\"font-size: 12pt\"><strong><span style=\"font-family: 'times new roman', times, serif\">Orientador: <\/span><\/strong><span style=\"font-family: 'times new roman', times, serif\">Prof. Dr. Pedro Pablo Gonzalez Borrero;<\/span><\/span><\/p>\n<p><span style=\"font-size: 12pt\"><strong><span style=\"font-family: 'times new roman', times, serif\">Resumo:<\/span><\/strong><\/span><\/p>\n<p style=\"text-align: justify\"><span style=\"font-size: 12pt\"><span style=\"font-family: 'times new roman', times, serif\">O principal \u00e2mago desse projeto cient\u00edfico \u00e9 determinar tanto do ponto de vista te\u00f3rico como experimental a t\u00e9cnica de espectroscopia de absor\u00e7\u00e3o e eletr\u00f4nica. Al\u00e9m disso, por meio de espectros de absor\u00e7\u00e3o procurar identificar os componentes bioativos dos m\u00e9is<\/span>.<\/span><\/p>\n<hr \/>\n<p style=\"text-align: center\"><span style=\"font-family: 'times new roman', times, serif;font-size: 12pt\"><strong><span style=\"text-decoration: underline\">O uso do software Q kit para o ensino do teletransporte de estados qu\u00e2nticos<\/span><\/strong><\/span><\/p>\n<p><span style=\"font-family: 'times new roman', times, serif;font-size: 12pt\"><strong>Orientando: <span style=\"font-weight: 400\">Cristhian Gean Batista Guimar\u00e3es<\/span><\/strong>;<\/span><\/p>\n<p><span style=\"font-family: 'times new roman', times, serif;font-size: 12pt\"><strong>Orientador:<\/strong> Prof. Dr. <span style=\"font-weight: 400\">Paulo Jos\u00e9 dos Reis<\/span>;<\/span><\/p>\n<p><span style=\"font-family: 'times new roman', times, serif;font-size: 12pt\"><strong>Resumo:<\/strong><\/span><\/p>\n<p style=\"text-align: justify\"><span style=\"font-weight: 400;font-family: 'times new roman', times, serif;font-size: 12pt\">A mec\u00e2nica qu\u00e2ntica (MQ) est\u00e1 presente na maioria das tecnologias que utilizamos em nosso cotidiano, seja em uma l\u00e2mpada de LED ou no processador usado em nossos computadores. E o desconhecimento do p\u00fablico geral a respeito da MQ causa interpreta\u00e7\u00f5es equivocadas da mesma, onde a palavra \u201cqu\u00e2ntico\u201d \u00e9 empregada na propaganda de alguns produtos ou at\u00e9 mesmo em palestras de autoajuda. O projeto visa estudar sistemas f\u00edsicos que possibilitem uma abordagem mais simplificada dos conceitos da MQ e que possam ser introduzidos como ferramentas para o ensino da teoria da informa\u00e7\u00e3o qu\u00e2ntica.<\/span><\/p>\n<hr \/>\n<p style=\"text-align: center\"><span style=\"text-decoration: underline\"><strong><span style=\"font-family: 'times new roman', times, serif;font-size: 12pt\">Din\u00e2mica de Bilhares Cl\u00e1ssicos <\/span><\/strong><\/span><\/p>\n<p><span style=\"font-family: 'times new roman', times, serif;font-size: 12pt\"><strong>Orientando:<\/strong> Gabriel Vinicius Mufatto;<\/span><\/p>\n<p><span style=\"font-family: 'times new roman', times, serif;font-size: 12pt\"><strong>Orientador:<\/strong> Prof. Dr. Eduardo Vicentini;\u00a0<\/span><\/p>\n<p><strong><span style=\"font-family: 'times new roman', times, serif;font-size: 12pt\">Resumo:<\/span><\/strong><\/p>\n<p><span style=\"font-family: 'times new roman', times, serif;font-size: 12pt\">Esse projeto visa o desenvolvimento de c\u00f3digos computacionais para bilhares e a investiga\u00e7\u00e3o de suas propriedades din\u00e2micas e f\u00edsicas, obtendo a caracteriza\u00e7\u00e3o dos sistemas em estudo, elucidando os v\u00ednculos entre as caracter\u00edsticas geom\u00e9tricas e din\u00e2micas, como as propriedades macrosc\u00f3picas, como difus\u00e3o e relaxamento.<\/span><\/p>\n<hr \/>\n<p style=\"text-align: center\"><span style=\"text-decoration: underline;font-size: 12pt;font-family: 'times new roman', times, serif\"><strong>Estudo qualitativo sobre criptografia Qu\u00e2ntica<\/strong><\/span><\/p>\n<p><span style=\"font-family: 'times new roman', times, serif;font-size: 12pt\"><strong>Orientanda:<\/strong> Eloise Ribeiro Granville;<\/span><\/p>\n<p><span style=\"font-family: 'times new roman', times, serif;font-size: 12pt\"><strong>Orientador<\/strong>: Prof. Dr. <span style=\"font-weight: 400\">Paulo Jos\u00e9 dos Reis<\/span>;<\/span><\/p>\n<p><span style=\"font-family: 'times new roman', times, serif;font-size: 12pt\"><strong>Resumo:<\/strong><\/span><\/p>\n<p style=\"text-align: justify\"><span style=\"font-family: 'times new roman', times, serif\"><span style=\"font-size: 12pt\">A criptografia qu\u00e2ntica \u00e9 baseada na incerteza natural do mundo qu\u00e2ntico, com ela voc\u00ea pode criar um canal de comunica\u00e7\u00e3o imposs\u00edvel de ser monitorado sem interferir na transmiss\u00e3o, o tornando mais seguro. As leis da f\u00edsica d\u00e3o seguran\u00e7a a este sistema de comunica\u00e7\u00e3o. O projeto visa realizar uma revis\u00e3o sobre criptografia qu\u00e2ntica, seu desenvolvimento e suas aplica\u00e7\u00f5e<\/span>s.<\/span><\/p>\n<hr \/>\n<p style=\"text-align: center\"><strong><span style=\"text-decoration: underline\"><span style=\"font-family: 'times new roman', times, serif;font-size: 12pt\">Adsor\u00e7\u00e3o e absor\u00e7\u00e3o de Rn-220 por diferentes materiais<\/span><\/span><\/strong><\/p>\n<p><span style=\"font-family: 'times new roman', times, serif;font-size: 12pt\"><strong>Orientanda:<\/strong>\u00a0 Rafaela Choqueti Camargo de Meira\u00a0<\/span><\/p>\n<p><span style=\"font-family: 'times new roman', times, serif;font-size: 12pt\"><strong>Orientador:<\/strong> prof. Dr . Rodrigo Oliveira Bastos<\/span><\/p>\n<p><span style=\"font-size: 12pt\"><strong><span style=\"font-family: 'times new roman', times, serif\">Resumo:\u00a0<\/span><\/strong><\/span><\/p>\n<p style=\"text-align: justify\"><span style=\"font-family: 'times new roman', times, serif;font-size: 12pt\">O rad\u00f4nio \u00e9 um g\u00e1s radioativo de ocorr\u00eancia natural respons\u00e1vel pela maior parte da dose de radia\u00e7\u00e3o ionizante recebida pelo ser humano. A medida de rad\u00f4nio e filhos no ar ambiente \u00e9 bastante complicada por apresentar incertezas devido a vari\u00e1veis cujo controle \u00e9 limitado. Pretende-se estudar e desenvolver a metodologia de medida de rad\u00f4nio, tanto utilizando mat\u00e9rias adsorvedores e posterior medida por espectrometria gama, quando utilizando detectores pl\u00e1sticos de tra\u00e7\u00f5es nucleares.<\/span><\/p>\n<hr \/>\n<p style=\"text-align: center\"><span style=\"text-decoration: underline;font-family: 'times new roman', times, serif;font-size: 12pt\"><strong>Tesauro da Ci\u00eancia da computa\u00e7\u00e3o<\/strong><\/span><\/p>\n<p style=\"text-align: justify\"><span style=\"font-family: 'times new roman', times, serif;font-size: 12pt\"><strong>Orientando:<\/strong> <span style=\"font-weight: 400\">Yorranan Neves de Almeida Costa;<\/span><\/span><\/p>\n<p style=\"text-align: justify\"><span style=\"font-family: 'times new roman', times, serif;font-size: 12pt\"><strong>Orientador:<\/strong> <span style=\"font-weight: 400\">prof. Dra. Gisane Michelon e prof. Dra. Gisane Michelon;<\/span><\/span><\/p>\n<p style=\"text-align: justify\"><strong><span style=\"font-family: 'times new roman', times, serif;font-size: 12pt\">Resumo:<\/span><\/strong><\/p>\n<p style=\"text-align: justify\"><span style=\"font-weight: 400;font-family: 'times new roman', times, serif;font-size: 12pt\">O objetivo da inicia\u00e7\u00e3o cient\u00edfica, orientada pela prof. Dra Josiane Dall\u2019Agnol e a prof. Dra. Gisane Michelon, \u00e9 reestruturar e complementar o projeto do Tesauro Brasileiro de Ci\u00eancia da Computa\u00e7\u00e3o. Um Tesauro \u00e9 um sistema de organiza\u00e7\u00e3o do conhecimento. Ele serve para padronizar e melhorar a busca de informa\u00e7\u00f5es na web.\u00a0 Um tesauro est\u00e1 no contexto da Web Sem\u00e2ntica, que por sua vez \u00e9 uma extens\u00e3o da World Wide Web.<\/span><\/p>\n<hr \/>\n<p>&nbsp;<\/p>\n<\/div>","protected":false},"excerpt":{"rendered":"<p>[vc_row][vc_column][vc_column_text] Desenvolvimento da metodologia de medida de rad\u00f4nio e filhos Orientanda: Ana Flavia Gomes; Orientador: Prof. Dr. Rodrigo Oliveira Bastos; Resumo: O principal objetivo \u00e9 desenvolver uma sequ\u00eancia did\u00e1tica para o ensino da f\u00edsica relacionada ao rad\u00f4nio e filhos envolvendo experimentos demonstrativos com eletrosc\u00f3pio e medidas de rad\u00f4nio e filhos. Estudo de m\u00e9is por meio [&hellip;]<\/p>\n","protected":false},"author":135,"featured_media":0,"parent":0,"menu_order":0,"comment_status":"closed","ping_status":"closed","template":"","meta":{"_exactmetrics_skip_tracking":false,"_exactmetrics_sitenote_active":false,"_exactmetrics_sitenote_note":"","_exactmetrics_sitenote_category":0,"footnotes":"","_links_to":"","_links_to_target":""},"class_list":["post-9329","page","type-page","status-publish","hentry"],"_links":{"self":[{"href":"https:\/\/www3.unicentro.br\/petfisica\/wp-json\/wp\/v2\/pages\/9329","targetHints":{"allow":["GET"]}}],"collection":[{"href":"https:\/\/www3.unicentro.br\/petfisica\/wp-json\/wp\/v2\/pages"}],"about":[{"href":"https:\/\/www3.unicentro.br\/petfisica\/wp-json\/wp\/v2\/types\/page"}],"author":[{"embeddable":true,"href":"https:\/\/www3.unicentro.br\/petfisica\/wp-json\/wp\/v2\/users\/135"}],"replies":[{"embeddable":true,"href":"https:\/\/www3.unicentro.br\/petfisica\/wp-json\/wp\/v2\/comments?post=9329"}],"version-history":[{"count":1,"href":"https:\/\/www3.unicentro.br\/petfisica\/wp-json\/wp\/v2\/pages\/9329\/revisions"}],"predecessor-version":[{"id":10689,"href":"https:\/\/www3.unicentro.br\/petfisica\/wp-json\/wp\/v2\/pages\/9329\/revisions\/10689"}],"wp:attachment":[{"href":"https:\/\/www3.unicentro.br\/petfisica\/wp-json\/wp\/v2\/media?parent=9329"}],"curies":[{"name":"wp","href":"https:\/\/api.w.org\/{rel}","templated":true}]}}