{"id":6820,"date":"2020-09-07T10:34:53","date_gmt":"2020-09-07T13:34:53","guid":{"rendered":"https:\/\/www3.unicentro.br\/petfisica\/?page_id=6820"},"modified":"2021-07-20T16:25:56","modified_gmt":"2021-07-20T19:25:56","slug":"2020sem","status":"publish","type":"page","link":"https:\/\/www3.unicentro.br\/petfisica\/atividades\/ciclo-de-seminarios-do-defis\/2020sem\/","title":{"rendered":"2020"},"content":{"rendered":"<div class=\"wpb-content-wrapper\"><p><span style=\"font-family: 'times new roman', times, serif;font-size: 12pt\">[vc_row][vc_column][vc_custom_heading text=&#8221;XII ciclo de Semin\u00e1rios do DEFIS&#8221; font_container=&#8221;tag:h1|text_align:center|color:%230a0a0a&#8221; google_fonts=&#8221;font_family:Alegreya%20SC%3Aregular%2Citalic%2C700%2C700italic%2C900%2C900italic|font_style:700%20bold%20regular%3A700%3Anormal&#8221;][vc_custom_heading text=&#8221;Organiza\u00e7\u00e3o: GPET-F\u00edsica&#8221; font_container=&#8221;tag:h3|text_align:center|color:%23000000&#8243; google_fonts=&#8221;font_family:Alegreya%20SC%3Aregular%2Citalic%2C700%2C700italic%2C900%2C900italic|font_style:700%20bold%20italic%3A700%3Aitalic&#8221;][vc_column_text]Data: 12\/11\/20<\/span><\/p>\n<p><span style=\"font-family: 'times new roman', times, serif;font-size: 12pt\">T\u00edtulo: <strong>Adsor\u00e7\u00e3o e ativa\u00e7\u00e3o\u00a0 de part\u00edculas de CO2\/metais de transi\u00e7\u00e3o.<\/strong><\/span><\/p>\n<p><span style=\"font-family: 'times new roman', times, serif;font-size: 12pt\">Palestrante: Dr. Juarez Lopes Ferreira da Silva[\/vc_column_text][vc_separator][vc_column_text]Data: 30\/10\/20<\/span><\/p>\n<p><span style=\"font-family: 'times new roman', times, serif;font-size: 12pt\">T\u00edtulo:\u00a0<strong>Como a f\u00edsica qu\u00e2ntica\u00a0 pode contribuir\u00a0 para o futuro da computa\u00e7\u00e3o<\/strong><\/span><\/p>\n<p><span style=\"font-family: 'times new roman', times, serif;font-size: 12pt\">Palestrante: Mestre Henrique Sobrinho Ghizoni[\/vc_column_text][vc_separator][vc_column_text]Data: 15\/10\/2020<\/span><\/p>\n<p><span style=\"font-family: 'times new roman', times, serif;font-size: 12pt\">T\u00edtulo:\u00a0<strong>Breve Introdu\u00e7\u00e3o a Teoria das Cordas.<\/strong><\/span><\/p>\n<p><span style=\"font-family: 'times new roman', times, serif;font-size: 12pt\">Palestrante: Mestre Vilson Fabr\u00edcio dos Santos Juliatto (FAPESP).[\/vc_column_text][\/vc_column][\/vc_row][vc_row][vc_column][vc_separator][vc_column_text]Data: 01\/10\/2020<\/span><\/p>\n<p><span style=\"font-family: 'times new roman', times, serif;font-size: 12pt\">T\u00edtulo: <strong>Estudo de Cer\u00e2micas\u00a0 de Senzalas dos S\u00e9culos XVIII e XIX de Campos de Goytacazes &#8211; RJ por EDXRF e An\u00e1lise Multivariada.<\/strong><\/span><\/p>\n<p><span style=\"font-family: 'times new roman', times, serif;font-size: 12pt\">Palestrante: Mestranda Cheila Sumenssi (UEL).[\/vc_column_text][vc_separator][vc_column_text]Data: 18\/09\/2020<\/span><\/p>\n<p><span style=\"font-family: 'times new roman', times, serif;font-size: 12pt\">T\u00edtulo: <strong>Operadores que atingem a norma.<\/strong><\/span><\/p>\n<p><span style=\"font-family: 'times new roman', times, serif;font-size: 12pt\">Palestrante: Prof. Dr. Thiago Grando (DEMAT &#8211; UNICENTRO).[\/vc_column_text][\/vc_column][\/vc_row][vc_row][vc_column][vc_separator][\/vc_column][\/vc_row][vc_row][vc_column][vc_column_text]<strong>Voc\u00ea pode conferir todos os semin\u00e1rios no <span style=\"color: #ff0000\"><a style=\"color: #ff0000\" href=\"https:\/\/www.youtube.com\/watch?v=Ru4y7v6kcu8&amp;list=PLbyYGU3U9K-PwZ1n1VvE8aD4qhV68X2OT&amp;index=1\" target=\"_blank\" rel=\"noopener noreferrer\">Youtube do GPET-F\u00edsica.<\/a><\/span><\/strong>[\/vc_column_text][\/vc_column][\/vc_row]<\/span><\/p>\n<\/div>","protected":false},"excerpt":{"rendered":"<p>[vc_row][vc_column][vc_custom_heading text=&#8221;XII ciclo de Semin\u00e1rios do DEFIS&#8221; font_container=&#8221;tag:h1|text_align:center|color:%230a0a0a&#8221; google_fonts=&#8221;font_family:Alegreya%20SC%3Aregular%2Citalic%2C700%2C700italic%2C900%2C900italic|font_style:700%20bold%20regular%3A700%3Anormal&#8221;][vc_custom_heading text=&#8221;Organiza\u00e7\u00e3o: GPET-F\u00edsica&#8221; font_container=&#8221;tag:h3|text_align:center|color:%23000000&#8243; google_fonts=&#8221;font_family:Alegreya%20SC%3Aregular%2Citalic%2C700%2C700italic%2C900%2C900italic|font_style:700%20bold%20italic%3A700%3Aitalic&#8221;][vc_column_text]Data: 12\/11\/20 T\u00edtulo: Adsor\u00e7\u00e3o e ativa\u00e7\u00e3o\u00a0 de part\u00edculas de CO2\/metais de transi\u00e7\u00e3o. Palestrante: Dr. Juarez Lopes Ferreira da Silva[\/vc_column_text][vc_separator][vc_column_text]Data: 30\/10\/20 T\u00edtulo:\u00a0Como a f\u00edsica qu\u00e2ntica\u00a0 pode contribuir\u00a0 para o futuro da computa\u00e7\u00e3o Palestrante: Mestre Henrique Sobrinho Ghizoni[\/vc_column_text][vc_separator][vc_column_text]Data: 15\/10\/2020 T\u00edtulo:\u00a0Breve Introdu\u00e7\u00e3o a Teoria das Cordas. [&hellip;]<\/p>\n","protected":false},"author":135,"featured_media":0,"parent":151,"menu_order":1,"comment_status":"closed","ping_status":"closed","template":"","meta":{"_exactmetrics_skip_tracking":false,"_exactmetrics_sitenote_active":false,"_exactmetrics_sitenote_note":"","_exactmetrics_sitenote_category":0,"footnotes":"","_links_to":"","_links_to_target":""},"class_list":["post-6820","page","type-page","status-publish","hentry"],"_links":{"self":[{"href":"https:\/\/www3.unicentro.br\/petfisica\/wp-json\/wp\/v2\/pages\/6820","targetHints":{"allow":["GET"]}}],"collection":[{"href":"https:\/\/www3.unicentro.br\/petfisica\/wp-json\/wp\/v2\/pages"}],"about":[{"href":"https:\/\/www3.unicentro.br\/petfisica\/wp-json\/wp\/v2\/types\/page"}],"author":[{"embeddable":true,"href":"https:\/\/www3.unicentro.br\/petfisica\/wp-json\/wp\/v2\/users\/135"}],"replies":[{"embeddable":true,"href":"https:\/\/www3.unicentro.br\/petfisica\/wp-json\/wp\/v2\/comments?post=6820"}],"version-history":[{"count":0,"href":"https:\/\/www3.unicentro.br\/petfisica\/wp-json\/wp\/v2\/pages\/6820\/revisions"}],"up":[{"embeddable":true,"href":"https:\/\/www3.unicentro.br\/petfisica\/wp-json\/wp\/v2\/pages\/151"}],"wp:attachment":[{"href":"https:\/\/www3.unicentro.br\/petfisica\/wp-json\/wp\/v2\/media?parent=6820"}],"curies":[{"name":"wp","href":"https:\/\/api.w.org\/{rel}","templated":true}]}}