{"id":3799,"date":"2019-08-05T18:02:44","date_gmt":"2019-08-05T21:02:44","guid":{"rendered":"https:\/\/www3.unicentro.br\/petfisica\/?page_id=3799"},"modified":"2020-08-28T21:41:21","modified_gmt":"2020-08-29T00:41:21","slug":"projetos-2019-2020","status":"publish","type":"page","link":"https:\/\/www3.unicentro.br\/petfisica\/atividades\/pesquisa\/projetos-2019-2020\/","title":{"rendered":"Projetos 2019 &#8211; 2020"},"content":{"rendered":"<div class=\"wpb-content-wrapper\"><p>[vc_row][vc_column][vc_column_text]<\/p>\n<p style=\"text-align: justify\">[\/vc_column_text][\/vc_column][\/vc_row][vc_row][vc_column][vc_column_text]<\/p>\n<p dir=\"ltr\" style=\"text-align: center;\"><span style=\"font-family: times new roman,times,serif; font-size: 12pt; text-decoration: underline;\"><strong>Aprendendo Mec\u00e2nica Qu\u00e2ntica atrav\u00e9s dos estados de polariza\u00e7\u00e3o dos f\u00f3tons: um estudo voltado ao desenvolvimento de materiais did\u00e1ticos para o ensino da Teoria da Informa\u00e7\u00e3o Qu\u00e2ntica<\/strong><\/span><\/p>\n<p dir=\"ltr\" style=\"text-align: justify;\"><span style=\"font-family: times new roman,times,serif; font-size: 12pt;\"><strong>Orientando:<\/strong> Bruno Lisenko Ribeiro.<\/span><\/p>\n<p dir=\"ltr\" style=\"text-align: justify;\"><span style=\"font-family: times new roman,times,serif; font-size: 12pt;\"><strong>Orientador:<\/strong>\u00a0Prof. Dr. Paulo Jos\u00e9 dos Reis.<\/span><\/p>\n<p dir=\"ltr\" style=\"text-align: justify;\"><span style=\"font-family: times new roman,times,serif; font-size: 12pt;\"><strong>Resumo:<\/strong><\/span><\/p>\n<p dir=\"ltr\" style=\"text-align: justify;\"><span style=\"font-family: times new roman,times,serif; font-size: 12pt;\">O principal objetivo com o projeto \u00e9 a produ\u00e7\u00e3o de um material did\u00e1tico para o ensino de Mec\u00e2nica Qu\u00e2ntica mais simplificado, utilizando abordagens com o tema \u201cF\u00f3tons Polarizados\u201d. A mec\u00e2nica qu\u00e2ntica \u00e9 uma \u00e1rea muito importante da F\u00edsica; por outro lado, o acesso aos fundamentos b\u00e1sicos nessa \u00e1rea requer estudos avan\u00e7ados em diversas \u00e1reas da F\u00edsica e Matem\u00e1tica, e isso tem comumente causado confus\u00e3o conceitual ao p\u00fablico leigo que tenta entender tais conceitos. Uma das poss\u00edveis consequ\u00eancias disso \u00e9 o fato do uso indevido do termo \u201cqu\u00e2ntica\u201d, afastando seu real significado, popularizando uma pseudoci\u00eancia enganadora, que visa apenas lucrar da falta de discernimento cient\u00edfico da popula\u00e7\u00e3o. Um fen\u00f4meno de grande estranheza e muito comum na Mec\u00e2nica Qu\u00e2ntica \u00e9 o emaranhamento qu\u00e2ntico, descrito por Einstein no artigo sobre o Argumento EPR\u00a0como uma a\u00e7\u00e3o fantasmag\u00f3rica a dist\u00e2ncia; esse fen\u00f4meno foi posteriormente explicado por John Bell, em 1954, atrav\u00e9s da Desigualdade de Bell. Nosso projeto visa utilizar a Lei de Malus no regime de f\u00f3tons individuais, utilizando o fen\u00f4meno de polariza\u00e7\u00e3o da luz para explicar de maneira mais did\u00e1tica a Desigualdade de Bell e o emaranhamento qu\u00e2ntico.<\/span><\/p>\n<hr \/>\n<p dir=\"ltr\" style=\"text-align: center;\">\n<p>[vc_row][vc_column width=&#8221;1\/1&#8243;][vc_column_text][\/vc_column_text][vc_column_text]<\/p>\n<p style=\"text-align: center;\"><span style=\"font-family: times new roman,times,serif; font-size: 12pt; text-decoration: underline;\"><strong>Caracteriza\u00e7\u00e3o de mat\u00e9rias primas para pigmentos por meio da t\u00e9cnica de espectroscopia fotoac\u00fastica<\/strong><\/span><\/p>\n<p style=\"text-align: justify;\"><span style=\"font-family: 'times new roman', times, serif; font-size: 12pt;\"><strong>Orientando:<\/strong>\u00a0Felipe Leria Stefenon.<\/span><\/p>\n<p dir=\"ltr\" style=\"text-align: justify;\"><span style=\"font-family: 'times new roman', times, serif; font-size: 12pt;\"><strong>Orientador:<\/strong>\u00a0Prof. Dr. Pedro Pablo Gonz\u00e1lez Borrero.<\/span><\/p>\n<div>\n<p dir=\"ltr\" style=\"text-align: justify;\"><span style=\"font-family: 'times new roman', times, serif; font-size: 12pt;\"><strong>Resumo:<\/strong><\/span><\/p>\n<p dir=\"ltr\" style=\"text-align: justify;\"><span style=\"font-family: 'times new roman', times, serif; font-size: 12pt;\">Uma das grandes preocupa\u00e7\u00f5es da humanidade nos dias de hoje, s\u00e3o as degrada\u00e7\u00f5es ambientais causadas pelo descarte indevido de res\u00edduos de origem industriais. Como solu\u00e7\u00e3o para contornar esse problema, foi pensado em formas de reciclar esses res\u00edduos de forma a reutiliz\u00e1-los. Entre esses rejeitos est\u00e1 o \u00f3xido de Ferro, que \u00e9 muito usado, principalmente, em pigmentos, e ser\u00e1 o objeto de estudo previsto neste projeto. Os pigmentos s\u00e3o subst\u00e2ncias de extrema import\u00e2ncia, por exemplo, na ind\u00fastria de materiais e\/ou t\u00eaxtil. O estudo destes materiais ser\u00e1 baseado no seu espectro de absor\u00e7\u00e3o, o qual ser\u00e1 obtido por meio de t\u00e9cnicas de espectroscopia fotoac\u00fastica. Tamb\u00e9m ser\u00e1 correlacionado o m\u00e9todo de extra\u00e7\u00e3o desses \u00f3xidos de ferro como o correspondente espectro de absor\u00e7\u00e3o \u00f3ptico. As amostras em quest\u00e3o ser\u00e3o extra\u00eddas a partir de rejeitos met\u00e1licos, e obtidas por meio do m\u00e9todo da digest\u00e3o do a\u00e7o.\u00a0<\/span><\/p>\n<hr \/>\n<p dir=\"ltr\">\n<\/div>\n<p>[\/vc_column_text][\/vc_column][\/vc_row][vc_row][vc_column][vc_column_text]<\/p>\n<p dir=\"ltr\" style=\"text-align: center;\"><span style=\"text-decoration: underline;\"><span style=\"font-family: 'times new roman', times, serif; font-size: 12pt;\"><strong>Fluido de massa negativa: uma poss\u00edvel explica\u00e7\u00e3o para a Energia Escura<\/strong><\/span><\/span><\/p>\n<p dir=\"ltr\" style=\"text-align: justify;\"><span style=\"font-family: 'times new roman', times, serif; font-size: 12pt;\"><strong>Orientanda:<\/strong>\u00a0Fernanda Barbieri de Lara.<\/span><\/p>\n<p style=\"text-align: justify;\"><span style=\"font-family: 'times new roman', times, serif; font-size: 12pt;\"><strong><span id=\"m_-7146730170434233640gmail-docs-internal-guid-3b9d69d2-7fff-a186-a5fa-489e42e46f30\">Orientador:\u00a0<\/span><\/strong><span id=\"m_-7146730170434233640gmail-docs-internal-guid-3b9d69d2-7fff-a186-a5fa-489e42e46f30\">Prof. Dr. Ricardo Yoshimitsu Miyahara.<\/span><\/span><\/p>\n<p style=\"text-align: justify;\"><span style=\"font-family: 'times new roman', times, serif; font-size: 12pt;\"><b>Resumo:<\/b><\/span><\/p>\n<p dir=\"ltr\" style=\"text-align: justify;\"><span style=\"font-family: 'times new roman', times, serif; font-size: 12pt;\">A Cosmologia possui ainda muitas quest\u00f5es a serem respondidas, o que leva \u00e0 pesquisadores a questionar os modelos j\u00e1 existentes e ainda sugerir novos em busca de uma resposta. Uma das quest\u00f5es que est\u00e1 cada vez mais presente no dia a dia desses pesquisadores \u00e9 a Energia Escura, ou melhor, o que \u00e9 essa energia. Existem in\u00fameros modelos propostos para tentar explic\u00e1-la, por\u00e9m, ainda nenhum destes foi comprovado. Dentro desses modelos temos alguns candidatos mais \u201cfortes\u201d (os que possuem uma maior coes\u00e3o com o que j\u00e1 conhecemos sobre o assunto). Nesta segunda etapa do trabalho, tem-se como objetivo analisar, por meio de revis\u00e3o bibliogr\u00e1fica, um desses modelos, o Fluido de massa negativa, que \u00e9 um forte candidato para explicar o que \u00e9 a Energia Escura.<\/span><\/p>\n<hr \/>\n<p>[\/vc_column_text][\/vc_column][\/vc_row][vc_row][vc_column][vc_column_text]<\/p>\n<div style=\"text-align: center;\"><span style=\"text-decoration: underline;\"><span style=\"font-family: 'times new roman', times, serif; font-size: 12pt;\"><strong>Estudo e Desenvolvimento de Dispositivos Fotovoltaicos a Base de Perovskitas: Materiais Magnetoel\u00e9tricos<\/strong><\/span><\/span><\/div>\n<div><\/div>\n<div>\n<div><span style=\"font-family: 'times new roman', times, serif; font-size: 12pt;\"><strong>Orientado:<\/strong>\u00a0Luciano Cardoso Dias.<\/span><\/div>\n<div><span style=\"font-family: 'times new roman', times, serif; font-size: 12pt;\"><strong>Orientador:<\/strong>\u00a0Professor Dr. Valdirlei Fernandes Freitas.<\/span><\/div>\n<\/div>\n<div dir=\"ltr\"><\/div>\n<div dir=\"ltr\"><span style=\"font-family: 'times new roman', times, serif; font-size: 12pt;\"><strong>Resumo:<\/strong><\/span><\/div>\n<div dir=\"ltr\"><span style=\"font-family: 'times new roman', times, serif; font-size: 12pt;\">A busca pela utiliza\u00e7\u00e3o de energias renov\u00e1veis em energia el\u00e9trica vem crescendo constantemente. Neste quesito, as c\u00e9lulas de estrutura perovskita tem ultrapassado a efici\u00eancia das tradicionais c\u00e9lulas a base de sil\u00edcio. Buscando aumentar ainda mais a efici\u00eancia destes materiais, a matriz BieO<sub>3<\/sub>, por possuir estrutura perovkista e propriedades magn\u00e9toel\u00e9tricas, apresenta a possibilidade de aumentar os graus de liberdade destas c\u00e9lulas. Para este trabalho ser\u00e3o estruturados filmes finos, por meio das t\u00e9cnicas de \u201cdip\u201d e \u201cspin coating\u201d, dos compostos\u00a0 (x)BiFeO<sub>3<\/sub>-(1-x)PbTiO<sub>3<\/sub>+yLa. Ser\u00e3o confeccionados tamb\u00e9m, dispositivos multicamadas, com materiais pr\u00f3prios para trasporte de portadores de cargas. A investiga\u00e7\u00e3o dos mecanismos f\u00edsicos de convers\u00e3o ser\u00e1 realizada, buscando compor novos dispositivos conversores e maximizar a efici\u00eancia dos mesmos.<\/span><\/div>\n<div dir=\"ltr\">\n<hr \/>\n<\/div>\n<p>[\/vc_column_text][\/vc_column][\/vc_row][vc_row][vc_column][vc_column_text]<\/p>\n<p style=\"text-align: center;\"><span style=\"text-decoration: underline;\"><span style=\"font-family: 'times new roman', times, serif; font-size: 12pt;\"><strong>Constru\u00e7\u00e3o de matrizes com o m\u00f3dulo do Conjunto de Julia\u00a0<\/strong><\/span><\/span><\/p>\n<p><span style=\"font-family: 'times new roman', times, serif; font-size: 12pt;\"><strong>Orientado:<\/strong>\u00a0Mariana Carachinski.<\/span><\/p>\n<p><span style=\"font-family: 'times new roman', times, serif; font-size: 12pt;\"><strong>Orientador:<\/strong>\u00a0Prof. Dr. Eduardo Vicentini.<\/span><\/p>\n<p><span style=\"font-family: 'times new roman', times, serif; font-size: 12pt;\"><strong>Resumo:<\/strong><\/span><\/p>\n<p><span style=\"font-family: 'times new roman', times, serif; font-size: 12pt;\">Na matem\u00e1tica, existe um ramo denominado \u201cgeometria fractal\u201d que estuda comportamentos e propriedades de fractais, estes, s\u00e3o figuras geom\u00e9tricas n\u00e3o-euclidianas, ou seja, que n\u00e3o s\u00e3o respondidas facilmente pela geometria cl\u00e1ssica. Os fractais podem ser divididos em diversas partes, cada uma semelhante a imagem original. S\u00e3o na maioria, autossililares e podem ser gerados em decorr\u00eancia de um repetido padr\u00e3o. O Conjunto de Julia, especificamente, \u00e9 um conjunto complementar ao fractal de Mandelbrot. Este conjunto possui valores tais que uma pequena mudan\u00e7a nos mesmos pode causar um dr\u00e1stico distanciamento entre os valores na sequ\u00eancia da fun\u00e7\u00e3o, conseguindo assim, sequencias distintas. Denominamos esse comportamento como ca\u00f3tico. Atualmente, o objetivo desse trabalho \u00e9 a constru\u00e7\u00e3o de uma matriz com os valores encontrados para sequ\u00eancias do Conjunto de Julia.<\/span><\/p>\n<hr \/>\n<p>&nbsp;[\/vc_column_text][\/vc_column][\/vc_row][vc_row][vc_column][vc_column_text]<\/p>\n<p style=\"text-align: center;\" align=\"center\"><span style=\"text-decoration: underline;\"><span style=\"font-family: 'times new roman', times, serif; font-size: 12pt;\"><strong>O uso do software Q-kit para o ensino de circuitos qu\u00e2nticos e algoritmos qu\u00e2nticos<\/strong><\/span><\/span><\/p>\n<p><span style=\"font-family: 'times new roman', times, serif; font-size: 12pt;\"><strong>Orientando:<\/strong>\u00a0Matheus Meoquior da Fonseca.<\/span><\/p>\n<p><span style=\"font-family: 'times new roman', times, serif; font-size: 12pt;\"><strong>Orientador:<\/strong>\u00a0Prof. Dr. Paulo Jos\u00e9 dos Reis.<\/span><\/p>\n<p><span style=\"font-family: 'times new roman', times, serif; font-size: 12pt;\"><strong>Resumo:<\/strong><\/span><\/p>\n<p><span style=\"font-family: 'times new roman', times, serif; font-size: 12pt;\">Atualmente estamos presenciando uma revolu\u00e7\u00e3o na comunica\u00e7\u00e3o e no processamento da informa\u00e7\u00e3o e, as novas tecnologias voltadas para este campo ser\u00e3o baseadas apenas em fen\u00f4menos que s\u00e3o descritos pela mec\u00e2nica qu\u00e2ntica. Mesmo com o surgimento de novas tecnologias que utilizam-se desta \u00e1rea, o seu ensino est\u00e1 restrito apenas aos \u00faltimos anos dos cursos de gradua\u00e7\u00e3o em F\u00edsica. Tendo em vista a necessidade de divulga\u00e7\u00e3o cient\u00edfica e produ\u00e7\u00e3o de materiais did\u00e1ticos sobre mec\u00e2nica qu\u00e2ntica e teoria da informa\u00e7\u00e3o qu\u00e2ntica para o p\u00fablico em geral, visa-se o desenvolvimento de um material did\u00e1tico que seja poss\u00edvel a explica\u00e7\u00e3o dos circuitos qu\u00e2nticos e dos algoritmos qu\u00e2nticos por meio de simula\u00e7\u00f5es no software Q kit de forma que facilite o entendimento sobre a teoria da informa\u00e7\u00e3o qu\u00e2ntica.<\/span><\/p>\n<hr \/>\n<p>&nbsp;[\/vc_column_text][\/vc_column][\/vc_row][vc_row][vc_column][vc_column_text]<\/p>\n<p style=\"text-align: center;\"><span style=\"text-decoration: underline;\"><span style=\"font-family: 'times new roman', times, serif; font-size: 12pt;\"><strong>Estudos Espectrosc\u00f3picos da Intera\u00e7\u00e3o da albumina com Violeta Genciana<\/strong><\/span><\/span><\/p>\n<p style=\"text-align: justify;\"><span style=\"font-family: 'times new roman', times, serif; font-size: 12pt;\"><b>Orientado:<\/b>\u00a0Matheus Vieira Camargo Ramos<\/span><\/p>\n<p style=\"text-align: justify;\"><span style=\"font-family: 'times new roman', times, serif; font-size: 12pt;\"><b>Orientadora:<\/b>\u00a0Prof. Dra. Tania Toyomi Tominaga<\/span><\/p>\n<p style=\"text-align: justify;\"><span style=\"font-family: 'times new roman', times, serif; font-size: 12pt;\"><b>Resumo:<\/b><\/span><\/p>\n<p style=\"text-align: justify;\"><span style=\"font-family: 'times new roman', times, serif; font-size: 12pt;\">A Terapia Fotodin\u00e2mica (TFD) \u00e9 uma t\u00e9cnica que se baseia na intera\u00e7\u00e3o simult\u00e2nea entre um agente fotossens\u00edvel in\u00f3cuo, luz e oxig\u00eanio molecular para promover a destrui\u00e7\u00e3o de tecidos anormais. Esses agentes fotossensibilizadores (FS) tendem a se concentrar preferencialmente no tecido lesado e quando este local \u00e9 irradiado s\u00e3o geradas esp\u00e9cies altamente reativas que necrosam o tecido doente, levando-a sua destrui\u00e7\u00e3o. O FS ideal deve apresentar baixa toxicidade na presen\u00e7a da luz, ser hidrossol\u00favel, ser biologicamente est\u00e1vel, fotoquimicamente seletivo e apresentar intensa absor\u00e7\u00e3o na regi\u00e3o espectral entre 600 a 700 nm. O fotossensibilizador que ser\u00e1 utilizado neste estudo \u00e9 um corante comercial, a violeta genciana, onde analisar\u00e1 suas propriedades, uma vez que estas s\u00e3o influenciadas por v\u00e1rios fatores e, dentre esses, destaca-se o pH e a for\u00e7a i\u00f4nica do meio, temperatura, concentra\u00e7\u00e3o e a presen\u00e7a de macromol\u00e9culas e membranas. A an\u00e1lise dos resultados relativos ao comportamento F\u00edsico-Qu\u00edmico (efeito pH e for\u00e7a i\u00f4nica) dos FS ser\u00e1 feita de maneira direta e objetiva, possibilitar\u00e1 a indica\u00e7\u00e3o das potencialidades para aplica\u00e7\u00f5es terap\u00eauticas, por exemplo, estabelecer qual o melhor meio e pH que os compostos devem ser apresentados. Al\u00e9m disso, ser\u00e1 observado a intera\u00e7\u00e3o da prote\u00edna Albumina com o composto em quest\u00e3o, pois, com essa, nos fornecer\u00e1 importantes informa\u00e7\u00f5es a respeito de grau de penetrabilidade, incorpora\u00e7\u00e3o, transporte e alvos celulares do FS nas c\u00e9lulas. Para estas investiga\u00e7\u00f5es ser\u00e3o utilizadas a Espectroscopia \u00d3ptica e Fluoresc\u00eancia.<\/span><\/p>\n<hr \/>\n<p>[\/vc_column_text][\/vc_column][\/vc_row][vc_row][vc_column][vc_column_text]<\/p>\n<p style=\"text-align: center;\"><span style=\"text-decoration: underline;\"><span style=\"font-family: 'times new roman', times, serif; font-size: 12pt;\"><strong>Caracteriza\u00e7\u00e3o de alimentos nutrac\u00eanticos por meio da t\u00e9cnica de espectroscopia fotoac\u00fastica.<\/strong><\/span><\/span><\/p>\n<p><span style=\"font-family: 'times new roman', times, serif; font-size: 12pt;\"><strong>Orientando:<\/strong>\u00a0Ricardo G. Rodrigues.<\/span><\/p>\n<p style=\"text-align: justify;\"><span style=\"font-family: 'times new roman', times, serif; font-size: 12pt;\"><strong>Orientador:<\/strong>\u00a0Prof. Dr. Pedro Pablo Gonz\u00e1lez Borrero.<\/span><\/p>\n<p style=\"text-align: justify;\"><span style=\"font-family: 'times new roman', times, serif; font-size: 12pt;\"><strong>Resumo:<\/strong><\/span><\/p>\n<p style=\"text-align: justify;\"><span style=\"font-family: 'times new roman', times, serif; font-size: 12pt;\">Cogumelos s\u00e3o estudados devido \u00e0s suas propriedades nutritivas, aliadas ao seu grande potencial medicinal. O\u00a0<i>Pleurotus Ostreatus<\/i>\u00a0\u00e9 um cogumelo comest\u00edvel cultivado no Brasil desde 1990, e tem boa aceita\u00e7\u00e3o, por parte dos consumidores desse tipo de alimento, devido ao seu sabor suave. Por meio da t\u00e9cnica de espectroscopia fotoac\u00fastica (PAS), que nos fornece o espectro de absor\u00e7\u00e3o das amostras analisadas, faremos um estudo desses; produzidos sobre diferentes substratos. Espera-se determinar componentes que sejam bioativos visando uma poss\u00edvel aplica\u00e7\u00e3o como alimentos nutrac\u00eauticos.<\/span><\/p>\n<hr \/>\n<p>[\/vc_column_text][\/vc_column][\/vc_row][vc_row][vc_column][vc_column_text]<\/p>\n<p style=\"text-align: center;\"><span style=\"text-decoration: underline;\"><span style=\"font-family: 'times new roman', times, serif; font-size: 12pt;\"><strong>Caracteriza\u00e7\u00e3o de BFPT por meio da t\u00e9cnica espectroscopia fotoac\u00fastica<\/strong><\/span><\/span><\/p>\n<p><span style=\"font-family: 'times new roman', times, serif; font-size: 12pt;\"><strong>Orientando:<\/strong>\u00a0Vinicius Andrade de Oliveira.<\/span><\/p>\n<p><span style=\"font-family: 'times new roman', times, serif; font-size: 12pt;\"><strong>Orientador:<\/strong>\u00a0Prof. Dr. Pedro Pablo Gonz\u00e1lez Borrero.<\/span><\/p>\n<p><span style=\"font-family: 'times new roman', times, serif; font-size: 12pt;\"><strong>Resumo:<\/strong><\/span><\/p>\n<p><span style=\"font-family: 'times new roman', times, serif; font-size: 12pt;\">Na execu\u00e7\u00e3o da presente proposta do projeto ser\u00e3o desenvolvidas metodologias para a utiliza\u00e7\u00e3o da espectroscopia fotoac\u00fastica na caracteriza\u00e7\u00e3o de diferentes tipos de amostras. Essa t\u00e9cnica fornece o espectro de absor\u00e7\u00e3o das amostras sob estudo. As amostras s\u00e3o \u00f3xidos de ferro BiFeO<sub>3<\/sub>\u00a0\u2013 PbTiO<sub>3<\/sub>, que s\u00e3o produzidos a partir de rejeitos industriais. A determina\u00e7\u00e3o do bandgap \u00e9 importante para avaliar sua aplica\u00e7\u00e3o como dispositivo fotovoltaico e como pigmentos.<\/span><\/p>\n<hr \/>\n<p>&nbsp;[\/vc_column_text][\/vc_column][\/vc_row][vc_row][vc_column][vc_column_text]<\/p>\n<p style=\"text-align: center;\"><span style=\"text-decoration: underline;\"><span style=\"font-family: 'times new roman', times, serif; font-size: 12pt;\"><strong>Desenvolvimento de complexos de inclus\u00e3o de amilose e azul de Bromotimol para utiliza\u00e7\u00e3o em terapia fotodin\u00e2mica<\/strong><\/span><\/span><\/p>\n<p><span style=\"font-family: 'times new roman', times, serif; font-size: 12pt;\"><strong>Orientando:<\/strong>\u00a0Patricia Camargo de Oliveira<\/span><\/p>\n<p><span style=\"font-family: 'times new roman', times, serif; font-size: 12pt;\"><strong>Orientadora:<\/strong>\u00a0Prof. Dra. Tania Toyomi Tominaga<\/span><\/p>\n<p><span style=\"font-family: 'times new roman', times, serif; font-size: 12pt;\"><strong>Resumo:<\/strong><\/span><\/p>\n<p><span style=\"font-family: 'times new roman', times, serif; font-size: 12pt;\">Em uma estimativa da Organiza\u00e7\u00e3o Mundial de Sa\u00fade, o n\u00famero de indiv\u00edduos\u00a0acometidos por c\u00e2ncer em 2030 dever\u00e1 ser de 26 milh\u00f5es, ocasionando 17\u00a0milh\u00f5es de mortes a cada ano. Assim, diversos tratamentos tem se\u00a0apresentado promissores no tratamento da doen\u00e7a, destacando-se a Terapia\u00a0Fotodin\u00e2mica (TFD). Esta, por sua vez, consiste na a\u00e7\u00e3o de um\u00a0fotossensibilizador excitado por luz que culmina na forma\u00e7\u00e3o de uma estado\u00a0reativo de oxig\u00eanio, o qual \u00e9 capaz de \u201catacar\u201d biomol\u00e9cululas levando \u00e0 morte\u00a0celular, entretanto, diversos fotossensibilizadores manifestam propriedades\u00a0incondizentes com a fun\u00e7\u00e3o almejada, tais como danos celulares em\u00a0tratamentos diretos e insolubilidade em meio aquoso. Assim, neste trabalho\u00a0estuda-se a nanoencapsula\u00e7\u00e3o do Azul de Bromotimol em complexos de\u00a0inclus\u00e3o de amilose, objetivando-se um f\u00e1rmaco que possa ser melhor\u00a0direcionado e controlado na TFD, avaliando-se o material por Espectroscopia\u00a0no Infravermelho com Transformada de Fourier, Microscopia Eletr\u00f4nica de\u00a0Varredura, An\u00e1lise Termogravim\u00e9trica, Calorimetria Explorat\u00f3ria Diferencial,\u00a0Potencial Zeta e Espalhamento de Luz.<\/span><\/p>\n<hr \/>\n<p>&nbsp;[\/vc_column_text][\/vc_column][\/vc_row][vc_row][vc_column][vc_column_text]<\/p>\n<p style=\"text-align: center;\"><span style=\"text-decoration: underline;\"><span style=\"font-family: 'times new roman', times, serif; font-size: 12pt;\"><strong>An\u00e1lise de radionucl\u00eddeos presentes no solo<\/strong><\/span><\/span><\/p>\n<p style=\"text-align: justify;\"><span style=\"font-family: 'times new roman', times, serif; font-size: 12pt;\"><strong>Orientando:<\/strong>\u00a0Rafaela Choqueti De Camargo Meira<\/span><\/p>\n<p style=\"text-align: justify;\"><span style=\"font-family: 'times new roman', times, serif; font-size: 12pt;\"><strong>Orientador:<\/strong>\u00a0Prof. Dr. Rodrigo Bastos<\/span><\/p>\n<p style=\"text-align: justify;\"><span style=\"font-family: 'times new roman', times, serif; font-size: 12pt;\"><strong>Resumo:<\/strong><\/span><\/p>\n<p style=\"text-align: justify;\"><span style=\"font-family: 'times new roman', times, serif; font-size: 12pt;\">Realizar medi\u00e7\u00f5es em rela\u00e7\u00e3o a radioatividade de determinadas \u00e1reas, \u00e9 importante para controlar os n\u00edveis de radia\u00e7\u00e3o a que as pessoas est\u00e3o sendo submetidas. Utilizando dados de espectrometria de raios gama, o projeto em quest\u00e3o tem como objetivo obter um mapa de uma reserva natural, em rala\u00e7\u00e3o ao \u00edndice de radia\u00e7\u00e3o presente no solo, e determinar a quantidade de radionucl\u00eddeos presentes em tal regi\u00e3o, comparando os resultados com medi\u00e7\u00f5es realizadas posteriormente em \u00e1reas urbanas.<\/span><\/p>\n<p>[\/vc_column_text][\/vc_column][\/vc_row]<\/p>\n<\/div>","protected":false},"excerpt":{"rendered":"<p>[vc_row][vc_column][vc_column_text] [\/vc_column_text][\/vc_column][\/vc_row][vc_row][vc_column][vc_column_text] Aprendendo Mec\u00e2nica Qu\u00e2ntica atrav\u00e9s dos estados de polariza\u00e7\u00e3o dos f\u00f3tons: um estudo voltado ao desenvolvimento de materiais did\u00e1ticos para o ensino da Teoria da Informa\u00e7\u00e3o Qu\u00e2ntica Orientando: Bruno Lisenko Ribeiro. Orientador:\u00a0Prof. Dr. Paulo Jos\u00e9 dos Reis. Resumo: O principal objetivo com o projeto \u00e9 a produ\u00e7\u00e3o de um material did\u00e1tico para o ensino [&hellip;]<\/p>\n","protected":false},"author":135,"featured_media":0,"parent":150,"menu_order":0,"comment_status":"closed","ping_status":"closed","template":"","meta":{"_exactmetrics_skip_tracking":false,"_exactmetrics_sitenote_active":false,"_exactmetrics_sitenote_note":"","_exactmetrics_sitenote_category":0,"footnotes":"","_links_to":"","_links_to_target":""},"class_list":["post-3799","page","type-page","status-publish","hentry"],"_links":{"self":[{"href":"https:\/\/www3.unicentro.br\/petfisica\/wp-json\/wp\/v2\/pages\/3799","targetHints":{"allow":["GET"]}}],"collection":[{"href":"https:\/\/www3.unicentro.br\/petfisica\/wp-json\/wp\/v2\/pages"}],"about":[{"href":"https:\/\/www3.unicentro.br\/petfisica\/wp-json\/wp\/v2\/types\/page"}],"author":[{"embeddable":true,"href":"https:\/\/www3.unicentro.br\/petfisica\/wp-json\/wp\/v2\/users\/135"}],"replies":[{"embeddable":true,"href":"https:\/\/www3.unicentro.br\/petfisica\/wp-json\/wp\/v2\/comments?post=3799"}],"version-history":[{"count":0,"href":"https:\/\/www3.unicentro.br\/petfisica\/wp-json\/wp\/v2\/pages\/3799\/revisions"}],"up":[{"embeddable":true,"href":"https:\/\/www3.unicentro.br\/petfisica\/wp-json\/wp\/v2\/pages\/150"}],"wp:attachment":[{"href":"https:\/\/www3.unicentro.br\/petfisica\/wp-json\/wp\/v2\/media?parent=3799"}],"curies":[{"name":"wp","href":"https:\/\/api.w.org\/{rel}","templated":true}]}}