{"id":246,"date":"2019-08-14T15:52:00","date_gmt":"2019-08-14T18:52:00","guid":{"rendered":"https:\/\/www3.unicentro.br\/petfisica\/apresentacao-8\/"},"modified":"2020-02-12T16:06:09","modified_gmt":"2020-02-12T19:06:09","slug":"apresentacao","status":"publish","type":"page","link":"https:\/\/www3.unicentro.br\/petfisica\/atividades\/cinepet\/apresentacao\/","title":{"rendered":"O que \u00e9 a atividade &#8220;Cine PET&#8221;?"},"content":{"rendered":"<div class=\"wpb-content-wrapper\"><p>[vc_row][vc_column width=&#8221;1\/2&#8243;][vc_column_text]<\/p>\n<p style=\"text-align: justify\"><span style=\"font-family: times new roman,times,serif;font-size: 12pt\">\u00a0 \u00a0 \u00a0O projeto denominado \u201cCine PET\u201d iniciou no m\u00eas de junho de 2018 e busca trazer para a comunidade acad\u00eamica do Campus CEDETEG e demais interessados, um espa\u00e7o para que possam assistir \u00e0 reprodu\u00e7\u00e3o dos melhores filmes internacionais e nacionais. No in\u00edcio de cada sess\u00e3o um petiano moderador fica respons\u00e1vel por apresentar algumas informa\u00e7\u00f5es t\u00e9cnicas acerca do filme que ser\u00e1 exibido e, no final desta sess\u00e3o s\u00e3o apresentadas algumas curiosidades sobre o longa. <\/span><\/p>\n<p>[\/vc_column_text][\/vc_column][vc_column width=&#8221;1\/2&#8243;][vc_single_image image=&#8221;2550&#8243; img_size=&#8221;large&#8221; alignment=&#8221;center&#8221;][\/vc_column][\/vc_row][vc_row][vc_column][vc_column_text]<\/p>\n<p style=\"text-align: justify\"><span style=\"font-family: times new roman,times,serif;font-size: 12pt\">\u00a0 \u00a0 \u00a0Por fim, alguns petianos ficam respons\u00e1veis por gerar um debate entre os participantes com o objetivo de explorar o conte\u00fado do filme de forma mais abrangente e integradora. Os filmes apresentados no Cine PET s\u00e3o previamente selecionados pelos petianos e levados a vota\u00e7\u00e3o nas redes sociais do grupo, onde o p\u00fablico escolhe a ordem dos filmes a serem exibidos. Tal projeto propicia aos participantes um melhor senso cr\u00edtico, o que pode contribuir para o crescimento pessoal e profissional dos envolvidos. Ressaltando o fato de que a entrada \u00e9 gratuita e, h\u00e1 certifica\u00e7\u00e3o para todos os participantes. Ent\u00e3o, n\u00e3o percam a oportunidade de ver ou rever filmes que tanto nos encantaram e nos fizeram pensar. \u00a0O Grupo PET-F\u00edsica conta com a presen\u00e7a de todos nas pr\u00f3ximas sess\u00f5es do Cine PET.<\/span><\/p>\n<p>[\/vc_column_text][\/vc_column][\/vc_row]<\/p>\n<\/div>","protected":false},"excerpt":{"rendered":"<p>[vc_row][vc_column width=&#8221;1\/2&#8243;][vc_column_text] \u00a0 \u00a0 \u00a0O projeto denominado \u201cCine PET\u201d iniciou no m\u00eas de junho de 2018 e busca trazer para a comunidade acad\u00eamica do Campus CEDETEG e demais interessados, um espa\u00e7o para que possam assistir \u00e0 reprodu\u00e7\u00e3o dos melhores filmes internacionais e nacionais. No in\u00edcio de cada sess\u00e3o um petiano moderador fica respons\u00e1vel por apresentar [&hellip;]<\/p>\n","protected":false},"author":3,"featured_media":0,"parent":244,"menu_order":0,"comment_status":"closed","ping_status":"closed","template":"","meta":{"_exactmetrics_skip_tracking":false,"_exactmetrics_sitenote_active":false,"_exactmetrics_sitenote_note":"","_exactmetrics_sitenote_category":0,"footnotes":"","_links_to":"","_links_to_target":""},"class_list":["post-246","page","type-page","status-publish","hentry"],"_links":{"self":[{"href":"https:\/\/www3.unicentro.br\/petfisica\/wp-json\/wp\/v2\/pages\/246","targetHints":{"allow":["GET"]}}],"collection":[{"href":"https:\/\/www3.unicentro.br\/petfisica\/wp-json\/wp\/v2\/pages"}],"about":[{"href":"https:\/\/www3.unicentro.br\/petfisica\/wp-json\/wp\/v2\/types\/page"}],"author":[{"embeddable":true,"href":"https:\/\/www3.unicentro.br\/petfisica\/wp-json\/wp\/v2\/users\/3"}],"replies":[{"embeddable":true,"href":"https:\/\/www3.unicentro.br\/petfisica\/wp-json\/wp\/v2\/comments?post=246"}],"version-history":[{"count":0,"href":"https:\/\/www3.unicentro.br\/petfisica\/wp-json\/wp\/v2\/pages\/246\/revisions"}],"up":[{"embeddable":true,"href":"https:\/\/www3.unicentro.br\/petfisica\/wp-json\/wp\/v2\/pages\/244"}],"wp:attachment":[{"href":"https:\/\/www3.unicentro.br\/petfisica\/wp-json\/wp\/v2\/media?parent=246"}],"curies":[{"name":"wp","href":"https:\/\/api.w.org\/{rel}","templated":true}]}}