{"id":231,"date":"2017-10-02T00:00:00","date_gmt":"2017-10-02T03:00:00","guid":{"rendered":"https:\/\/www3.unicentro.br\/petfisica\/2017-2-3\/"},"modified":"2021-07-20T16:29:12","modified_gmt":"2021-07-20T19:29:12","slug":"2017-2-3","status":"publish","type":"page","link":"https:\/\/www3.unicentro.br\/petfisica\/atividades\/ciclo-de-seminarios-do-defis\/2017-2-3\/","title":{"rendered":"2017"},"content":{"rendered":"<p style=\"text-align: center\"><strong><span style=\"font-family: 'times new roman', times, serif;font-size: 18pt\">IX Ciclo de Semin\u00e1rios do DEFIS<\/span><\/strong><\/p>\n<p style=\"text-align: center\"><span style=\"font-size: 14pt\"><strong><span style=\"font-family: 'times new roman', times, serif\">Organiza\u00e7\u00e3o: GPET-F\u00edsica<\/span><\/strong><\/span><\/p>\n<p><span style=\"font-family: 'times new roman', times, serif;font-size: 12pt\">Data: 23\/11\/2017<\/span><br \/>\n<span style=\"font-family: 'times new roman', times, serif;font-size: 12pt\">T\u00edtulo: <strong>Efeito Magnetocal\u00f3rico<\/strong><\/span><br \/>\n<span style=\"font-family: 'times new roman', times, serif;font-size: 12pt\">Palestrante: Prof.a Dr.a Ana Lucia Ferreira (UTPR &#8211; Campus Guarapuava)<\/span><\/p>\n<p><span style=\"font-family: 'times new roman', times, serif;font-size: 12pt\">Data: 09\/11\/2017<\/span><br \/>\n<span style=\"font-family: 'times new roman', times, serif;font-size: 12pt\">T\u00edtulo: <strong>S\u00edntese e Caracteriza\u00e7\u00e3o de Filmes Finos de BiFeO3-PbTiO3<\/strong><\/span><br \/>\n<span style=\"font-family: 'times new roman', times, serif;font-size: 12pt\">Palestrante:\u00a0Lic. Catharine Stimer (mestranda do PPGQA &#8211; UNICENTRO)<\/span><\/p>\n<p><span style=\"font-family: 'times new roman', times, serif;font-size: 12pt\">Data: 19\/10\/2017<\/span><br \/>\n<span style=\"font-family: 'times new roman', times, serif;font-size: 12pt\">T\u00edtulo:\u00a0<strong>Din\u00e2mica do Movimento de Animaispor meio da An\u00e1lise de Imagens e V\u00eddeos<\/strong><\/span><br \/>\n<span style=\"font-family: 'times new roman', times, serif;font-size: 12pt\">Palestrante: Prof.\u00a0Dr. Renato Ribeiro Guimar\u00e3es (DEFIS &#8211; UNICENTRO)<\/span><\/p>\n<p><span style=\"font-family: 'times new roman', times, serif;font-size: 12pt\">Data: 28\/09\/2017<\/span><br \/>\n<span style=\"font-family: 'times new roman', times, serif;font-size: 12pt\">T\u00edtulo: <strong>Transmiss\u00e3o de Impulso Nervoso<\/strong><\/span><br \/>\n<span style=\"font-family: 'times new roman', times, serif;font-size: 12pt\">Palestrante: Prof.\u00a0Dr. Ricardo Yoshimitsu Miyahara (DEFIS &#8211; UNICENTRO)<\/span><\/p>\n<p><span style=\"font-family: 'times new roman', times, serif;font-size: 12pt\">Data: 14\/09\/2017<\/span><br \/>\n<span style=\"font-family: 'times new roman', times, serif;font-size: 12pt\">T\u00edtulo: <strong>Teletransporte de Estados Qu\u00e2nticos<\/strong><\/span><br \/>\n<span style=\"font-family: 'times new roman', times, serif;font-size: 12pt\">Palestrante: Prof.\u00a0Dr. Paulo Jos\u00e9 dos Reis (DEFIS &#8211; UNICENTRO)<\/span><\/p>\n<p><span style=\"font-family: 'times new roman', times, serif;font-size: 12pt\">Data: 30\/08\/2017<\/span><br \/>\n<span style=\"font-family: 'times new roman', times, serif;font-size: 12pt\">T\u00edtulo: <strong>Produ\u00e7\u00e3o de Diferentes Estilos de Cervejas<\/strong><\/span><br \/>\n<span style=\"font-family: 'times new roman', times, serif;font-size: 12pt\">Palestrante: Prof.\u00a0Dr. Marcos Roberto da Rosa (DEQ &#8211; UNICENTRO)<\/span><\/p>\n<p><span style=\"font-family: 'times new roman', times, serif;font-size: 12pt\">Data: 17\/08\/2017<\/span><br \/>\n<span style=\"font-family: 'times new roman', times, serif;font-size: 12pt\">T\u00edtulo: <strong>Terapia Fotodin\u00e2mica: A ci\u00eancia \u00e0 servi\u00e7o da sa\u00fade<\/strong><\/span><br \/>\n<span style=\"font-family: 'times new roman', times, serif;font-size: 12pt\">Palestrante: Prof.a Dr.a Tania Toyomi Tominaga (DEFIS &#8211; UNICENTRO)<\/span><\/p>\n","protected":false},"excerpt":{"rendered":"<p>IX Ciclo de Semin\u00e1rios do DEFIS Organiza\u00e7\u00e3o: GPET-F\u00edsica Data: 23\/11\/2017 T\u00edtulo: Efeito Magnetocal\u00f3rico Palestrante: Prof.a Dr.a Ana Lucia Ferreira (UTPR &#8211; Campus Guarapuava) Data: 09\/11\/2017 T\u00edtulo: S\u00edntese e Caracteriza\u00e7\u00e3o de Filmes Finos de BiFeO3-PbTiO3 Palestrante:\u00a0Lic. Catharine Stimer (mestranda do PPGQA &#8211; UNICENTRO) Data: 19\/10\/2017 T\u00edtulo:\u00a0Din\u00e2mica do Movimento de Animaispor meio da An\u00e1lise de Imagens e [&hellip;]<\/p>\n","protected":false},"author":3,"featured_media":0,"parent":151,"menu_order":3,"comment_status":"closed","ping_status":"open","template":"","meta":{"_exactmetrics_skip_tracking":false,"_exactmetrics_sitenote_active":false,"_exactmetrics_sitenote_note":"","_exactmetrics_sitenote_category":0,"footnotes":"","_links_to":"","_links_to_target":""},"class_list":["post-231","page","type-page","status-publish","hentry"],"_links":{"self":[{"href":"https:\/\/www3.unicentro.br\/petfisica\/wp-json\/wp\/v2\/pages\/231","targetHints":{"allow":["GET"]}}],"collection":[{"href":"https:\/\/www3.unicentro.br\/petfisica\/wp-json\/wp\/v2\/pages"}],"about":[{"href":"https:\/\/www3.unicentro.br\/petfisica\/wp-json\/wp\/v2\/types\/page"}],"author":[{"embeddable":true,"href":"https:\/\/www3.unicentro.br\/petfisica\/wp-json\/wp\/v2\/users\/3"}],"replies":[{"embeddable":true,"href":"https:\/\/www3.unicentro.br\/petfisica\/wp-json\/wp\/v2\/comments?post=231"}],"version-history":[{"count":0,"href":"https:\/\/www3.unicentro.br\/petfisica\/wp-json\/wp\/v2\/pages\/231\/revisions"}],"up":[{"embeddable":true,"href":"https:\/\/www3.unicentro.br\/petfisica\/wp-json\/wp\/v2\/pages\/151"}],"wp:attachment":[{"href":"https:\/\/www3.unicentro.br\/petfisica\/wp-json\/wp\/v2\/media?parent=231"}],"curies":[{"name":"wp","href":"https:\/\/api.w.org\/{rel}","templated":true}]}}