{"id":225,"date":"2019-08-14T15:53:00","date_gmt":"2019-08-14T18:53:00","guid":{"rendered":"https:\/\/www3.unicentro.br\/petfisica\/apresentacao-7\/"},"modified":"2023-12-19T15:15:41","modified_gmt":"2023-12-19T18:15:41","slug":"apresentacao","status":"publish","type":"page","link":"https:\/\/www3.unicentro.br\/petfisica\/atividades\/apresentacao\/","title":{"rendered":"O que \u00e9 a atividade &#8220;Egressos&#8221;?"},"content":{"rendered":"<div class=\"wpb-content-wrapper\"><p>[vc_row][vc_column][vc_column_text]<\/p>\n<p style=\"text-align: justify\" align=\"justify\"><span style=\"font-family: times new roman,times,serif;font-size: 12pt\">\u00a0 \u00a0O estudo do perfil de um curso universit\u00e1rio pode se dar de in\u00fameras formas, como pela an\u00e1lise da grade curricular, pelo estudo do perfil dos acad\u00eamicos ou at\u00e9 do foco geral dos campos de pesquisa dos docentes que ministram as aulas. O Grupo PET-F\u00edsica, dando continuidade as suas pesquisas de perfil discente, realizadas desde 2015 por aplica\u00e7\u00e3o de question\u00e1rios aos acad\u00eamicos do curso, decidiu realizar um levantamento acerca do perfil dos egressos do curso. O objetivo \u00e9 obter uma ideia geral da carreira trilhada por eles ap\u00f3s a conclus\u00e3o do curso de Licenciatura em F\u00edsica na Unicentro. Dessa forma, verifica-se se existe algum n\u00facleo de carreira espec\u00edfica seguido pelos formados, como o ingresso em p\u00f3s-gradua\u00e7\u00e3o, incorpora\u00e7\u00e3o \u00e0 carreira docente em ensino m\u00e9dio ou superior e tamb\u00e9m \u00e0 poss\u00edvel mudan\u00e7a de \u00e1rea de atua\u00e7\u00e3o, dentro ou fora da F\u00edsica. Dessa maneira, \u00e9 poss\u00edvel determinar a estrutura geral do caminho seguido depois da gradua\u00e7\u00e3o.<\/span><\/p>\n<p>[\/vc_column_text][\/vc_column][\/vc_row][vc_row][vc_column][vc_btn title=&#8221;Egresso 2005 &#8211; 2009&#8243; color=&#8221;juicy-pink&#8221; align=&#8221;left&#8221; link=&#8221;url:https%3A%2F%2Fwww3.unicentro.br%2Fpetfisica%2Fatividades%2F2006-2010-2%2F&#8221;][vc_btn title=&#8221;Egresso 2010 &#8211; 2014&#8243; color=&#8221;juicy-pink&#8221; align=&#8221;left&#8221; link=&#8221;url:https%3A%2F%2Fwww3.unicentro.br%2Fpetfisica%2Fatividades%2F2011-2015%2F&#8221;][vc_btn title=&#8221;Egresso 2015 &#8211; 2019&#8243; color=&#8221;juicy-pink&#8221; align=&#8221;left&#8221; link=&#8221;url:https%3A%2F%2Fwww3.unicentro.br%2Fpetfisica%2Fatividades%2F2016-2-6%2F&#8221;][vc_btn title=&#8221;Egresso 2020 &#8211; 2022&#8243; color=&#8221;juicy-pink&#8221; align=&#8221;left&#8221; link=&#8221;url:https%3A%2F%2Fwww3.unicentro.br%2Fpetfisica%2F2021-2024%2F&#8221;][\/vc_column][\/vc_row]<\/p>\n<\/div>","protected":false},"excerpt":{"rendered":"<p>[vc_row][vc_column][vc_column_text] \u00a0 \u00a0O estudo do perfil de um curso universit\u00e1rio pode se dar de in\u00fameras formas, como pela an\u00e1lise da grade curricular, pelo estudo do perfil dos acad\u00eamicos ou at\u00e9 do foco geral dos campos de pesquisa dos docentes que ministram as aulas. O Grupo PET-F\u00edsica, dando continuidade as suas pesquisas de perfil discente, realizadas [&hellip;]<\/p>\n","protected":false},"author":3,"featured_media":0,"parent":144,"menu_order":0,"comment_status":"closed","ping_status":"closed","template":"","meta":{"_exactmetrics_skip_tracking":false,"_exactmetrics_sitenote_active":false,"_exactmetrics_sitenote_note":"","_exactmetrics_sitenote_category":0,"footnotes":"","_links_to":"","_links_to_target":""},"class_list":["post-225","page","type-page","status-publish","hentry"],"_links":{"self":[{"href":"https:\/\/www3.unicentro.br\/petfisica\/wp-json\/wp\/v2\/pages\/225","targetHints":{"allow":["GET"]}}],"collection":[{"href":"https:\/\/www3.unicentro.br\/petfisica\/wp-json\/wp\/v2\/pages"}],"about":[{"href":"https:\/\/www3.unicentro.br\/petfisica\/wp-json\/wp\/v2\/types\/page"}],"author":[{"embeddable":true,"href":"https:\/\/www3.unicentro.br\/petfisica\/wp-json\/wp\/v2\/users\/3"}],"replies":[{"embeddable":true,"href":"https:\/\/www3.unicentro.br\/petfisica\/wp-json\/wp\/v2\/comments?post=225"}],"version-history":[{"count":2,"href":"https:\/\/www3.unicentro.br\/petfisica\/wp-json\/wp\/v2\/pages\/225\/revisions"}],"predecessor-version":[{"id":12143,"href":"https:\/\/www3.unicentro.br\/petfisica\/wp-json\/wp\/v2\/pages\/225\/revisions\/12143"}],"up":[{"embeddable":true,"href":"https:\/\/www3.unicentro.br\/petfisica\/wp-json\/wp\/v2\/pages\/144"}],"wp:attachment":[{"href":"https:\/\/www3.unicentro.br\/petfisica\/wp-json\/wp\/v2\/media?parent=225"}],"curies":[{"name":"wp","href":"https:\/\/api.w.org\/{rel}","templated":true}]}}