{"id":191,"date":"2017-05-08T00:00:00","date_gmt":"2017-05-08T03:00:00","guid":{"rendered":"https:\/\/www3.unicentro.br\/petfisica\/projetos-2015-2016\/"},"modified":"2019-03-22T15:16:29","modified_gmt":"2019-03-22T18:16:29","slug":"projetos-2015-2016","status":"publish","type":"page","link":"https:\/\/www3.unicentro.br\/petfisica\/atividades\/pesquisa\/projetos-2015-2016\/","title":{"rendered":"Projetos 2015 &#8211; 2016"},"content":{"rendered":"<p style=\"text-align: justify\"><span style=\"text-decoration: underline\"><span style=\"font-family: 'times new roman', times, serif;font-size: 12pt\">Desenvolvimento de comp\u00f3stos argila-hidroxila para fins biom\u00e9dicos<\/span><\/span><br \/>\n<span style=\"font-family: 'times new roman', times, serif;font-size: 12pt\"><strong>Petiana:<\/strong> Alaine Gomes<\/span><br \/>\n<span style=\"font-family: 'times new roman', times, serif;font-size: 12pt\"><strong>Orientador:<\/strong> Prof. Dr. Ricardo Yoshimitsu Miyahara<\/span><br \/>\n<span style=\"font-family: 'times new roman', times, serif;font-size: 12pt\">Resumo: A hidroxiapatita vem sendo usada em grande escala na produ\u00e7\u00e3o de materiais biocompat\u00edveis para aplica\u00e7\u00e3o na ind\u00fastria ortop\u00e9dica devido a sua similaridade com a fase mineral dos tecidos \u00f3sseos. Todavia, a hidroxiapatita \u00e9 uma cer\u00e2mica que possui baixas propriedades mec\u00e2nicas. Para melhorar a aplicabilidade do produto o presente trabalho tem o intuito de sintetizar compostos utilizando argilas como fase de refor\u00e7o para a hidroxiapatita. Dessa maneira, pretende-se obter um material que seja biocompat\u00edvel e que possua elevadas propriedades mec\u00e2nicas, com amostras produzidas por moagem de alta energia seguida de sinteriza\u00e7\u00e3o convencional, em seguidas as mesmas ser\u00e3o caracterizadas por diferentes t\u00e9cnicas quanto a sua composi\u00e7\u00e3o, resist\u00eancia mec\u00e2nica e biocompatibilidade.<\/span><\/p>\n<hr \/>\n<p style=\"text-align: justify\"><span style=\"text-decoration: underline\"><span style=\"font-family: 'times new roman', times, serif;font-size: 12pt\">Metodologia para o ensino de f\u00edsica: Entre deuses mitol\u00f3gicos e astros<\/span><\/span><br \/>\n<span style=\"font-family: 'times new roman', times, serif;font-size: 12pt\"><strong>Petiana:<\/strong> B\u00e1rbara de Almeida Silv\u00e9rio<\/span><br \/>\n<span style=\"font-family: 'times new roman', times, serif;font-size: 12pt\"><strong>Orientador:<\/strong> Prof. Dr. Ricardo Yoshimitsu Miyahara<\/span><br \/>\n<span style=\"font-family: 'times new roman', times, serif;font-size: 12pt\">Resumo: Todos os agrupamentos humanos viveram inicialmente sob o predom\u00ednio da mitologia, intuindo que algo superior a eles era respons\u00e1vel pelos fen\u00f4menos que n\u00e3o conseguiam explicar e dando explica\u00e7\u00f5es pr\u00f3ximas ou at\u00e9 mesmo id\u00eanticas. As hist\u00f3rias e mitos mais intrigantes de todos esses povos s\u00e3o em rela\u00e7\u00e3o ao Universo, \u00e0 sua cria\u00e7\u00e3o e forma\u00e7\u00e3o e \u00e0 influ\u00eancia que pode causar na vida terrestre. Com o passar dos mil\u00eanios e com o advento da tecnologia, fez-se poss\u00edvel explicar cientificamente a maioria desses pontos. Para que n\u00e3o se perca a import\u00e2ncia da Hist\u00f3ria e da Cultura passada e para enfatizar a import\u00e2ncia da aprendizagem da Astronomia no Ensino M\u00e9dio, este projeto tem por objetivo criar um m\u00e9todo de ensino da Astronomia atrav\u00e9s da mitologia.<\/span><\/p>\n<hr \/>\n<p style=\"text-align: justify\"><span style=\"text-decoration: underline\"><span style=\"font-family: 'times new roman', times, serif;font-size: 12pt\">Obten\u00e7\u00e3o do composto BiFeO3-PbTiO3 nanoestruturado<\/span><\/span><br \/>\n<span style=\"font-family: 'times new roman', times, serif;font-size: 12pt\"><strong>Petiana:<\/strong> Diana Maria Navroski Thomen<\/span><br \/>\n<span style=\"font-family: 'times new roman', times, serif;font-size: 12pt\"><strong>Orientador:<\/strong> Prof. Dr. Valdirlei F. Freitas<\/span><br \/>\n<span style=\"font-family: 'times new roman', times, serif;font-size: 12pt\">Resumo: Com o avan\u00e7o da tecnologia, tem-se pesquisado formas de melhorar os mat\u00e9rias j\u00e1 existentes, miniaturizando e, principalmente, reduzindo os custos de tais dispositivos. Neste sentido materiais multifuncionais s\u00e3o muito procurados, por terem duas ou mais fun\u00e7\u00f5es, dentre eles temos os mat\u00e9rias magnetoel\u00e9tricos, que podem ser utilizado para confeccionar avan\u00e7ados dispositivos de armazenamento de dados (como as mem\u00f3rias para computadores). Um candidato promissor para essas \u00e9 o composto BiFeO3-PbTiO3, o qual, dopado com La (BFPT-L), apresenta boas perspectivas para a confec\u00e7\u00e3o dos dispositivos magnetoel\u00e9tricos. O principal desafio encontrado para os estudos das respostas propriedades\/nanoestrutura desses materiais est\u00e1, justamente, na produ\u00e7\u00e3o das nanopart\u00edculas de materiais magnetoel\u00e9tricos. A experi\u00eancia nos mostra que as rotas qu\u00edmicas t\u00eam sido empregadas com bastante efici\u00eancia na produ\u00e7\u00e3o de nano-part\u00edculas. Assim, no presente trabalho pretendemos sintetizar o composto BiFeO3-PbTiO3 + 3% La (BFPT-3L) via m\u00e9todo de Pechini, no qual o crescimento das nano-part\u00edculas pode ser inteiramente controlado.<\/span><\/p>\n<hr \/>\n<p style=\"text-align: justify\"><span style=\"text-decoration: underline\"><span style=\"font-family: 'times new roman', times, serif;font-size: 12pt\">Caracteriza\u00e7\u00e3o de cer\u00e2micas ferroel\u00e9tricas de titanato-zirconato de chumbo via espectroscopia fotoac\u00fastica<\/span><\/span><br \/>\n<span style=\"font-family: 'times new roman', times, serif;font-size: 12pt\"><strong>Petiana:<\/strong> Gabriele Chomen Costa<\/span><br \/>\n<span style=\"font-family: 'times new roman', times, serif;font-size: 12pt\"><strong>Orientador:<\/strong> Prof. Dr. Pedro Pablo Gonz\u00e1lez Borrero<\/span><br \/>\n<span style=\"font-family: 'times new roman', times, serif;font-size: 12pt\">Resumo: As perovskitas do tipo ABO3 tem muitas aplica\u00e7\u00f5es na tecnologia de materiais ferroel\u00e9tricos, entre as perovskitas o composto titanato zirconato de chumbo (PZT) ganha destaque por converter at\u00e9 80% de sua energia mec\u00e2nica em el\u00e9trica, sendo assim \u00e9 adequado para v\u00e1rios dispositivos eletr\u00f4nicos como mem\u00f3rias n\u00e3o vol\u00e1teis e sensores infravermelho. O sistema pesquisado foi o\u00a0 PbZrxTix-1O3, com valores de x = 0,40; 0,53 e 0,60. Al\u00e9m disso, amostras de refer\u00eancias de PZ e PT ser\u00e3o caracterizadas para efeito de compara\u00e7\u00e3o. A caracteriza\u00e7\u00e3o ser\u00e1 por espectroscopia fotoac\u00fastica, e visa verificar se o GAP de energia se diferencia para cada fra\u00e7\u00e3o molar, conforme diferentes valores de potencias de excita\u00e7\u00f5es s\u00e3o aplicadas.<\/span><\/p>\n<hr \/>\n<p style=\"text-align: justify\"><span style=\"text-decoration: underline\"><span style=\"font-family: 'times new roman', times, serif;font-size: 12pt\">Aproxima\u00e7\u00f5es de Deutsch e Debye para o Potencial Coulombiano no Estudo de Din\u00e2mica Molecular de Plasma<\/span><\/span><br \/>\n<span style=\"font-family: 'times new roman', times, serif;font-size: 12pt\"><strong>Petiano:<\/strong> Marcelo Henrique Penteado<\/span><br \/>\n<span style=\"font-family: 'times new roman', times, serif;font-size: 12pt\"><strong>Orientador:<\/strong> Prof. Dr. Eduardo Vicentini<\/span><br \/>\n<span style=\"font-family: 'times new roman', times, serif;font-size: 12pt\">Resumo: A Din\u00e2mica Molecular consiste em uma t\u00e9cnica de simula\u00e7\u00e3o computacional. No planejamento, o tipo de potencial a ser utilizado \u00e9 um dos aspectos importantes a ser avaliado e \u00e9 definido de acordo com as caracter\u00edsticas da subst\u00e2ncia estudada. Este estudo trata-se de um sistema de plasma de dois componentes (el\u00e9trons-\u00edons) que interagem atrav\u00e9s do potencial Coulombiano. Este diverge em pequenas dist\u00e2ncias entre as part\u00edculas, produzindo grandes flutua\u00e7\u00f5es nas grandezas observadas. De modo a contornar este problema \u00e9 utilizada a aproxima\u00e7\u00e3o de Debye (blindagem) para grandes dist\u00e2ncias e a aproxima\u00e7\u00e3o de Deutsch para pequenas dist\u00e2ncias, modificando a forma original do potencial Coulombiano. O objetivo do trabalho \u00e9 investigar os efeitos deste potencial Coulombiano modificado, considerando sua a\u00e7\u00e3o em grandes e pequenas dist\u00e2ncias, no plasma em diferentes densidades, por meio do desenvolvimento de c\u00f3digos na linguagem de programa\u00e7\u00e3o Fortran 90.<\/span><\/p>\n<hr \/>\n<p style=\"text-align: justify\"><span style=\"text-decoration: underline\"><span style=\"font-family: 'times new roman', times, serif;font-size: 12pt\">Cogumelos comest\u00edveis cultivados em substratos derivados do caf\u00e9: um estudo fotoac\u00fastico<\/span><\/span><br \/>\n<span style=\"font-family: 'times new roman', times, serif;font-size: 12pt\"><strong>Petiano:<\/strong> Matheus Wesley Pretko<\/span><br \/>\n<span style=\"font-family: 'times new roman', times, serif;font-size: 12pt\"><strong>Orientador:<\/strong> Prof. Dr. Pedro Pablo Gonz\u00e1lez Borrero<\/span><br \/>\n<span style=\"font-family: 'times new roman', times, serif;font-size: 12pt\">Resumo: Cogumelos possuem a propriedade de absorver nutrientes de seu substrato atrav\u00e9s de suas hifas vegetativas. O cultivo de cogumelos em substratos derivados do caf\u00e9 resulta em uma absor\u00e7\u00e3o de compostos como teobromina, cafe\u00edna, taninos e \u00e1cidos clorog\u00eanicos. Este projeto consiste na utiliza\u00e7\u00e3o da espectroscopia fotoac\u00fastica para a an\u00e1lise da absor\u00e7\u00e3o de cafe\u00edna em cogumelos do g\u00eanero Pleurotus cultivados em res\u00edduos de caf\u00e9. Por meio da espectroscopia fotoac\u00fastica, ser\u00e1 poss\u00edvel medir o espectro de absor\u00e7\u00e3o \u00f3ptica das amostras de cogumelos, e a partir dele avaliar se aconteceu a absor\u00e7\u00e3o ou n\u00e3o dos compostos pelo cogumelo.<\/span><\/p>\n<hr \/>\n<p style=\"text-align: justify\"><span style=\"text-decoration: underline\"><span style=\"font-family: 'times new roman', times, serif;font-size: 12pt\">Caracteriza\u00e7\u00e3o de histerese ferroel\u00e9trica do composto BiFeO3-PbTiO3 dopado com diferentes percentuais de La<\/span><\/span><br \/>\n<span style=\"font-family: 'times new roman', times, serif;font-size: 12pt\"><strong>Petiano:<\/strong> Maycol W. Szpunar<\/span><br \/>\n<span style=\"font-family: 'times new roman', times, serif;font-size: 12pt\"><strong>Orientador:<\/strong> Prof. Dr. Valdirlei F. Freita<\/span><br \/>\n<span style=\"font-family: 'times new roman', times, serif;font-size: 12pt\">Resumo: Dando sequ\u00eancia aos estudos do comportamento do composto BF-PT para poss\u00edveis aplica\u00e7\u00f5es ao mundo da eletr\u00f4nica, agora buscamos determinar os comportamentos estruturais perante a atua\u00e7\u00e3o de potenciais elevados e medir a polariza\u00e7\u00e3o do composto, pois sabe-se que a estrutura do mesmo, apresenta-se de forma rhombohedral e as orienta\u00e7\u00f5es dos dipolos e sua estrutura tendem sempre buscar a mais baixa energia em seu meio. Sob a aplica\u00e7\u00e3o de um potencial elevado ocorre uma reorienta\u00e7\u00e3o desses dipolos que por sua vez acaba por afetar a estrutura da amostra, essas orienta\u00e7\u00f5es s\u00e3o acompanhadas de uma desfase com o campo el\u00e9trico aplicado. O que acaba por gerar histereses do tipo ferroel\u00e9trica. As caracteriza\u00e7\u00f5es ser\u00e3o feitas conforme os seguintes de varia\u00e7\u00f5es: Temperatura, campo el\u00e9trico vari\u00e1vel, campo magn\u00e9tico e a concentra\u00e7\u00e3o de dopante no caso La. O m\u00e9todo utilizado ser\u00e1 o mesmo que comp\u00f5em o circuito Sawyer Tower.<\/span><\/p>\n<hr \/>\n<p style=\"text-align: justify\"><span style=\"text-decoration: underline\"><span style=\"font-family: 'times new roman', times, serif;font-size: 12pt\">Tempos entre pulos em sistema din\u00e2micos ca\u00f3ticos<\/span><\/span><br \/>\n<span style=\"font-family: 'times new roman', times, serif;font-size: 12pt\"><strong>Petiano:<\/strong> Paulo Henrique Gonsalves<\/span><br \/>\n<span style=\"font-family: 'times new roman', times, serif;font-size: 12pt\"><strong>Orientador:<\/strong> Prof. Dr. Eduardo Vicentini<\/span><br \/>\n<span style=\"font-family: 'times new roman', times, serif;font-size: 12pt\">Resumo: O tempo de espera ou tempo de colis\u00f5es \u00e9 uma vari\u00e1vel importante na classifica\u00e7\u00e3o de um sistema din\u00e2mico. Seu valor m\u00e9dio constitui par\u00e2metros de caracteriza\u00e7\u00e3o e a forma de sua distribui\u00e7\u00e3o de probabilidades influ\u00eancia os processos de transporte do sistema (como transporte de calor), podem classificar a maneira de difus\u00e3o (normal ou an\u00f4mala) e decaimento e os tempos de primeiro retorno. No estudo de tais sistemas ser\u00e3o usadas duas ferramentas de grande import\u00e2ncia. As se\u00e7\u00f5es de Poincar\u00e8, utilizadas para estudar sistemas din\u00e2micos de tempo cont\u00ednuo, definem um novo sistema din\u00e2mico discreto chamado mapa e o tempo entre cruzamentos das trajet\u00f3rias do sistemas com a se\u00e7\u00e3o s\u00e3o considerados os tempos de colis\u00e3o. A segunda ferramenta \u00e9 uma nova classe de distribui\u00e7\u00f5es estat\u00edsticas que surgiu com o desenvolvimento da Mec\u00e2nica Estat\u00edstica N\u00e3o-Extensiva e que s\u00e3o conhecidas como q-gaussianas. Sistemas com um tipo de mem\u00f3ria e que mantem padr\u00f5es com um tempo mais longo s\u00e3o melhores descritos por esta estat\u00edstica.<\/span><\/p>\n<hr \/>\n<p style=\"text-align: justify\"><span style=\"text-decoration: underline\"><span style=\"font-family: 'times new roman', times, serif;font-size: 12pt\">Espectroscopia fotoac\u00fastica aplicada na caracteriza\u00e7\u00e3o de cer\u00e2micas biocompat\u00edveis a base de fosfatos de c\u00e1lcio<\/span><\/span><br \/>\n<span style=\"font-family: 'times new roman', times, serif;font-size: 12pt\"><strong>Petiano:<\/strong>\u00a0Vin\u00edcius Cesar de Oliveira<\/span><br \/>\n<span style=\"font-family: 'times new roman', times, serif;font-size: 12pt\"><strong>Orientador:<\/strong> Prof. Dr. Pedro Pablo Gonz\u00e1lez Borrero<\/span><br \/>\n<span style=\"font-family: 'times new roman', times, serif;font-size: 12pt\">Resumo: Os materiais cer\u00e2micos s\u00e3o amplamente utilizados no cotidiano, desde vidros at\u00e9 implantes dent\u00e1rios. Quanto a sua utiliza\u00e7\u00e3o em implantes, um material que vem sendo amplamente estudado e utilizado \u00e9 a hidroxiapatita, devido principalmente pela sua biocompatibilidade. A hidroxiapatita \u00e9 um fosfato de c\u00e1lcio natural presente na estrutura \u00f3ssea. Uma de suas principais variantes \u00e9 o \u03b2-fosfato tric\u00e1lcico, que al\u00e9m da biocompatibilidade, \u00e9 reabsorv\u00edvel pelo meio externo. A partir de ossos de peixes, sintetizados a temperaturas em torno de 1000 \u00b0C, o presente trabalho visa, atrav\u00e9s do m\u00e9todo de espectroscopia fotoac\u00fastica, avaliar quais as mudan\u00e7as que podem ocorrer com as amostras conforme as diferentes temperaturas de tratamento.<\/span><\/p>\n","protected":false},"excerpt":{"rendered":"<p>Desenvolvimento de comp\u00f3stos argila-hidroxila para fins biom\u00e9dicos Petiana: Alaine Gomes Orientador: Prof. Dr. Ricardo Yoshimitsu Miyahara Resumo: A hidroxiapatita vem sendo usada em grande escala na produ\u00e7\u00e3o de materiais biocompat\u00edveis para aplica\u00e7\u00e3o na ind\u00fastria ortop\u00e9dica devido a sua similaridade com a fase mineral dos tecidos \u00f3sseos. Todavia, a hidroxiapatita \u00e9 uma cer\u00e2mica que possui baixas [&hellip;]<\/p>\n","protected":false},"author":3,"featured_media":0,"parent":150,"menu_order":0,"comment_status":"open","ping_status":"open","template":"","meta":{"_exactmetrics_skip_tracking":false,"_exactmetrics_sitenote_active":false,"_exactmetrics_sitenote_note":"","_exactmetrics_sitenote_category":0,"footnotes":"","_links_to":"","_links_to_target":""},"class_list":["post-191","page","type-page","status-publish","hentry"],"_links":{"self":[{"href":"https:\/\/www3.unicentro.br\/petfisica\/wp-json\/wp\/v2\/pages\/191","targetHints":{"allow":["GET"]}}],"collection":[{"href":"https:\/\/www3.unicentro.br\/petfisica\/wp-json\/wp\/v2\/pages"}],"about":[{"href":"https:\/\/www3.unicentro.br\/petfisica\/wp-json\/wp\/v2\/types\/page"}],"author":[{"embeddable":true,"href":"https:\/\/www3.unicentro.br\/petfisica\/wp-json\/wp\/v2\/users\/3"}],"replies":[{"embeddable":true,"href":"https:\/\/www3.unicentro.br\/petfisica\/wp-json\/wp\/v2\/comments?post=191"}],"version-history":[{"count":0,"href":"https:\/\/www3.unicentro.br\/petfisica\/wp-json\/wp\/v2\/pages\/191\/revisions"}],"up":[{"embeddable":true,"href":"https:\/\/www3.unicentro.br\/petfisica\/wp-json\/wp\/v2\/pages\/150"}],"wp:attachment":[{"href":"https:\/\/www3.unicentro.br\/petfisica\/wp-json\/wp\/v2\/media?parent=191"}],"curies":[{"name":"wp","href":"https:\/\/api.w.org\/{rel}","templated":true}]}}