{"id":176,"date":"2015-08-10T00:00:00","date_gmt":"2015-08-10T03:00:00","guid":{"rendered":"https:\/\/www3.unicentro.br\/petfisica\/em-2015\/"},"modified":"2018-09-13T11:55:41","modified_gmt":"2018-09-13T14:55:41","slug":"em-2015","status":"publish","type":"page","link":"https:\/\/www3.unicentro.br\/petfisica\/producao\/em-2015\/","title":{"rendered":"Em 2015"},"content":{"rendered":"<p>&nbsp;<\/p>\n<ol>\n<li style=\"text-align: justify\"><span style=\"font-family: times new roman,times,serif\"><strong>SZPUNAR M.W<\/strong><b>.<\/b>; FREITAS V. F. <span style=\"color: #000000;font-family: Arial,Helvetica,sans-serif;font-size: small\"><span style=\"font-family: times new roman,times,serif;font-size: 12pt\">Characterization effect of the magnetoelectrical on BiFeO3-PbTiO3 compound by resistivity and temperature measurements<\/span>.<\/span><span style=\"color: #000000;font-size: small\"><span style=\"font-size: 12pt\"> Em: XXXVIII Encontro de F\u00edsica da Mat\u00e9ria Condensada, 2015, Foz do Igua\u00e7u<\/span> &#8211; <\/span><\/span><span style=\"color: #000000;font-size: small\">PR, <\/span>Anais do XXXVIII Encontro Nacional de F\u00edsica da Mat\u00e9ria Condensada, 2015.<\/li>\n<li style=\"text-align: justify\"><strong>GOMES, A.;<\/strong> MIYAHARA, R.Y<strong>.;<\/strong> Thermal Analysis of Nanoparticles of Cobalt obtained by Hydrothermal Method<strong>. <\/strong>Em: XXXVIII Encontro de F\u00edsica da Mat\u00e9ria Condensada, 2015, Foz do Igua\u00e7u\u2013 PR, Anais do XXXVIII Encontro Nacional de F\u00edsica da Mat\u00e9ria Condensada, 2015.<\/li>\n<li style=\"text-align: justify\"><strong>BALTOKOSKI, L. B<\/strong>. MOURA, N. M. An\u00e1lise do Perfil dos Alunos da Quarta S\u00e9rie do Curso De F\u00edsica Atrav\u00e9s do Question\u00e1rio Elaborado pelo<em> PET-F\u00cdSICA 2015<\/em>. Em: IV Semana de Integra\u00e7\u00e3o Ensino, Pesquisa e Extens\u00e3o &#8211; SIEPE, 2015. Guarapuava \u2013 PR, Anais do : IV Semana de Integra\u00e7\u00e3o Ensino, Pesquisa e Extens\u00e3o \u2013 SIEPE.<\/li>\n<li style=\"text-align: justify\"><strong>THOMEN D.M.N.<\/strong>; BORRERO P. P. G.&nbsp;An\u00e1lise do Perfil dos Alunos Matriculados no Primeiro Ano do Curso de Licenciatura em F\u00edsica.&nbsp;Em: IV Semana de integra\u00e7\u00e3o Ensino, Pesquisa e Extens\u00e3o, 2015, Guarapuava&nbsp;\u2013&nbsp;PR,&nbsp;Anais do IV Semana de integra\u00e7\u00e3o Ensino, Pesquisa e Extens\u00e3o, 2015.<\/li>\n<li style=\"text-align: justify\"><strong>GONSALVES, P. H<\/strong>. SZPUNAR, M. W. O Perfil dos Alunos Matriculados no Terceiro Ano do Curso de Licenciatura em F\u00edsica da Unicentro: Um Estudo Estat\u00edstico. Em: IV Semana de Integra\u00e7\u00e3o Ensino, Pesquisa e Extens\u00e3o &#8211; SIEPE, 2015. Guarapuava \u2013 PR, Anais do : IV Semana de Integra\u00e7\u00e3o Ensino, Pesquisa e Extens\u00e3o \u2013 SIEPE.<\/li>\n<li style=\"text-align: justify\"><strong>GONSALVES, P. H<\/strong>. MIYAHARA, R. Y. Influ\u00eancia do Tratamento T\u00e9rmico na Obten\u00e7\u00e3o de Nanopart\u00edculas Magn\u00e9ticas Contendo Cobalto. Em: IV Semana de Integra\u00e7\u00e3o Ensino, Pesquisa e Extens\u00e3o &#8211; SIEPE, 2015. Guarapuava \u2013 PR, Anais do : IV Semana de Integra\u00e7\u00e3o Ensino, Pesquisa e Extens\u00e3o \u2013 SIEPE.<\/li>\n<li style=\"text-align: justify\"><strong>GOMES, A.<\/strong> MIYAHARA, R. Y. S\u00edntese e Caracteriza\u00e7\u00e3o de Nanopart\u00edculas de Cobalto pelo M\u00e9todo Hidrot\u00e9rmico. Em: IV Semana de Integra\u00e7\u00e3o Ensino, Pesquisa e Extens\u00e3o &#8211; SIEPE, 2015. Guarapuava \u2013 PR, Anais do : IV Semana de Integra\u00e7\u00e3o Ensino, Pesquisa e Extens\u00e3o \u2013 SIEPE.<\/li>\n<li style=\"text-align: justify\"><strong>GOMES, A.<\/strong> OLIVEIRA, V. C. ALVES, B.&nbsp; Avalia\u00e7\u00e3o do Perfil dos Alunos no Segundo Ano do Curso de Licenciatura em F\u00edsica da Universidade Esadual do Centro-Oeste. Em: IV Semana de Integra\u00e7\u00e3o Ensino, Pesquisa e Extens\u00e3o &#8211; SIEPE, 2015. Guarapuava \u2013 PR, Anais do : IV Semana de Integra\u00e7\u00e3o Ensino, Pesquisa e Extens\u00e3o \u2013 SIEPE.<\/li>\n<li style=\"text-align: justify\"><strong>MORAES, A. M<\/strong>. VICENTINI, E. Exponenciais Estendidas Como Modelo de Libera\u00e7\u00e3o de F\u00e1rmacos. Em: IV Semana de Integra\u00e7\u00e3o Ensino, Pesquisa e Extens\u00e3o &#8211; SIEPE, 2015. Guarapuava \u2013 PR, Anais do : IV Semana de Integra\u00e7\u00e3o Ensino, Pesquisa e Extens\u00e3o \u2013 SIEPE.<\/li>\n<li style=\"text-align: justify\"><strong>SZPUNAR, M. W.<\/strong> FREITAS, V. F. Caracteriza\u00e7\u00e3o do Efeito Magnetoel\u00e9trico do Composto BiFeO3-PbTiO-3 pelo M\u00e9todo da Resistividade. Em: IV Semana de Integra\u00e7\u00e3o Ensino, Pesquisa e Extens\u00e3o &#8211; SIEPE, 2015. Guarapuava \u2013 PR, Anais do : IV Semana de Integra\u00e7\u00e3o Ensino, Pesquisa e Extens\u00e3o \u2013 SIEPE.<\/li>\n<li style=\"text-align: justify\"><strong>MOURA, N. G.<\/strong> BORRERO, P. P. G. Estudo de Filtros Solares a Base de Agente Natural Argila na Composi\u00e7\u00e3o de Protetores Solares via T\u00e9cnica de Espectrometria Fotoac\u00fastica. Em: IV Semana de Integra\u00e7\u00e3o Ensino, Pesquisa e Extens\u00e3o &#8211; SIEPE, 2015. Guarapuava \u2013 PR, Anais do : IV Semana de Integra\u00e7\u00e3o Ensino, Pesquisa e Extens\u00e3o \u2013 SIEPE.<\/li>\n<\/ol>\n<p>&nbsp;<\/p>\n","protected":false},"excerpt":{"rendered":"<p>&nbsp; SZPUNAR M.W.; FREITAS V. F. Characterization effect of the magnetoelectrical on BiFeO3-PbTiO3 compound by resistivity and temperature measurements. Em: XXXVIII Encontro de F\u00edsica da Mat\u00e9ria Condensada, 2015, Foz do Igua\u00e7u &#8211; PR, Anais do XXXVIII Encontro Nacional de F\u00edsica da Mat\u00e9ria Condensada, 2015. GOMES, A.; MIYAHARA, R.Y.; Thermal Analysis of Nanoparticles of Cobalt obtained [&hellip;]<\/p>\n","protected":false},"author":3,"featured_media":0,"parent":155,"menu_order":0,"comment_status":"open","ping_status":"open","template":"","meta":{"_exactmetrics_skip_tracking":false,"_exactmetrics_sitenote_active":false,"_exactmetrics_sitenote_note":"","_exactmetrics_sitenote_category":0,"footnotes":"","_links_to":"","_links_to_target":""},"class_list":["post-176","page","type-page","status-publish","hentry"],"_links":{"self":[{"href":"https:\/\/www3.unicentro.br\/petfisica\/wp-json\/wp\/v2\/pages\/176","targetHints":{"allow":["GET"]}}],"collection":[{"href":"https:\/\/www3.unicentro.br\/petfisica\/wp-json\/wp\/v2\/pages"}],"about":[{"href":"https:\/\/www3.unicentro.br\/petfisica\/wp-json\/wp\/v2\/types\/page"}],"author":[{"embeddable":true,"href":"https:\/\/www3.unicentro.br\/petfisica\/wp-json\/wp\/v2\/users\/3"}],"replies":[{"embeddable":true,"href":"https:\/\/www3.unicentro.br\/petfisica\/wp-json\/wp\/v2\/comments?post=176"}],"version-history":[{"count":0,"href":"https:\/\/www3.unicentro.br\/petfisica\/wp-json\/wp\/v2\/pages\/176\/revisions"}],"up":[{"embeddable":true,"href":"https:\/\/www3.unicentro.br\/petfisica\/wp-json\/wp\/v2\/pages\/155"}],"wp:attachment":[{"href":"https:\/\/www3.unicentro.br\/petfisica\/wp-json\/wp\/v2\/media?parent=176"}],"curies":[{"name":"wp","href":"https:\/\/api.w.org\/{rel}","templated":true}]}}