{"id":16448,"date":"2026-01-05T22:28:31","date_gmt":"2026-01-06T01:28:31","guid":{"rendered":"https:\/\/www3.unicentro.br\/petfisica\/?page_id=16448"},"modified":"2026-04-14T15:04:06","modified_gmt":"2026-04-14T18:04:06","slug":"atividades-cinepet-2026","status":"publish","type":"page","link":"https:\/\/www3.unicentro.br\/petfisica\/atividades-cinepet-2026\/","title":{"rendered":"2026"},"content":{"rendered":"<div class=\"wpb-content-wrapper\"><p>[vc_row][vc_column][vc_hoverbox image=&#8221;8662&#8243; primary_title=&#8221;Um desastre como o Brasil nunca viu. &#8221; hover_title=&#8221;23\u00aa Sess\u00e3o Cine PET:&#8221; shape=&#8221;round&#8221;]<\/p>\n<p style=\"text-align: left\"><span style=\"font-family: times new roman,times,serif;font-size: 12pt\"><strong>N\u00famero de Participantes: 4<\/strong>\u00a0(Contando com o petiano moderador).<\/span><\/p>\n<p style=\"text-align: left\"><span style=\"font-family: times new roman,times,serif;font-size: 12pt\"><strong>Petiano Moderador: <\/strong>Angelo Zanona Neto.<\/span><\/p>\n<p style=\"text-align: left\"><span style=\"font-family: times new roman,times,serif;font-size: 12pt\"><strong>Data em que foi realizada a sess\u00e3o: <\/strong>09 de abril, 13h30 \u00e0s 14h30<\/span><\/p>\n<p style=\"text-align: left\"><span style=\"font-family: times new roman,times,serif;font-size: 12pt\"><strong>Local:<\/strong> sala 4 do DEFSIS.<\/span><\/p>\n<p style=\"text-align: justify\"><span style=\"font-size: 12pt;font-family: 'times new roman', times, serif\"><strong>Sinopse:<\/strong> Emerg\u00eancia Radioativa (2026), miniss\u00e9rie brasileira da Netflix em 5 epis\u00f3dios, dramatiza o acidente radiol\u00f3gico de Goi\u00e2nia em 1987, o maior fora de uma usina nuclear. A trama narra a contamina\u00e7\u00e3o por C\u00e9sio-137 ap\u00f3s catadores abrirem um aparelho de radioterapia abandonado, focando na corrida contra o tempo de m\u00e9dicos e cientistas para conter o desastre.<\/span><\/p>\n<p>[\/vc_hoverbox][\/vc_column][\/vc_row]<\/p>\n<\/div>","protected":false},"excerpt":{"rendered":"<p>[vc_row][vc_column][vc_hoverbox image=&#8221;8662&#8243; primary_title=&#8221;Um desastre como o Brasil nunca viu. &#8221; hover_title=&#8221;23\u00aa Sess\u00e3o Cine PET:&#8221; shape=&#8221;round&#8221;] N\u00famero de Participantes: 4\u00a0(Contando com o petiano moderador). Petiano Moderador: Angelo Zanona Neto. Data em que foi realizada a sess\u00e3o: 09 de abril, 13h30 \u00e0s 14h30 Local: sala 4 do DEFSIS. Sinopse: Emerg\u00eancia Radioativa (2026), miniss\u00e9rie brasileira da Netflix em [&hellip;]<\/p>\n","protected":false},"author":550,"featured_media":0,"parent":0,"menu_order":0,"comment_status":"closed","ping_status":"closed","template":"","meta":{"_exactmetrics_skip_tracking":false,"_exactmetrics_sitenote_active":false,"_exactmetrics_sitenote_note":"","_exactmetrics_sitenote_category":0,"footnotes":"","_links_to":"","_links_to_target":""},"class_list":["post-16448","page","type-page","status-publish","hentry"],"_links":{"self":[{"href":"https:\/\/www3.unicentro.br\/petfisica\/wp-json\/wp\/v2\/pages\/16448","targetHints":{"allow":["GET"]}}],"collection":[{"href":"https:\/\/www3.unicentro.br\/petfisica\/wp-json\/wp\/v2\/pages"}],"about":[{"href":"https:\/\/www3.unicentro.br\/petfisica\/wp-json\/wp\/v2\/types\/page"}],"author":[{"embeddable":true,"href":"https:\/\/www3.unicentro.br\/petfisica\/wp-json\/wp\/v2\/users\/550"}],"replies":[{"embeddable":true,"href":"https:\/\/www3.unicentro.br\/petfisica\/wp-json\/wp\/v2\/comments?post=16448"}],"version-history":[{"count":3,"href":"https:\/\/www3.unicentro.br\/petfisica\/wp-json\/wp\/v2\/pages\/16448\/revisions"}],"predecessor-version":[{"id":16847,"href":"https:\/\/www3.unicentro.br\/petfisica\/wp-json\/wp\/v2\/pages\/16448\/revisions\/16847"}],"wp:attachment":[{"href":"https:\/\/www3.unicentro.br\/petfisica\/wp-json\/wp\/v2\/media?parent=16448"}],"curies":[{"name":"wp","href":"https:\/\/api.w.org\/{rel}","templated":true}]}}