{"id":502,"date":"2019-04-30T16:12:19","date_gmt":"2019-04-30T19:12:19","guid":{"rendered":"https:\/\/www3.unicentro.br\/petfilosofia\/?page_id=502"},"modified":"2019-04-30T16:12:19","modified_gmt":"2019-04-30T19:12:19","slug":"502-2","status":"publish","type":"page","link":"https:\/\/www3.unicentro.br\/petfilosofia\/502-2\/","title":{"rendered":""},"content":{"rendered":"<table>\n<tbody>\n<tr>\n<td><strong>Pensionato Sovrani <\/strong><\/p>\n<p>Endere\u00e7o: Rua Bar\u00e3o de Capanema, n\u00ba 522, Bairro Santa Cruz.<\/p>\n<p>Telefone: 42 9.9921.5229<\/p>\n<p>Quarto individual: R$ 60,00 di\u00e1ria.<\/p>\n<p>4 refei\u00e7\u00f5es.<\/p>\n<p>Internet.<\/p>\n<p>Tv a cabo.<\/td>\n<\/tr>\n<tr>\n<td><strong>Hotel Libra &#8211; <\/strong>Incluso caf\u00e9<\/p>\n<p>Rua Azevedo Portugal, n\u00ba 557, Centro.<\/p>\n<p>Telefone: 42 3035.6537<\/p>\n<p>Quarto triplo: R$ 195,00 (<em>com ar-condicionado<\/em>), R$ 65,00 por pessoa<\/p>\n<p>Quarto duplo: R$ 120,00 (60 por pessoa)<\/p>\n<p>Quarto Individual: R$ 75,00<\/p>\n<p>Quarta individual para casal:\u00a0 R$ 95,00<\/td>\n<\/tr>\n<tr>\n<td><strong>Hotel Santa Helena &#8211; <\/strong>Incluso caf\u00e9<\/p>\n<p>Rua Dr. Laranjeiras, n\u00ba 913, Centro.<\/p>\n<p>Telefone: 42 3035.6225<\/p>\n<p>Quarto individual: R$ 65,00 (<em>com ventilador<\/em>)<\/p>\n<p>Quarto duplo: R$ 110,00 (<em>com ventilador<\/em>)<\/p>\n<p>Quarto triplo: R$ 140,00 (<em>com ventilador<\/em>)<\/p>\n<p>Quarto individual: R$ 80,00 (<em>com ar-condicionado<\/em>)<\/p>\n<p>Quarto duplo: R$ 130,00 (<em>com ar-condicionado<\/em>)<\/p>\n<p>Quarto triplo: R$ 170,00 (<em>com ar-condicionado<\/em>)<\/td>\n<\/tr>\n<tr>\n<td><strong>Hotel Souza &#8211; <\/strong>Incluso caf\u00e9<\/p>\n<p>Rua Bar\u00e3o do Rio Branco, n\u00ba 912, Centro.<\/p>\n<p>Telefone: 42 3623 2137<\/p>\n<p>Quarto individual <em>sem<\/em> ar-condicionado: R$ 60,00<\/p>\n<p>Quarto individual <em>com<\/em> ar-condicionado: R$ 80,00<\/p>\n<p>Quarto duplo <em>sem<\/em> ar-condicionado: R$ 110,00<\/p>\n<p>Quarto duplo <em>com<\/em> ar-condicionado: R$ 150,00<\/p>\n<p>Quarto triplo <em>sem<\/em> ar-condicionado: R$ 160,00<\/p>\n<p>Quarto triplo <em>com<\/em> ar-condicionado: R$ 210,00<\/td>\n<\/tr>\n<tr>\n<td><strong>Pensionato da Solange <\/strong>\u2013 Incluso caf\u00e9<\/p>\n<p>Rua Coronel Lustosa, n\u00ba 1915, centro.<\/p>\n<p>Telefone: 42 9 9926 2223<\/p>\n<p>Beliche: R$ 75,00.<\/td>\n<\/tr>\n<tr>\n<td><strong>Hotel Princesa &#8211; <\/strong>Incluso caf\u00e9<\/p>\n<p>Rua Vicente Machado, n\u00ba 1800, Centro<\/p>\n<p>Telefone: 42 3623 2296<\/p>\n<p>Quarto individual: R$ 65,00<\/p>\n<p>Quarto duplo: (R$ 51,00 por pessoa) R$ 102,00<\/td>\n<\/tr>\n<tr>\n<td><strong>Puava Hotel &#8211; <\/strong>Incluso caf\u00e9<\/p>\n<p>Rua Pedro Alves, n\u00ba 1083, centro.<\/p>\n<p>Telefone: 42 3623 6065<\/p>\n<p>Quarto individual: R$ 70,00 (sem ar-condicionado)<\/p>\n<p>Quarto individual: R$ 80,00 (com ar-condicionado)<\/p>\n<p>Quarto duplo: R$ 120,00 (sem ar-condicionado)<\/p>\n<p>Quarto duplo: R$ 160,00 (com ar-condicionado)<\/p>\n<p>Quarto triplo: R$ 160,00 (sem ar-condicionado)<\/td>\n<\/tr>\n<\/tbody>\n<\/table>\n<p>&nbsp;<\/p>\n<p>&nbsp;<\/p>\n<p>&nbsp;<\/p>\n<p>&nbsp;<\/p>\n<p>&nbsp;<\/p>\n<p>&nbsp;<\/p>\n","protected":false},"excerpt":{"rendered":"<p>Pensionato Sovrani Endere\u00e7o: Rua Bar\u00e3o de Capanema, n\u00ba 522, Bairro Santa Cruz. Telefone: 42 9.9921.5229 Quarto individual: R$ 60,00 di\u00e1ria. 4 refei\u00e7\u00f5es. Internet. Tv a cabo. Hotel Libra &#8211; Incluso caf\u00e9 Rua Azevedo Portugal, n\u00ba 557, Centro. Telefone: 42 3035.6537 Quarto triplo: R$ 195,00 (com ar-condicionado), R$ 65,00 por pessoa Quarto duplo: R$ 120,00 (60 [&hellip;]<\/p>\n","protected":false},"author":131,"featured_media":0,"parent":0,"menu_order":0,"comment_status":"closed","ping_status":"closed","template":"","meta":{"_exactmetrics_skip_tracking":false,"_exactmetrics_sitenote_active":false,"_exactmetrics_sitenote_note":"","_exactmetrics_sitenote_category":0,"footnotes":"","_links_to":"","_links_to_target":""},"class_list":["post-502","page","type-page","status-publish","hentry"],"_links":{"self":[{"href":"https:\/\/www3.unicentro.br\/petfilosofia\/wp-json\/wp\/v2\/pages\/502","targetHints":{"allow":["GET"]}}],"collection":[{"href":"https:\/\/www3.unicentro.br\/petfilosofia\/wp-json\/wp\/v2\/pages"}],"about":[{"href":"https:\/\/www3.unicentro.br\/petfilosofia\/wp-json\/wp\/v2\/types\/page"}],"author":[{"embeddable":true,"href":"https:\/\/www3.unicentro.br\/petfilosofia\/wp-json\/wp\/v2\/users\/131"}],"replies":[{"embeddable":true,"href":"https:\/\/www3.unicentro.br\/petfilosofia\/wp-json\/wp\/v2\/comments?post=502"}],"version-history":[{"count":0,"href":"https:\/\/www3.unicentro.br\/petfilosofia\/wp-json\/wp\/v2\/pages\/502\/revisions"}],"wp:attachment":[{"href":"https:\/\/www3.unicentro.br\/petfilosofia\/wp-json\/wp\/v2\/media?parent=502"}],"curies":[{"name":"wp","href":"https:\/\/api.w.org\/{rel}","templated":true}]}}