{"id":522,"date":"2020-05-27T17:18:10","date_gmt":"2020-05-27T20:18:10","guid":{"rendered":"https:\/\/www3.unicentro.br\/petengenharias\/?page_id=522"},"modified":"2020-05-27T17:18:10","modified_gmt":"2020-05-27T20:18:10","slug":"projetos-2020-2-inovacao-tecnologica-unicentro","status":"publish","type":"page","link":"https:\/\/www3.unicentro.br\/petengenharias\/projetos-2020-2-inovacao-tecnologica-unicentro\/","title":{"rendered":"Inova\u00e7\u00e3o tecnol\u00f3gica &#8211; UNICENTRO"},"content":{"rendered":"<p><strong>Projeto: Inova\u00e7\u00e3o tecnol\u00f3gica da UNICENTRO\u00a0<\/strong><\/p>\n<p><strong>Descri\u00e7\u00e3o\/Justificativa:<\/strong><br \/>\nTanto as atividades industriais do setor florestal, quanto \u00e0s atividades na \u00e1rea ambiental, referente a novas tecnologias para a manuten\u00e7\u00e3o dos processos produtivos voltadas \u00e0 qualidade do meio ambiente e \u00e0s quest\u00f5es sociais, propulsiona a execu\u00e7\u00e3o de trabalhos de pesquisa e extens\u00e3o pela Universidade. J\u00e1 a forma\u00e7\u00e3o cient\u00edfica e tecnol\u00f3gica do acad\u00eamico requer a pr\u00e1tica na execu\u00e7\u00e3o de projetos de pesquisa e extens\u00e3o, o que torna essencial o seu envolvimento nas atividades laboratoriais e de campo associadas.<\/p>\n<p><strong>Objetivos:<\/strong><br \/>\nIncentivar os alunos do grupo PET-Engenharias a participarem de projetos de inicia\u00e7\u00e3o cient\u00edfica e\/ou extens\u00e3o durante sua perman\u00eancia no PET, al\u00e9m de monitorias assistidas por professores orientadores dos Departamentos de Engenharia Florestal e Engenharia Ambiental.<\/p>\n<p><strong>Como a atividade ser\u00e1 realizada? (Metodologia):<\/strong><br \/>\nCada acad\u00eamico integrante do grupo PET ser\u00e1 estimulado a participar de projetos de pesquisa e extens\u00e3o em execu\u00e7\u00e3o pelos Departamentos de Engenharia Florestal e Engenharia Ambiental da institui\u00e7\u00e3o e parceiros. Al\u00e9m das atividades de campo e laborat\u00f3rio, os bolsistas participar\u00e3o de eventos t\u00e9cnicos cient\u00edficos para a divulga\u00e7\u00e3o dos resultados.<\/p>\n<p><strong>Resultados \/ produtos esperados com a atividade: melhorias para o Curso, para a Educa\u00e7\u00e3o, para a sociedade, meios para a socializa\u00e7\u00e3o dos resultados, publica\u00e7\u00f5es, etc:<\/strong><br \/>\nIntrodu\u00e7\u00e3o de inova\u00e7\u00f5es tecnol\u00f3gicas em ind\u00fastrias de base florestal e ambiental, oportunizando aos acad\u00eamicos a viv\u00eancia cient\u00edfica. Participa\u00e7\u00e3o dos bolsistas do PET em eventos t\u00e9cnico-cient\u00edficos de divulga\u00e7\u00e3o dos resultados.<\/p>\n<p><strong>Qual ser\u00e1 a metodologia de avalia\u00e7\u00e3o da atividade pelo grupo:<\/strong><br \/>\nN\u00famero de projetos em andamento.<\/p>\n","protected":false},"excerpt":{"rendered":"<p>Projeto: Inova\u00e7\u00e3o tecnol\u00f3gica da UNICENTRO\u00a0 Descri\u00e7\u00e3o\/Justificativa: Tanto as atividades industriais do setor florestal, quanto \u00e0s atividades na \u00e1rea ambiental, referente a novas tecnologias para a manuten\u00e7\u00e3o dos processos produtivos voltadas \u00e0 qualidade do meio ambiente e \u00e0s quest\u00f5es sociais, propulsiona a execu\u00e7\u00e3o de trabalhos de pesquisa e extens\u00e3o pela Universidade. J\u00e1 a forma\u00e7\u00e3o cient\u00edfica e [&hellip;]<\/p>\n","protected":false},"author":202,"featured_media":0,"parent":0,"menu_order":0,"comment_status":"closed","ping_status":"closed","template":"","meta":{"_exactmetrics_skip_tracking":false,"_exactmetrics_sitenote_active":false,"_exactmetrics_sitenote_note":"","_exactmetrics_sitenote_category":0,"footnotes":"","_links_to":"","_links_to_target":""},"class_list":["post-522","page","type-page","status-publish","hentry"],"_links":{"self":[{"href":"https:\/\/www3.unicentro.br\/petengenharias\/wp-json\/wp\/v2\/pages\/522","targetHints":{"allow":["GET"]}}],"collection":[{"href":"https:\/\/www3.unicentro.br\/petengenharias\/wp-json\/wp\/v2\/pages"}],"about":[{"href":"https:\/\/www3.unicentro.br\/petengenharias\/wp-json\/wp\/v2\/types\/page"}],"author":[{"embeddable":true,"href":"https:\/\/www3.unicentro.br\/petengenharias\/wp-json\/wp\/v2\/users\/202"}],"replies":[{"embeddable":true,"href":"https:\/\/www3.unicentro.br\/petengenharias\/wp-json\/wp\/v2\/comments?post=522"}],"version-history":[{"count":0,"href":"https:\/\/www3.unicentro.br\/petengenharias\/wp-json\/wp\/v2\/pages\/522\/revisions"}],"wp:attachment":[{"href":"https:\/\/www3.unicentro.br\/petengenharias\/wp-json\/wp\/v2\/media?parent=522"}],"curies":[{"name":"wp","href":"https:\/\/api.w.org\/{rel}","templated":true}]}}