{"id":503,"date":"2020-05-27T16:42:49","date_gmt":"2020-05-27T19:42:49","guid":{"rendered":"https:\/\/www3.unicentro.br\/petengenharias\/?page_id=503"},"modified":"2020-05-27T16:42:49","modified_gmt":"2020-05-27T19:42:49","slug":"projetos-2020-2-uso-de-descartaveis","status":"publish","type":"page","link":"https:\/\/www3.unicentro.br\/petengenharias\/projetos-2020-2-uso-de-descartaveis\/","title":{"rendered":"Uso de descart\u00e1veis"},"content":{"rendered":"<p><strong>Projeto: Campanha de conscientiza\u00e7\u00e3o sobre o uso de descart\u00e1veis<\/strong><\/p>\n<p><strong>Descri\u00e7\u00e3o\/Justificativa:<\/strong><br \/>\nA aus\u00eancia de incentivos ao uso de materiais reutiliz\u00e1veis contribui para que problemas relacionados ao descarte incorreto de res\u00edduos se tornem cada vez mais frequente. Os ambientes universit\u00e1rios por conterem restaurantes e lanchonetes com grande circula\u00e7\u00e3o de pessoas, diariamente acabam por gerar grandes volumes de copos e canudos descart\u00e1veis. Assim, o desenvolvimento de projetos que busquem a conscientiza\u00e7\u00e3o dos universit\u00e1rios e que possam contribuam com o ambiente se veem necess\u00e1rios, j\u00e1 que bons h\u00e1bitos como o de reutiliza\u00e7\u00e3o e de redu\u00e7\u00e3o de consumo s\u00e3o extremamente importantes.<\/p>\n<p><strong>Objetivos:<\/strong><br \/>\nDiminuir o volume de copos e canudos descart\u00e1veis utilizados na universidade a partir de uma campanha de conscientiza\u00e7\u00e3o sobre a problem\u00e1tica de tais res\u00edduos, desenvolvendo o senso cr\u00edtico na comunidade acad\u00eamica sobre o assunto.<\/p>\n<p><strong>Como a atividade ser\u00e1 realizada? (Metodologia):<\/strong><br \/>\nCom o andamento da campanha j\u00e1 iniciada no ano de 2019, pretende-se desenvolver atividades de conscientiza\u00e7\u00e3o no decorrer do ano de 2020 visando aumentar o engajamento dos acad\u00eamicos. Para isto, se utilizar\u00e1 das redes sociais para divulga\u00e7\u00e3o de a\u00e7\u00f5es e de informa\u00e7\u00f5es sobre o uso de reutiliz\u00e1veis e da problem\u00e1tica dos descart\u00e1veis. Algumas a\u00e7\u00f5es ter\u00e3o a tem\u00e1tica de: Adote uma Caneca, Descart\u00e1veis? Descarte Essa Ideia! e Adote um copinho. Junto a outros projetos do PET &#8211; Engenharias, como a (Hora do calouro), prop\u00f5em-se realizar um momento de conscientiza\u00e7\u00e3o e a sensibiliza\u00e7\u00e3o da problem\u00e1tica dos copos na universidade, incentivando os acad\u00eamicos a levarem seus objetos (caneca e canudo) reutiliz\u00e1veis no Restaurante Universit\u00e1rio, assim como, com os funcion\u00e1rios da institui\u00e7\u00e3o. A fim de verificar os padr\u00f5es de consumo na Unicentro, Campus Irati, se realizar\u00e1 uma pesquisa de opini\u00e3o, utilizando a plataforma Google por sua praticidade e f\u00e1cil an\u00e1lise de dados. Com base nos resultados da pesquisa, delinear-se-\u00e1 novas atividades a serem realizadas durante o ano de 2020.<\/p>\n<p><strong>Resultados \/ produtos esperados com a atividade: melhorias para o Curso, para a Educa\u00e7\u00e3o, para a sociedade, meios para a socializa\u00e7\u00e3o dos resultados, publica\u00e7\u00f5es, etc:<\/strong><br \/>\nEspera-se uma gradativa redu\u00e7\u00e3o da utiliza\u00e7\u00e3o de res\u00edduos descart\u00e1veis no restaurante universit\u00e1rio e lanchonete do Campus de Irati.<\/p>\n<p><strong>Qual ser\u00e1 a metodologia de avalia\u00e7\u00e3o da atividade pelo grupo:<\/strong><br \/>\nAcompanhamento e contagem, a partir de amostragens, da quantidade de canudos e copos utilizados no restaurante universit\u00e1rio ap\u00f3s as atividades de conscientiza\u00e7\u00e3o, durante o ano de 2020. Observa\u00e7\u00e3o da utiliza\u00e7\u00e3o de canecas e reutiliz\u00e1veis pela comunidade acad\u00eamica. Entre os alunos do grupo, ser\u00e3o realizadas reuni\u00f5es semanais da equipe, onde cada participante poder\u00e1 expor o resultado que obteve com sua a\u00e7\u00e3o.<\/p>\n","protected":false},"excerpt":{"rendered":"<p>Projeto: Campanha de conscientiza\u00e7\u00e3o sobre o uso de descart\u00e1veis Descri\u00e7\u00e3o\/Justificativa: A aus\u00eancia de incentivos ao uso de materiais reutiliz\u00e1veis contribui para que problemas relacionados ao descarte incorreto de res\u00edduos se tornem cada vez mais frequente. Os ambientes universit\u00e1rios por conterem restaurantes e lanchonetes com grande circula\u00e7\u00e3o de pessoas, diariamente acabam por gerar grandes volumes de [&hellip;]<\/p>\n","protected":false},"author":202,"featured_media":0,"parent":0,"menu_order":0,"comment_status":"closed","ping_status":"closed","template":"","meta":{"_exactmetrics_skip_tracking":false,"_exactmetrics_sitenote_active":false,"_exactmetrics_sitenote_note":"","_exactmetrics_sitenote_category":0,"footnotes":"","_links_to":"","_links_to_target":""},"class_list":["post-503","page","type-page","status-publish","hentry"],"_links":{"self":[{"href":"https:\/\/www3.unicentro.br\/petengenharias\/wp-json\/wp\/v2\/pages\/503","targetHints":{"allow":["GET"]}}],"collection":[{"href":"https:\/\/www3.unicentro.br\/petengenharias\/wp-json\/wp\/v2\/pages"}],"about":[{"href":"https:\/\/www3.unicentro.br\/petengenharias\/wp-json\/wp\/v2\/types\/page"}],"author":[{"embeddable":true,"href":"https:\/\/www3.unicentro.br\/petengenharias\/wp-json\/wp\/v2\/users\/202"}],"replies":[{"embeddable":true,"href":"https:\/\/www3.unicentro.br\/petengenharias\/wp-json\/wp\/v2\/comments?post=503"}],"version-history":[{"count":0,"href":"https:\/\/www3.unicentro.br\/petengenharias\/wp-json\/wp\/v2\/pages\/503\/revisions"}],"wp:attachment":[{"href":"https:\/\/www3.unicentro.br\/petengenharias\/wp-json\/wp\/v2\/media?parent=503"}],"curies":[{"name":"wp","href":"https:\/\/api.w.org\/{rel}","templated":true}]}}