{"id":484,"date":"2020-05-27T15:47:54","date_gmt":"2020-05-27T18:47:54","guid":{"rendered":"https:\/\/www3.unicentro.br\/petengenharias\/?page_id=484"},"modified":"2020-05-27T15:47:54","modified_gmt":"2020-05-27T18:47:54","slug":"projetos-2020-2-interpet","status":"publish","type":"page","link":"https:\/\/www3.unicentro.br\/petengenharias\/projetos-2020-2-interpet\/","title":{"rendered":"INTERPET"},"content":{"rendered":"<p><strong>Encontro anual dos grupos PET da Unicentro &#8211; INTERPET\u00a0<\/strong><\/p>\n<p><strong>Descri\u00e7\u00e3o\/Justificativa:<\/strong><br \/>\nO Interpet, Encontro Anual dos Grupos PET da Unicentro, \u00e9 o principal evento de integra\u00e7\u00e3o dos grupos PET da Unicentro, fortalecendo o programa junto \u00e0 institui\u00e7\u00e3o. Neste evento os grupos podem socializar as atividades realizadas ao longo do ano. Em 2020 est\u00e3o sendo planejados dois encontros, pois, entendeu-se que a maior aproxima\u00e7\u00e3o entre os grupos fortalece e motiva os discentes e docentes.<\/p>\n<p><strong>Objetivos:<\/strong><br \/>\nPromover a integra\u00e7\u00e3o entre alunos e professores dos grupos que participam do Programa de Educa\u00e7\u00e3o Tutorial da UNICENTRO.<\/p>\n<p><strong>Como a atividade ser\u00e1 realizada? (Metodologia):<\/strong><br \/>\nSer\u00e3o realizadas duas atividades no ano de 2020, uma no primeiro semestre e outra no segundo semestre. Estas ser\u00e3o organizadas pelos tutores com a colabora\u00e7\u00e3o dos petianos e da diretoria de projetos e programas da Unicentro.<\/p>\n<p><strong>Resultados \/ produtos esperados com a atividade: melhorias para o Curso, para a Educa\u00e7\u00e3o, para a <\/strong><strong>sociedade, meios para a socializa\u00e7\u00e3o dos resultados, publica\u00e7\u00f5es, etc:<\/strong><br \/>\nEspera-se que ocorra a integra\u00e7\u00e3o entre alunos e professores dos grupos que participam do Programa de Educa\u00e7\u00e3o<br \/>\nTutorial da UNICENTRO, al\u00e9m da troca de experi\u00eancias entre as atividades realizadas por cada grupo, possibilitando novas a\u00e7\u00f5es e ideias para os planejamentos futuros.<\/p>\n<p><strong>Qual ser\u00e1 a metodologia de avalia\u00e7\u00e3o da atividade pelo grupo:<\/strong><br \/>\nA atividade \u00e9 avaliada pelo relato do grupo PET Engenharias e repassada \u00e0 equipe organizadora do evento, tutores e representantes da Pr\u00f3-Reitoria de Ensino da Unicentro, nas reuni\u00f5es mensais.<\/p>\n","protected":false},"excerpt":{"rendered":"<p>Encontro anual dos grupos PET da Unicentro &#8211; INTERPET\u00a0 Descri\u00e7\u00e3o\/Justificativa: O Interpet, Encontro Anual dos Grupos PET da Unicentro, \u00e9 o principal evento de integra\u00e7\u00e3o dos grupos PET da Unicentro, fortalecendo o programa junto \u00e0 institui\u00e7\u00e3o. Neste evento os grupos podem socializar as atividades realizadas ao longo do ano. Em 2020 est\u00e3o sendo planejados dois [&hellip;]<\/p>\n","protected":false},"author":202,"featured_media":0,"parent":0,"menu_order":0,"comment_status":"closed","ping_status":"closed","template":"","meta":{"_exactmetrics_skip_tracking":false,"_exactmetrics_sitenote_active":false,"_exactmetrics_sitenote_note":"","_exactmetrics_sitenote_category":0,"footnotes":"","_links_to":"","_links_to_target":""},"class_list":["post-484","page","type-page","status-publish","hentry"],"_links":{"self":[{"href":"https:\/\/www3.unicentro.br\/petengenharias\/wp-json\/wp\/v2\/pages\/484","targetHints":{"allow":["GET"]}}],"collection":[{"href":"https:\/\/www3.unicentro.br\/petengenharias\/wp-json\/wp\/v2\/pages"}],"about":[{"href":"https:\/\/www3.unicentro.br\/petengenharias\/wp-json\/wp\/v2\/types\/page"}],"author":[{"embeddable":true,"href":"https:\/\/www3.unicentro.br\/petengenharias\/wp-json\/wp\/v2\/users\/202"}],"replies":[{"embeddable":true,"href":"https:\/\/www3.unicentro.br\/petengenharias\/wp-json\/wp\/v2\/comments?post=484"}],"version-history":[{"count":0,"href":"https:\/\/www3.unicentro.br\/petengenharias\/wp-json\/wp\/v2\/pages\/484\/revisions"}],"wp:attachment":[{"href":"https:\/\/www3.unicentro.br\/petengenharias\/wp-json\/wp\/v2\/media?parent=484"}],"curies":[{"name":"wp","href":"https:\/\/api.w.org\/{rel}","templated":true}]}}