{"id":474,"date":"2020-05-27T15:09:21","date_gmt":"2020-05-27T18:09:21","guid":{"rendered":"https:\/\/www3.unicentro.br\/petengenharias\/?page_id=474"},"modified":"2020-05-27T15:09:21","modified_gmt":"2020-05-27T18:09:21","slug":"projetos-2020-2-divulgacao","status":"publish","type":"page","link":"https:\/\/www3.unicentro.br\/petengenharias\/projetos-2020-2-divulgacao\/","title":{"rendered":"Divulga\u00e7\u00e3o das Engenharias"},"content":{"rendered":"<p><strong>Divulga\u00e7\u00e3o dos cursos de Engenharia Ambiental e Engenharia Florestal<\/strong><\/p>\n<p style=\"text-align: left\"><strong>Descri\u00e7\u00e3o\/Justificativa:<\/strong><br \/>\nA divulga\u00e7\u00e3o dos cursos para a comunidade permite uma maior compreens\u00e3o da atua\u00e7\u00e3o profissional, orientando vestibulandos na escolha correta da gradua\u00e7\u00e3o a cursar de acordo com o seu perfil. Sobremaneira, divulga o papel dos profissionais de Engenharia Florestal e Ambiental na sociedade e a sua import\u00e2ncia na promo\u00e7\u00e3o do desenvolvimento sustent\u00e1vel do meio urbano e rural.<\/p>\n<p><strong>Objetivos:<\/strong><br \/>\nDivulgar os cursos de Engenharia Florestal e Engenharia Ambiental e aumentar a procura desses cursos no vestibular da UNICENTRO.<\/p>\n<p><strong>Como a atividade ser\u00e1 realizada? (Metodologia):<\/strong><br \/>\nPretende-se elaborar v\u00eddeos de divulga\u00e7\u00e3o dos cursos, para ser divulgado nas redes sociais do PET Engenharias. O v\u00eddeo incluir\u00e1 filmagens das atividades desenvolvidas nos laborat\u00f3rios, aulas pr\u00e1ticas, informa\u00e7\u00f5es sobre os cursos e formas de ingresso. Ser\u00e1 realizada a divulga\u00e7\u00e3o dos prazos de inscri\u00e7\u00e3o dos processos seletivos (PAC, vestibular, Sisu) nas m\u00eddias sociais e ser\u00e3o realizadas visitas nas escolas da regi\u00e3o para divulgar os cursos, al\u00e9m da divulga\u00e7\u00e3o em eventos da cidade em datas comemorativas e feiras de profiss\u00e3o.<\/p>\n<p><strong>Resultados \/ produtos esperados com a atividade: melhorias para o Curso, para a Educa\u00e7\u00e3o, para a sociedade, meios para a socializa\u00e7\u00e3o dos resultados, publica\u00e7\u00f5es, etc:<\/strong><br \/>\nEspera-se obter a diminui\u00e7\u00e3o da evas\u00e3o e reten\u00e7\u00e3o causada pela desmotiva\u00e7\u00e3o devida ao desconhecimento do escopo do curso escolhido, assim como uma comunidade acad\u00eamica informada sobre a profiss\u00e3o do Engenheiro Florestal e Ambiental. Pretende-se tamb\u00e9m desenvolver no petiano \u00e0 aptid\u00e3o para falar em p\u00fablico sobre a profiss\u00e3o de Engenheiro Florestal e Ambiental.<\/p>\n<p><strong>Qual ser\u00e1 a metodologia de avalia\u00e7\u00e3o da atividade pelo grupo:<\/strong><br \/>\nSer\u00e1 avaliado o n\u00famero de pessoas atingidas pelas publica\u00e7\u00f5es em redes sociais, a procura pelos cursos nos processos seletivos e a diminui\u00e7\u00e3o do \u00edndice de evas\u00e3o em ambos os cursos. No inicio do ano letivo ser\u00e3o realizadas enquetes para obter informa\u00e7\u00f5es de como estes estudantes tiveram conhecimento do curso e da universidade.<\/p>\n","protected":false},"excerpt":{"rendered":"<p>Divulga\u00e7\u00e3o dos cursos de Engenharia Ambiental e Engenharia Florestal Descri\u00e7\u00e3o\/Justificativa: A divulga\u00e7\u00e3o dos cursos para a comunidade permite uma maior compreens\u00e3o da atua\u00e7\u00e3o profissional, orientando vestibulandos na escolha correta da gradua\u00e7\u00e3o a cursar de acordo com o seu perfil. Sobremaneira, divulga o papel dos profissionais de Engenharia Florestal e Ambiental na sociedade e a sua [&hellip;]<\/p>\n","protected":false},"author":202,"featured_media":0,"parent":0,"menu_order":0,"comment_status":"closed","ping_status":"closed","template":"","meta":{"_exactmetrics_skip_tracking":false,"_exactmetrics_sitenote_active":false,"_exactmetrics_sitenote_note":"","_exactmetrics_sitenote_category":0,"footnotes":"","_links_to":"","_links_to_target":""},"class_list":["post-474","page","type-page","status-publish","hentry"],"_links":{"self":[{"href":"https:\/\/www3.unicentro.br\/petengenharias\/wp-json\/wp\/v2\/pages\/474","targetHints":{"allow":["GET"]}}],"collection":[{"href":"https:\/\/www3.unicentro.br\/petengenharias\/wp-json\/wp\/v2\/pages"}],"about":[{"href":"https:\/\/www3.unicentro.br\/petengenharias\/wp-json\/wp\/v2\/types\/page"}],"author":[{"embeddable":true,"href":"https:\/\/www3.unicentro.br\/petengenharias\/wp-json\/wp\/v2\/users\/202"}],"replies":[{"embeddable":true,"href":"https:\/\/www3.unicentro.br\/petengenharias\/wp-json\/wp\/v2\/comments?post=474"}],"version-history":[{"count":0,"href":"https:\/\/www3.unicentro.br\/petengenharias\/wp-json\/wp\/v2\/pages\/474\/revisions"}],"wp:attachment":[{"href":"https:\/\/www3.unicentro.br\/petengenharias\/wp-json\/wp\/v2\/media?parent=474"}],"curies":[{"name":"wp","href":"https:\/\/api.w.org\/{rel}","templated":true}]}}