{"id":467,"date":"2020-05-27T14:45:07","date_gmt":"2020-05-27T17:45:07","guid":{"rendered":"https:\/\/www3.unicentro.br\/petengenharias\/?page_id=467"},"modified":"2020-05-27T17:51:29","modified_gmt":"2020-05-27T20:51:29","slug":"projetos-2020-2","status":"publish","type":"page","link":"https:\/\/www3.unicentro.br\/petengenharias\/projetos-2020-2\/","title":{"rendered":"2020 &#8211; Com mais um clique voc\u00ea pode acompanhar o projeto completo!"},"content":{"rendered":"<div class=\"wpb-content-wrapper\"><p>[vc_row][vc_column width=&#8221;1\/5&#8243;][vc_single_image image=&#8221;200&#8243; img_size=&#8221;full&#8221; style=&#8221;vc_box_rounded&#8221;][vc_custom_heading text=&#8221;Trazendo novos alunos!&#8221; font_container=&#8221;tag:h3|text_align:left&#8221; use_theme_fonts=&#8221;yes&#8221; link=&#8221;url:http%3A%2F%2Fwww3.unicentro.br%2Fpetengenharias%2Fprojetos-2020-2-divulgacao%2F|title:Divulga%C3%A7%C3%A3o%20das%20Engenharias|target:%20_blank|&#8221;][vc_column_text]Divulga\u00e7\u00e3o dos cursos de Engenharia Ambiental e Engenharia Florestal[\/vc_column_text][\/vc_column][vc_column width=&#8221;1\/5&#8243;][vc_single_image image=&#8221;200&#8243; img_size=&#8221;full&#8221; style=&#8221;vc_box_rounded&#8221;][vc_custom_heading text=&#8221;Sou universit\u00e1rio e agora?&#8221; font_container=&#8221;tag:h3|text_align:left&#8221; use_theme_fonts=&#8221;yes&#8221; link=&#8221;url:http%3A%2F%2Fwww3.unicentro.br%2Fpetengenharias%2Fprojetos-2020-2-sou-universitario-e-agora%2F|title:Sou%20universit%C3%A1rio%20e%20agora%3F|target:%20_blank|&#8221;][vc_column_text]Ajudando a inser\u00e7\u00e3o no meio acad\u00eamico.[\/vc_column_text][\/vc_column][vc_column width=&#8221;1\/5&#8243;][vc_single_image image=&#8221;200&#8243; img_size=&#8221;full&#8221; style=&#8221;vc_box_rounded&#8221;][vc_custom_heading text=&#8221;Cidade das crian\u00e7as IRATI-PR&#8221; font_container=&#8221;tag:h3|text_align:left&#8221; use_theme_fonts=&#8221;yes&#8221; link=&#8221;url:http%3A%2F%2Fwww3.unicentro.br%2Fpetengenharias%2Fprojetos-2020-2-cidade-das-criancas-irati-pr%2F|title:Cidade%20das%20crian%C3%A7as%20Irati-PR|target:%20_blank|&#8221;][vc_column_text]Desenvolvendo rela\u00e7\u00f5es de conv\u00edvio social.[\/vc_column_text][\/vc_column][vc_column width=&#8221;1\/5&#8243;][vc_single_image image=&#8221;200&#8243; img_size=&#8221;full&#8221; style=&#8221;vc_box_rounded&#8221;][vc_custom_heading text=&#8221;INTERPET&#8221; font_container=&#8221;tag:h3|text_align:left&#8221; use_theme_fonts=&#8221;yes&#8221; link=&#8221;url:http%3A%2F%2Fwww3.unicentro.br%2Fpetengenharias%2Fprojetos-2020-2-interpet%2F|title:INTERPET|target:%20_blank|&#8221;][vc_column_text]Encontro anual dos grupos PET da Unicentro[\/vc_column_text][\/vc_column][vc_column width=&#8221;1\/5&#8243;][vc_single_image image=&#8221;200&#8243; img_size=&#8221;full&#8221; style=&#8221;vc_box_rounded&#8221;][vc_custom_heading text=&#8221;Universidade sustent\u00e1vel&#8221; font_container=&#8221;tag:h3|text_align:left&#8221; use_theme_fonts=&#8221;yes&#8221; link=&#8221;url:http%3A%2F%2Fwww3.unicentro.br%2Fpetengenharias%2Fprojetos-2020-2-universidade-sustentavel%2F|title:Universidade%20sustent%C3%A1vel|target:%20_blank|&#8221;][vc_column_text]Educa\u00e7\u00e3o ambiental na universidade![\/vc_column_text][\/vc_column][\/vc_row][vc_row][vc_column width=&#8221;1\/5&#8243;][vc_single_image image=&#8221;200&#8243; img_size=&#8221;full&#8221; style=&#8221;vc_box_rounded&#8221;][vc_custom_heading text=&#8221;Curso de Poda de erva-mate&#8221; font_container=&#8221;tag:h3|text_align:left&#8221; use_theme_fonts=&#8221;yes&#8221; link=&#8221;url:http%3A%2F%2Fwww3.unicentro.br%2Fpetengenharias%2Fprojetos-2020-2-curso-de-poda-de-erva-mate-ilex-paraguariensis%2F|title:Curso%20de%20Poda%20de%20Erva-Mate%20Ilex%20paraguariensis|target:%20_blank|&#8221;][vc_column_text]Entendo um pouco mais sobre a erva-mate[\/vc_column_text][\/vc_column][vc_column width=&#8221;1\/5&#8243;][vc_single_image image=&#8221;200&#8243; img_size=&#8221;full&#8221; style=&#8221;vc_box_rounded&#8221;][vc_custom_heading text=&#8221;Trilha educativa!&#8221; font_container=&#8221;tag:h3|text_align:left&#8221; use_theme_fonts=&#8221;yes&#8221; link=&#8221;url:http%3A%2F%2Fwww3.unicentro.br%2Fpetengenharias%2Fprojetos-2020-2-trilha-educativa%2F|title:Trilha%20educativa!|target:%20_blank|&#8221;][vc_column_text]Conhecendo o ambiente em que vivemos![\/vc_column_text][\/vc_column][vc_column width=&#8221;1\/5&#8243;][vc_single_image image=&#8221;200&#8243; img_size=&#8221;full&#8221; style=&#8221;vc_box_rounded&#8221;][vc_custom_heading text=&#8221;Comunidade Nhapindazal&#8221; font_container=&#8221;tag:h3|text_align:left&#8221; use_theme_fonts=&#8221;yes&#8221; link=&#8221;url:http%3A%2F%2Fwww3.unicentro.br%2Fpetengenharias%2Fprojetos-2020-2-comunidade-nhapindazal%2F|title:Comunidade%20Nhapindazal|target:%20_blank|&#8221;][vc_column_text]Oportunidade de forma\u00e7\u00e3o profissional para as mulheres da comunidade![\/vc_column_text][\/vc_column][vc_column width=&#8221;1\/5&#8243;][vc_single_image image=&#8221;200&#8243; img_size=&#8221;full&#8221; style=&#8221;vc_box_rounded&#8221;][vc_custom_heading text=&#8221;Uso de descart\u00e1veis!&#8221; font_container=&#8221;tag:h3|text_align:left&#8221; use_theme_fonts=&#8221;yes&#8221; link=&#8221;url:http%3A%2F%2Fwww3.unicentro.br%2Fpetengenharias%2Fprojetos-2020-2-uso-de-descartaveis%2F|title:Uso%20de%20descart%C3%A1veis|target:%20_blank|&#8221;][vc_column_text]Pensando de forma mais sustent\u00e1vel.[\/vc_column_text][\/vc_column][vc_column width=&#8221;1\/5&#8243;][vc_single_image image=&#8221;200&#8243; img_size=&#8221;full&#8221; style=&#8221;vc_box_rounded&#8221;][vc_custom_heading text=&#8221;VISITEC PET-ENGENHARIAS&#8221; font_container=&#8221;tag:h3|text_align:left&#8221; use_theme_fonts=&#8221;yes&#8221; link=&#8221;url:http%3A%2F%2Fwww3.unicentro.br%2Fpetengenharias%2Fprojetos-2020-2-visitec-pet-engenharias%2F|title:VISITEC%20PET-ENGENHARIAS|target:%20_blank|&#8221;][vc_column_text]Visitas t\u00e9cnicas.[\/vc_column_text][\/vc_column][\/vc_row][vc_row][vc_column width=&#8221;1\/5&#8243;][vc_single_image image=&#8221;200&#8243; img_size=&#8221;full&#8221; style=&#8221;vc_box_rounded&#8221;][vc_custom_heading text=&#8221;Recupera\u00e7\u00e3o: Arboreto UNICENTRO&#8221; font_container=&#8221;tag:h3|text_align:left&#8221; use_theme_fonts=&#8221;yes&#8221; link=&#8221;url:http%3A%2F%2Fwww3.unicentro.br%2Fpetengenharias%2Fprojetos-2020-2-arboreto-unicentro%2F|title:Arboreto%20UNICENTRO|target:%20_blank|&#8221;][vc_column_text]Recuperando um ber\u00e7o de esp\u00e9cies florestais.[\/vc_column_text][\/vc_column][vc_column width=&#8221;1\/5&#8243;][vc_single_image image=&#8221;200&#8243; img_size=&#8221;full&#8221; style=&#8221;vc_box_rounded&#8221;][vc_custom_heading text=&#8221;Oficinas ecol\u00f3gicas&#8221; font_container=&#8221;tag:h3|text_align:left&#8221; use_theme_fonts=&#8221;yes&#8221; link=&#8221;url:http%3A%2F%2Fwww3.unicentro.br%2Fpetengenharias%2Fprojetos-2020-2-oficinas-ecologicas%2F|title:Oficinas%20ecol%C3%B3gicas|target:%20_blank|&#8221;][vc_column_text]Agroecologia, compostagem, hortas urbanas e educa\u00e7\u00e3o ambiental no ambiente acad\u00eamico e comunidade de Irati.[\/vc_column_text][\/vc_column][vc_column width=&#8221;1\/5&#8243;][vc_single_image image=&#8221;200&#8243; img_size=&#8221;full&#8221; style=&#8221;vc_box_rounded&#8221;][vc_custom_heading text=&#8221;Treinamento: Funcion\u00e1rios UNICENTRO&#8221; font_container=&#8221;tag:h3|text_align:left&#8221; use_theme_fonts=&#8221;yes&#8221; link=&#8221;url:http%3A%2F%2Fwww3.unicentro.br%2Fpetengenharias%2Fprojetos-2020-2-treinamento-funcionarios-da-unicentro%2F|title:Treinamento%3A%20Funcion%C3%A1rios%20da%20UNICENTRO|target:%20_blank|&#8221;][vc_column_text]Gerenciamento de res\u00edduos s\u00f3lidos.[\/vc_column_text][\/vc_column][vc_column width=&#8221;1\/5&#8243;][vc_single_image image=&#8221;200&#8243; img_size=&#8221;full&#8221; style=&#8221;vc_box_rounded&#8221;][vc_custom_heading text=&#8221;Difundindo conhecimento!&#8221; font_container=&#8221;tag:h3|text_align:left&#8221; use_theme_fonts=&#8221;yes&#8221; link=&#8221;url:http%3A%2F%2Fwww3.unicentro.br%2Fpetengenharias%2Fprojetos-2020-2-difundindo-conhecimento-das-engenharias%2F|title:Difundindo%20conhecimento%20das%20Engenharias|target:%20_blank|&#8221;][vc_column_text]Expandindo conhecimento cient\u00edfico e tecnol\u00f3gico![\/vc_column_text][\/vc_column][vc_column width=&#8221;1\/5&#8243;][vc_single_image image=&#8221;200&#8243; img_size=&#8221;full&#8221; style=&#8221;vc_box_rounded&#8221;][vc_custom_heading text=&#8221;Inova\u00e7\u00e3o Tecnol\u00f3gica na UNICENTRO&#8221; font_container=&#8221;tag:h3|text_align:left&#8221; use_theme_fonts=&#8221;yes&#8221; link=&#8221;url:http%3A%2F%2Fwww3.unicentro.br%2Fpetengenharias%2Fprojetos-2020-2-inovacao-tecnologica-unicentro%2F|title:Inova%C3%A7%C3%A3o%20tecnol%C3%B3gica%20%E2%80%93%20UNICENTRO|target:%20_blank|&#8221;][vc_column_text]Projetos de inicia\u00e7\u00e3o cient\u00edfica e\u00a0 extens\u00e3o.[\/vc_column_text][\/vc_column][\/vc_row][vc_row][vc_column width=&#8221;1\/5&#8243;][vc_single_image image=&#8221;200&#8243; img_size=&#8221;full&#8221; style=&#8221;vc_box_rounded&#8221;][vc_custom_heading text=&#8221;PET Engenharias e ANAPCI&#8221; font_container=&#8221;tag:h3|text_align:left&#8221; use_theme_fonts=&#8221;yes&#8221; link=&#8221;url:http%3A%2F%2Fwww3.unicentro.br%2Fpetengenharias%2Fprojetos-2020-2-pet-engenharias-anapci%2F|title:PET%20Engenharias%20e%20ANAPCI|target:%20_blank|&#8221;][vc_column_text]Auxiliando as atividades desenvolvidas pela ANAPCI.[\/vc_column_text][\/vc_column][vc_column width=&#8221;1\/5&#8243;][vc_single_image image=&#8221;200&#8243; img_size=&#8221;full&#8221; style=&#8221;vc_box_rounded&#8221;][vc_custom_heading text=&#8221;Hora do Calouro&#8221; font_container=&#8221;tag:h3|text_align:left&#8221; use_theme_fonts=&#8221;yes&#8221; link=&#8221;url:http%3A%2F%2Fwww3.unicentro.br%2Fpetengenharias%2Fprojetos-2020-2-hora-do-calouro-unicentro-irati%2F|title:Hora%20do%20Calouro|target:%20_blank|&#8221;][vc_column_text]Fazendo a integra\u00e7\u00e3o com os cursos do per\u00edodo Integral da UNICENTRO.[\/vc_column_text][\/vc_column][vc_column width=&#8221;1\/5&#8243;][vc_single_image image=&#8221;200&#8243; img_size=&#8221;full&#8221; style=&#8221;vc_box_rounded&#8221;][vc_custom_heading text=&#8221;Atividades semanais do grupo PET&#8221; font_container=&#8221;tag:h3|text_align:left&#8221; use_theme_fonts=&#8221;yes&#8221; link=&#8221;url:http%3A%2F%2Fwww3.unicentro.br%2Fpetengenharias%2Fprojetos-2020-2-atividades-semanais-do-grupo-pet%2F|title:Atividades%20semanais%20do%20grupo%20PET|target:%20_blank|&#8221;][vc_column_text]Reuni\u00f5es e discuss\u00f5es dos projetos.[\/vc_column_text][\/vc_column][vc_column width=&#8221;1\/5&#8243;][vc_single_image image=&#8221;200&#8243; img_size=&#8221;full&#8221; style=&#8221;vc_box_rounded&#8221;][vc_custom_heading text=&#8221;Grupo de estudos!&#8221; font_container=&#8221;tag:h3|text_align:left&#8221; use_theme_fonts=&#8221;yes&#8221; link=&#8221;url:http%3A%2F%2Fwww3.unicentro.br%2Fpetengenharias%2Fprojetos-2020-2-grupo-de-estudos%2F|title:Grupo%20de%20estudos|target:%20_blank|&#8221;][vc_column_text]Qualificando os alunos.[\/vc_column_text][\/vc_column][vc_column width=&#8221;1\/5&#8243;][vc_single_image image=&#8221;200&#8243; img_size=&#8221;full&#8221; style=&#8221;vc_box_rounded&#8221;][vc_custom_heading text=&#8221;O ambiente n\u00e3o precisa de rem\u00e9dios&#8221; font_container=&#8221;tag:h3|text_align:left&#8221; use_theme_fonts=&#8221;yes&#8221; link=&#8221;url:http%3A%2F%2Fwww3.unicentro.br%2Fpetengenharias%2Fprojetos-2020-2-o-ambiente-nao-precisa-de-remedios%2F|title:O%20ambiente%20n%C3%A3o%20precisa%20de%20rem%C3%A9dios|target:%20_blank|&#8221;][vc_column_text]Descarte correto de medicamentos![\/vc_column_text][\/vc_column][\/vc_row]<\/p>\n<\/div>","protected":false},"excerpt":{"rendered":"<p>[vc_row][vc_column width=&#8221;1\/5&#8243;][vc_single_image image=&#8221;200&#8243; img_size=&#8221;full&#8221; style=&#8221;vc_box_rounded&#8221;][vc_custom_heading text=&#8221;Trazendo novos alunos!&#8221; font_container=&#8221;tag:h3|text_align:left&#8221; use_theme_fonts=&#8221;yes&#8221; link=&#8221;url:http%3A%2F%2Fwww3.unicentro.br%2Fpetengenharias%2Fprojetos-2020-2-divulgacao%2F|title:Divulga%C3%A7%C3%A3o%20das%20Engenharias|target:%20_blank|&#8221;][vc_column_text]Divulga\u00e7\u00e3o dos cursos de Engenharia Ambiental e Engenharia Florestal[\/vc_column_text][\/vc_column][vc_column width=&#8221;1\/5&#8243;][vc_single_image image=&#8221;200&#8243; img_size=&#8221;full&#8221; style=&#8221;vc_box_rounded&#8221;][vc_custom_heading text=&#8221;Sou universit\u00e1rio e agora?&#8221; font_container=&#8221;tag:h3|text_align:left&#8221; use_theme_fonts=&#8221;yes&#8221; link=&#8221;url:http%3A%2F%2Fwww3.unicentro.br%2Fpetengenharias%2Fprojetos-2020-2-sou-universitario-e-agora%2F|title:Sou%20universit%C3%A1rio%20e%20agora%3F|target:%20_blank|&#8221;][vc_column_text]Ajudando a inser\u00e7\u00e3o no meio acad\u00eamico.[\/vc_column_text][\/vc_column][vc_column width=&#8221;1\/5&#8243;][vc_single_image image=&#8221;200&#8243; img_size=&#8221;full&#8221; style=&#8221;vc_box_rounded&#8221;][vc_custom_heading text=&#8221;Cidade das crian\u00e7as IRATI-PR&#8221; font_container=&#8221;tag:h3|text_align:left&#8221; use_theme_fonts=&#8221;yes&#8221; link=&#8221;url:http%3A%2F%2Fwww3.unicentro.br%2Fpetengenharias%2Fprojetos-2020-2-cidade-das-criancas-irati-pr%2F|title:Cidade%20das%20crian%C3%A7as%20Irati-PR|target:%20_blank|&#8221;][vc_column_text]Desenvolvendo rela\u00e7\u00f5es de conv\u00edvio social.[\/vc_column_text][\/vc_column][vc_column width=&#8221;1\/5&#8243;][vc_single_image image=&#8221;200&#8243; img_size=&#8221;full&#8221; style=&#8221;vc_box_rounded&#8221;][vc_custom_heading text=&#8221;INTERPET&#8221; [&hellip;]<\/p>\n","protected":false},"author":202,"featured_media":0,"parent":0,"menu_order":0,"comment_status":"closed","ping_status":"closed","template":"","meta":{"_exactmetrics_skip_tracking":false,"_exactmetrics_sitenote_active":false,"_exactmetrics_sitenote_note":"","_exactmetrics_sitenote_category":0,"footnotes":"","_links_to":"","_links_to_target":""},"class_list":["post-467","page","type-page","status-publish","hentry"],"_links":{"self":[{"href":"https:\/\/www3.unicentro.br\/petengenharias\/wp-json\/wp\/v2\/pages\/467","targetHints":{"allow":["GET"]}}],"collection":[{"href":"https:\/\/www3.unicentro.br\/petengenharias\/wp-json\/wp\/v2\/pages"}],"about":[{"href":"https:\/\/www3.unicentro.br\/petengenharias\/wp-json\/wp\/v2\/types\/page"}],"author":[{"embeddable":true,"href":"https:\/\/www3.unicentro.br\/petengenharias\/wp-json\/wp\/v2\/users\/202"}],"replies":[{"embeddable":true,"href":"https:\/\/www3.unicentro.br\/petengenharias\/wp-json\/wp\/v2\/comments?post=467"}],"version-history":[{"count":0,"href":"https:\/\/www3.unicentro.br\/petengenharias\/wp-json\/wp\/v2\/pages\/467\/revisions"}],"wp:attachment":[{"href":"https:\/\/www3.unicentro.br\/petengenharias\/wp-json\/wp\/v2\/media?parent=467"}],"curies":[{"name":"wp","href":"https:\/\/api.w.org\/{rel}","templated":true}]}}