{"id":441,"date":"2020-05-14T03:48:36","date_gmt":"2020-05-14T06:48:36","guid":{"rendered":"https:\/\/www3.unicentro.br\/petengenharias\/?page_id=441"},"modified":"2020-05-14T03:48:36","modified_gmt":"2020-05-14T06:48:36","slug":"projetos-2019-2-divulgacao-das-engenharias","status":"publish","type":"page","link":"https:\/\/www3.unicentro.br\/petengenharias\/projetos-2019-2-divulgacao-das-engenharias\/","title":{"rendered":"Divulga\u00e7\u00e3o das engenharias"},"content":{"rendered":"<p><strong>Atividade &#8211; DIVULGA\u00c7\u00c3O DOS CURSOS DE ENGENHARIA FLORESTAL E ENGENHARIA AMBIENTAL<\/strong><\/p>\n<p>Para aumentar a procura, concorr\u00eancia e qualidade dos cursos de Engenharia Ambiental e Engenharia Florestal, realizou-se, no m\u00eas de junho de 2019, a divulga\u00e7\u00e3o dos referidos cursos e da UNICENTRO. O principal objetivo foi incentivar os alunos do terceiro ano do ensino m\u00e9dio das escolas da regi\u00e3o a realizarem a inscri\u00e7\u00e3o para os processos seletivos da universidade: vestibular 2019 e PAC. Desenvolveu-se tal atividade nas seguintes escolas estaduais do munic\u00edpio de Irati:<\/p>\n<ul>\n<li>Col\u00e9gio Estadual Antonio Xavier Da Silveira: Pedro Francisco da Silva J\u00fanior, Yankha Van Tienen;<\/li>\n<li>Centro Estadual Florestal de Educa\u00e7\u00e3o Profissional Presidente Costa e Silva: Kaline Nadal, Gabriele Gon\u00e7alves Sirigali;<\/li>\n<li>Col\u00e9gio Estadual Duque de Caxias: Maiza Barcia, Mateus Lopata, Carolina Ferreira Santos, Karen L. Wantroba<\/li>\n<li>Col\u00e9gio Estadual S\u00e3o Vicente de Paulo: Tamires Zarpelon;<\/li>\n<li>Col\u00e9gio Estadual Jo\u00e3o de Mattos Pessoa: Elias Eduardo Bacil, Bruno Horst;<\/li>\n<li>Dyn\u00e2mico Pr\u00e9-Vestibulares: Matheus Oliveira, Ot\u00e1vio Vicakas.<\/li>\n<\/ul>\n","protected":false},"excerpt":{"rendered":"<p>Atividade &#8211; DIVULGA\u00c7\u00c3O DOS CURSOS DE ENGENHARIA FLORESTAL E ENGENHARIA AMBIENTAL Para aumentar a procura, concorr\u00eancia e qualidade dos cursos de Engenharia Ambiental e Engenharia Florestal, realizou-se, no m\u00eas de junho de 2019, a divulga\u00e7\u00e3o dos referidos cursos e da UNICENTRO. O principal objetivo foi incentivar os alunos do terceiro ano do ensino m\u00e9dio das [&hellip;]<\/p>\n","protected":false},"author":202,"featured_media":0,"parent":0,"menu_order":0,"comment_status":"closed","ping_status":"closed","template":"","meta":{"_exactmetrics_skip_tracking":false,"_exactmetrics_sitenote_active":false,"_exactmetrics_sitenote_note":"","_exactmetrics_sitenote_category":0,"footnotes":"","_links_to":"","_links_to_target":""},"class_list":["post-441","page","type-page","status-publish","hentry"],"_links":{"self":[{"href":"https:\/\/www3.unicentro.br\/petengenharias\/wp-json\/wp\/v2\/pages\/441","targetHints":{"allow":["GET"]}}],"collection":[{"href":"https:\/\/www3.unicentro.br\/petengenharias\/wp-json\/wp\/v2\/pages"}],"about":[{"href":"https:\/\/www3.unicentro.br\/petengenharias\/wp-json\/wp\/v2\/types\/page"}],"author":[{"embeddable":true,"href":"https:\/\/www3.unicentro.br\/petengenharias\/wp-json\/wp\/v2\/users\/202"}],"replies":[{"embeddable":true,"href":"https:\/\/www3.unicentro.br\/petengenharias\/wp-json\/wp\/v2\/comments?post=441"}],"version-history":[{"count":0,"href":"https:\/\/www3.unicentro.br\/petengenharias\/wp-json\/wp\/v2\/pages\/441\/revisions"}],"wp:attachment":[{"href":"https:\/\/www3.unicentro.br\/petengenharias\/wp-json\/wp\/v2\/media?parent=441"}],"curies":[{"name":"wp","href":"https:\/\/api.w.org\/{rel}","templated":true}]}}