{"id":410,"date":"2020-05-14T03:19:22","date_gmt":"2020-05-14T06:19:22","guid":{"rendered":"https:\/\/www3.unicentro.br\/petengenharias\/?page_id=410"},"modified":"2020-05-14T03:19:22","modified_gmt":"2020-05-14T06:19:22","slug":"projetos-2019-2-fisica","status":"publish","type":"page","link":"https:\/\/www3.unicentro.br\/petengenharias\/projetos-2019-2-fisica\/","title":{"rendered":"F\u00edsica"},"content":{"rendered":"<p><strong>Petianos participantes:<\/strong> An\u00e1lia Vanessa Surkamp, Gabriele Gon\u00e7alves Sirigali e Matheus de Oliveira.<\/p>\n<p>Ao vig\u00e9simo s\u00e9timo dia do m\u00eas de outubro do ano de 2019, realizou-se o minicurso de F\u00edsica I para os alunos da Engenharia Florestal. Vinte e cinco alunos compareceram, o que mostra que os mesmos tem interesse e ao final deram uma avalia\u00e7\u00e3o positiva a essa iniciativa. O minicurso se baseou em resolu\u00e7\u00e3o de exerc\u00edcios no quadro e tamb\u00e9m foram tiradas as d\u00favidas trazidas pelos pr\u00f3prios alunos, o que tornou a atividade ainda mais din\u00e2mica.<\/p>\n","protected":false},"excerpt":{"rendered":"<p>Petianos participantes: An\u00e1lia Vanessa Surkamp, Gabriele Gon\u00e7alves Sirigali e Matheus de Oliveira. Ao vig\u00e9simo s\u00e9timo dia do m\u00eas de outubro do ano de 2019, realizou-se o minicurso de F\u00edsica I para os alunos da Engenharia Florestal. Vinte e cinco alunos compareceram, o que mostra que os mesmos tem interesse e ao final deram uma avalia\u00e7\u00e3o [&hellip;]<\/p>\n","protected":false},"author":202,"featured_media":0,"parent":0,"menu_order":0,"comment_status":"closed","ping_status":"closed","template":"","meta":{"_exactmetrics_skip_tracking":false,"_exactmetrics_sitenote_active":false,"_exactmetrics_sitenote_note":"","_exactmetrics_sitenote_category":0,"footnotes":"","_links_to":"","_links_to_target":""},"class_list":["post-410","page","type-page","status-publish","hentry"],"_links":{"self":[{"href":"https:\/\/www3.unicentro.br\/petengenharias\/wp-json\/wp\/v2\/pages\/410","targetHints":{"allow":["GET"]}}],"collection":[{"href":"https:\/\/www3.unicentro.br\/petengenharias\/wp-json\/wp\/v2\/pages"}],"about":[{"href":"https:\/\/www3.unicentro.br\/petengenharias\/wp-json\/wp\/v2\/types\/page"}],"author":[{"embeddable":true,"href":"https:\/\/www3.unicentro.br\/petengenharias\/wp-json\/wp\/v2\/users\/202"}],"replies":[{"embeddable":true,"href":"https:\/\/www3.unicentro.br\/petengenharias\/wp-json\/wp\/v2\/comments?post=410"}],"version-history":[{"count":0,"href":"https:\/\/www3.unicentro.br\/petengenharias\/wp-json\/wp\/v2\/pages\/410\/revisions"}],"wp:attachment":[{"href":"https:\/\/www3.unicentro.br\/petengenharias\/wp-json\/wp\/v2\/media?parent=410"}],"curies":[{"name":"wp","href":"https:\/\/api.w.org\/{rel}","templated":true}]}}