{"id":401,"date":"2020-05-14T03:12:27","date_gmt":"2020-05-14T06:12:27","guid":{"rendered":"https:\/\/www3.unicentro.br\/petengenharias\/?page_id=401"},"modified":"2020-05-14T03:12:27","modified_gmt":"2020-05-14T06:12:27","slug":"projetos-2019-2-calculadora-cientifica","status":"publish","type":"page","link":"https:\/\/www3.unicentro.br\/petengenharias\/projetos-2019-2-calculadora-cientifica\/","title":{"rendered":"Calculadora cient\u00edfica"},"content":{"rendered":"<p>Petianos participantes: Damires Figurski, Elias Bacil, Juliana Schulomei e Yankha Van Tienen<br \/>\nPara auxiliar os calouros do curso de Engenharia Ambiental e Engenharia Florestal, ministrou-se o minicurso no dia 18 de mar\u00e7o de 2018 sobre dicas b\u00e1sicas para utiliza\u00e7\u00e3o da calculadora Casio com enfoque na execu\u00e7\u00e3o de c\u00e1lculos gerais (fra\u00e7\u00e3o, porcentagem, convers\u00e3o de unidade angular, logaritmo, pot\u00eancia e ra\u00edzes) e c\u00e1lculos estat\u00edsticos (m\u00e9dia e desvio padr\u00e3o). Houve a participa\u00e7\u00e3o de 4 alunos da Engenharia Florestal e 19 de Engenharia Ambiental.<\/p>\n","protected":false},"excerpt":{"rendered":"<p>Petianos participantes: Damires Figurski, Elias Bacil, Juliana Schulomei e Yankha Van Tienen Para auxiliar os calouros do curso de Engenharia Ambiental e Engenharia Florestal, ministrou-se o minicurso no dia 18 de mar\u00e7o de 2018 sobre dicas b\u00e1sicas para utiliza\u00e7\u00e3o da calculadora Casio com enfoque na execu\u00e7\u00e3o de c\u00e1lculos gerais (fra\u00e7\u00e3o, porcentagem, convers\u00e3o de unidade angular, [&hellip;]<\/p>\n","protected":false},"author":202,"featured_media":0,"parent":0,"menu_order":0,"comment_status":"closed","ping_status":"closed","template":"","meta":{"_exactmetrics_skip_tracking":false,"_exactmetrics_sitenote_active":false,"_exactmetrics_sitenote_note":"","_exactmetrics_sitenote_category":0,"footnotes":"","_links_to":"","_links_to_target":""},"class_list":["post-401","page","type-page","status-publish","hentry"],"_links":{"self":[{"href":"https:\/\/www3.unicentro.br\/petengenharias\/wp-json\/wp\/v2\/pages\/401","targetHints":{"allow":["GET"]}}],"collection":[{"href":"https:\/\/www3.unicentro.br\/petengenharias\/wp-json\/wp\/v2\/pages"}],"about":[{"href":"https:\/\/www3.unicentro.br\/petengenharias\/wp-json\/wp\/v2\/types\/page"}],"author":[{"embeddable":true,"href":"https:\/\/www3.unicentro.br\/petengenharias\/wp-json\/wp\/v2\/users\/202"}],"replies":[{"embeddable":true,"href":"https:\/\/www3.unicentro.br\/petengenharias\/wp-json\/wp\/v2\/comments?post=401"}],"version-history":[{"count":0,"href":"https:\/\/www3.unicentro.br\/petengenharias\/wp-json\/wp\/v2\/pages\/401\/revisions"}],"wp:attachment":[{"href":"https:\/\/www3.unicentro.br\/petengenharias\/wp-json\/wp\/v2\/media?parent=401"}],"curies":[{"name":"wp","href":"https:\/\/api.w.org\/{rel}","templated":true}]}}