{"id":156,"date":"2019-01-03T19:09:05","date_gmt":"2019-01-03T21:09:05","guid":{"rendered":"https:\/\/www3.unicentro.br\/petengenharias\/?page_id=156"},"modified":"2019-01-03T19:13:03","modified_gmt":"2019-01-03T21:13:03","slug":"alceu-reinauer-junior","status":"publish","type":"page","link":"https:\/\/www3.unicentro.br\/petengenharias\/alceu-reinauer-junior\/","title":{"rendered":"Alceu Reinauer Junior"},"content":{"rendered":"<div class=\"wpb-content-wrapper\"><p>[vc_row full_width=&#8221;stretch_row&#8221; u_row_style=&#8221;0&#8243; u_row_paralax=&#8221;0&#8243; u_row_scheme=&#8221;0&#8243; css=&#8221;.vc_custom_1546548569826{padding-top: 100px !important;padding-bottom: 100px !important;background-position: center !important;background-repeat: no-repeat !important;background-size: cover !important;}&#8221;][vc_column width=&#8221;11\/12&#8243;][vc_single_image image=&#8221;157&#8243; alignment=&#8221;center&#8221; style=&#8221;vc_box_border_circle&#8221; border_color=&#8221;white&#8221;][vc_custom_heading text=&#8221;Alceu Reinauer Junior&#8221; font_container=&#8221;tag:h1|text_align:center|color:%23000000&#8243; use_theme_fonts=&#8221;yes&#8221;][vc_column_text]Curso: Engenharia\u00a0Ambiental<br \/>\ne-mail:\u00a0junior_reinauer@hotmail.com<br \/>\nLattes:\u00a0<a href=\"http:\/\/lattes.cnpq.br\/0294210151922558\">http:\/\/lattes.cnpq.br\/0294210151922558<\/a><br \/>\nIngresso no PET: Mar\u00e7o de 2013<br \/>\nEgresso do PET:\u00a0Agosto de 2016<\/p>\n<hr \/>\n<p style=\"text-align: center\">Como uma cara colega disse uma vez, sou da exatas e escrever n\u00e3o \u00e9 meu forte perdoem-me algum erro,<\/p>\n<p style=\"text-align: center\">Em 3 anos estive fazendo parte do grupo PET-engenharias, ainda era praticamente um calouro, estava a 1 ano na faculdade quando saiu edital para ingressar no grupo, o PET era uma novidade no\u00a0<em>campus\u00a0<\/em>de Irati, logo ap\u00f3s saiu resposta tinha sido aprovado virando um petiano, na mesma \u00e9poca tamb\u00e9m era monitor de C\u00e1lculo 1. No primeiro momento foi muito dif\u00edcil j\u00e1 que nem sabia direito o que PET fazia, sab\u00edamos que t\u00ednhamos que desenvolver atividades relacionadas com pesquisa, ensino e extens\u00e3o, mas passando essa faze nossa primeira atividade de sucesso que foi a semana de estudos de engenharia ambiental e florestal, foi uma correria que s\u00f3 vendo, mal assistimos as palestras, e uma parte engra\u00e7ada e que uniu bastante foi quando faz\u00edamos p\u00e3es com margarina, j\u00e1 conhecia algumas pessoas de florestal mas outras n\u00e3o tinha tanto contato. Tivemos chances de se conhecer melhor e unir mais o grupo nos churrascos na casa do nosso querido tutor Hil\u00e1rio naquela \u00e9poca era vice-tutor, no final daquele ano dizemos adeus a professora Gabriela, que pediu transfer\u00eancia, mas logo chegaria nossa querida professora Daniele, com ela tivemos nova fase, alguns ela pegou no p\u00e9 (inclusive eu estava na lista), ainda teve a chegada de novos colegas, assim foi caminhando nosso segundo ano de grupo, desenvolvemos algumas atividades, tivemos nosso churrasco virou meio tradicional, naquele ano tamb\u00e9m tivemos a nossa primeira participa\u00e7\u00e3o em evento dos PETs que foi JOPARPET em Guarapuava, aquele evento foi um marco, ali a gente se uniu de n\u00edvel de fam\u00edlia (que \u00e9 o que o PET deve ser, estamos longe de casa ou pra quem mora perto, essa pessoa passa mais tempo com o grupo do que com sua fam\u00edlia), o JOPARPET foi no final de 2014 assim foi a \u00faltima atividade que participamos, com isso estava mais um ano encerrado, tivemos algumas despedidas mas algumas chegadas, afinal \u00e9 um ciclo como esse que chega ao final agora, mas ainda falta um ano pra eu falar. Pois bem entrou 2015, com muitas dificuldades, j\u00e1 que tivemos o inconveniente da greve, mas mesmo assim nosso grupo foi forte desenvolvemos v\u00e1rias atividades e a partir desse ano nosso PET ganhou uma representatividade conseguimos isso por termos conhecido outros grupos no evento no ano anterior mas principalmente pelos esfor\u00e7os de cada um dentro do grupo, tivemos novamente despedidas e chegadas, no siepe tivemos uma prova de fogo, foi um dos epis\u00f3dios engra\u00e7ados dentro da nossa hist\u00f3ria, fomos nos apresentar para outros PET unicentro e n\u00e3o t\u00ednhamos preparado nada, por sorte eu tinha levado notebook assim come\u00e7amos a montar uma apresenta\u00e7\u00e3o com todas atividades do nosso grupo, o mais bacana foi o empenho de todos, com ajuda de todos at\u00e9 quem n\u00e3o foi para reuni\u00e3o em meia hora montamos a apresenta\u00e7\u00e3o, que posteriormente foi at\u00e9 elogiada. Ainda naquele ano eu e Amanda fomos para JOPARPET em Maring\u00e1, trouxemos muitas ideias para grupo, encerremos mais um \u201cano\u201d com sucesso, que na verdade se acabou em 2016. Agora eu sou a pessoa que est\u00e1 se despedindo do grupo encerrando mais um ciclo, novas pessoas vir\u00e3o, como sempre digo se deixarem passo o dia falando, o PET foi de suma import\u00e2ncia na minha forma\u00e7\u00e3o tanta acad\u00eamica quanto pessoal, queria agradecer por tudo aos tutores e colegas, tor\u00e7o que nosso PET seja bem sucedido, obrigado a todos.<\/p>\n<p>[\/vc_column_text][\/vc_column][\/vc_row]<\/p>\n<\/div>","protected":false},"excerpt":{"rendered":"<p>[vc_row full_width=&#8221;stretch_row&#8221; u_row_style=&#8221;0&#8243; u_row_paralax=&#8221;0&#8243; u_row_scheme=&#8221;0&#8243; css=&#8221;.vc_custom_1546548569826{padding-top: 100px !important;padding-bottom: 100px !important;background-position: center !important;background-repeat: no-repeat !important;background-size: cover !important;}&#8221;][vc_column width=&#8221;11\/12&#8243;][vc_single_image image=&#8221;157&#8243; alignment=&#8221;center&#8221; style=&#8221;vc_box_border_circle&#8221; border_color=&#8221;white&#8221;][vc_custom_heading text=&#8221;Alceu Reinauer Junior&#8221; font_container=&#8221;tag:h1|text_align:center|color:%23000000&#8243; use_theme_fonts=&#8221;yes&#8221;][vc_column_text]Curso: Engenharia\u00a0Ambiental e-mail:\u00a0junior_reinauer@hotmail.com Lattes:\u00a0http:\/\/lattes.cnpq.br\/0294210151922558 Ingresso no PET: Mar\u00e7o de 2013 Egresso do PET:\u00a0Agosto de 2016 Como uma cara colega disse uma vez, sou da exatas e escrever n\u00e3o \u00e9 meu [&hellip;]<\/p>\n","protected":false},"author":145,"featured_media":0,"parent":0,"menu_order":0,"comment_status":"closed","ping_status":"closed","template":"","meta":{"_exactmetrics_skip_tracking":false,"_exactmetrics_sitenote_active":false,"_exactmetrics_sitenote_note":"","_exactmetrics_sitenote_category":0,"footnotes":"","_links_to":"","_links_to_target":""},"class_list":["post-156","page","type-page","status-publish","hentry"],"_links":{"self":[{"href":"https:\/\/www3.unicentro.br\/petengenharias\/wp-json\/wp\/v2\/pages\/156","targetHints":{"allow":["GET"]}}],"collection":[{"href":"https:\/\/www3.unicentro.br\/petengenharias\/wp-json\/wp\/v2\/pages"}],"about":[{"href":"https:\/\/www3.unicentro.br\/petengenharias\/wp-json\/wp\/v2\/types\/page"}],"author":[{"embeddable":true,"href":"https:\/\/www3.unicentro.br\/petengenharias\/wp-json\/wp\/v2\/users\/145"}],"replies":[{"embeddable":true,"href":"https:\/\/www3.unicentro.br\/petengenharias\/wp-json\/wp\/v2\/comments?post=156"}],"version-history":[{"count":0,"href":"https:\/\/www3.unicentro.br\/petengenharias\/wp-json\/wp\/v2\/pages\/156\/revisions"}],"wp:attachment":[{"href":"https:\/\/www3.unicentro.br\/petengenharias\/wp-json\/wp\/v2\/media?parent=156"}],"curies":[{"name":"wp","href":"https:\/\/api.w.org\/{rel}","templated":true}]}}