{"id":1470,"date":"2024-11-06T19:00:40","date_gmt":"2024-11-06T22:00:40","guid":{"rendered":"https:\/\/www3.unicentro.br\/petengenharias\/?page_id=1470"},"modified":"2024-11-06T19:00:40","modified_gmt":"2024-11-06T22:00:40","slug":"atividade-projeto-meliponario-unicentro-campus-irati","status":"publish","type":"page","link":"https:\/\/www3.unicentro.br\/petengenharias\/projetos\/acompanhe-todas-as-atividades-do-pet-engenharias-2024\/atividade-projeto-meliponario-unicentro-campus-irati\/","title":{"rendered":"Atividade &#8211; Projeto Melipon\u00e1rio: Unicentro Campus Irati"},"content":{"rendered":"<p><span style=\"font-size: 18px\"><strong>Descri\u00e7\u00e3o\/Justificativa:<\/strong><\/span><br \/>\nO Projeto Melipon\u00e1rio na Unicentro \u00bf Campus Irati visa criar um ambiente prop\u00edcio para a<br \/>\npreserva\u00e7\u00e3o e estudo das abelhas sem ferr\u00e3o, conhecidas como melipon\u00edneos. Essas abelhas<br \/>\ndesempenham papel vital na poliniza\u00e7\u00e3o e conserva\u00e7\u00e3o da biodiversidade. O projeto justifica-se pela<br \/>\nimport\u00e2ncia ecol\u00f3gica dessas esp\u00e9cies, sua relev\u00e2ncia para a produ\u00e7\u00e3o de alimentos e a<br \/>\noportunidade de promover a conscientiza\u00e7\u00e3o ambiental na comunidade acad\u00eamica. A<br \/>\nmeliponicultura \u00e9 uma cultura sustent\u00e1vel, al\u00e9m de auxiliar na manuten\u00e7\u00e3o de flores e \u00e1rvores \u00e9<br \/>\numa cultura de f\u00e1cil acessibilidade, visto que qualquer pessoa que se interessar, pode se tornar um<br \/>\nmeliponicultor. A atividade pode originar benef\u00edcios para o meio ambiente, para o meliponicultor e<br \/>\nsua comunidade, j\u00e1 que o mel e seus subprodutos provenientes das abelhas trazem diversos<br \/>\nbenef\u00edcios \u00e0 sa\u00fade. Diante disso entende-se a import\u00e2ncia de se conhecer e proteger as abelhas.<br \/>\nCom a utiliza\u00e7\u00e3o do espa\u00e7o do melipon\u00e1rio no campus Irati ser\u00e1 poss\u00edvel ministrar para a<br \/>\ncomunidade e acad\u00eamicos a import\u00e2ncia da cultura, como iniciar e como se tornar um<br \/>\nmeliponicultor. ODS relacionados: ODS 2 &#8211; Fome Zero; ODS 2 seguran\u00e7a alimentar; ODS 3 &#8211; Sa\u00fade e<br \/>\nBem-Estar; ODS 4 &#8211; Educa\u00e7\u00e3o de Qualidade; ODS 11- cidades e comunidades sustent\u00e1veis; ODS 12-<br \/>\nconsumo e produ\u00e7\u00e3o respons\u00e1veis; ODS 15- vida terrestre; ODS 17- parcerias e meios de<br \/>\nimplanta\u00e7\u00e3o.<br \/>\n<span style=\"font-size: 18px\"><strong>Objetivos:<\/strong><\/span><br \/>\nContribuir para a conserva\u00e7\u00e3o da biodiversidade local, incentivando pr\u00e1ticas sustent\u00e1veis e<br \/>\npromover a educa\u00e7\u00e3o ambiental por meio de palestras, cursos e atividades pr\u00e1ticas.<br \/>\n<span style=\"font-size: 18px\"><strong>Como a atividade ser\u00e1 realizada? (Metodologia):<\/strong><\/span><br \/>\nAtividades do PET Engenharias: Utilizar o melipon\u00e1rio como recurso educacional para minicursos,<br \/>\naulas e palestras conduzidos pelo grupo PET Engenharias, visando disseminar conhecimento sobre<br \/>\nmelipon\u00eddeos para o p\u00fablico interessado. Podemos separar estas a\u00e7\u00f5es em: Manuten\u00e7\u00e3o: Assegurar<br \/>\na manuten\u00e7\u00e3o constante do melipon\u00e1rio para estudos e cursos comunit\u00e1rios e acad\u00eamicos. Cursos:<br \/>\nOferecer cursos espec\u00edficos sobre melipon\u00eddeos para agricultores, estudantes e demais interessados,<br \/>\ncom apoio do Senar e IDR. Educa\u00e7\u00e3o Ambiental: Realizar palestras, cursos e eventos abertos \u00e0<br \/>\ncomunidade, destacando a import\u00e2ncia das abelhas sem ferr\u00e3o e promovendo pr\u00e1ticas sustent\u00e1veis.<br \/>\nEspa\u00e7o de Visitas: Permitir visita\u00e7\u00e3o ao melipon\u00e1rio, proporcionando oportunidades para a<br \/>\ncomunidade conhecer de perto o ambiente das abelhas sem ferr\u00e3o, especialmente para as crian\u00e7as<br \/>\nda rede p\u00fablica. Pesquisas Cient\u00edficas: Envolver estudantes e pesquisadores em estudos sobre<br \/>\nbiologia, ecologia e comportamento das abelhas, utilizando o melipon\u00e1rio como fonte de dados.<\/p>\n<p><span style=\"font-size: 21px\">Quais os resultados que se espera da atividade?<\/span><\/p>\n<p><span style=\"font-size: 18px\"><strong>Resultados \/ produtos esperados com a atividade: melhorias para o Curso, para a Educa\u00e7\u00e3o, <\/strong><\/span><span style=\"font-size: 18px\"><strong>para a sociedade, meios para a socializa\u00e7\u00e3o dos resultados, publica\u00e7\u00f5es, etc:<\/strong><\/span><br \/>\nEstabelecimento de um melipon\u00e1rio funcional e sustent\u00e1vel. Ofertar cursos e treinamentos com<br \/>\napoio do Senar e IDR para os acad\u00eamicos, comunidade de Irati e regi\u00e3o, interessada no assunto.<br \/>\nContribuir com a pesquisa cient\u00edfica sobre melipon\u00edneos. Promover a conscientiza\u00e7\u00e3o ambiental na<br \/>\ncomunidade acad\u00eamica e local. Apoiar \u00e0 conserva\u00e7\u00e3o das abelhas sem ferr\u00e3o e da biodiversidade<br \/>\nregional.<br \/>\n<span style=\"font-size: 18px\"><strong>Qual ser\u00e1 a metodologia de avalia\u00e7\u00e3o da atividade pelo grupo:<\/strong><\/span><br \/>\nSer\u00e1 avaliada a integra\u00e7\u00e3o dos petianos com as a\u00e7\u00f5es de rotina do melipon\u00e1rio e com os cursos e<br \/>\npalestras ofertados e visitas recebidas.<\/p>\n","protected":false},"excerpt":{"rendered":"<p>Descri\u00e7\u00e3o\/Justificativa: O Projeto Melipon\u00e1rio na Unicentro \u00bf Campus Irati visa criar um ambiente prop\u00edcio para a preserva\u00e7\u00e3o e estudo das abelhas sem ferr\u00e3o, conhecidas como melipon\u00edneos. Essas abelhas desempenham papel vital na poliniza\u00e7\u00e3o e conserva\u00e7\u00e3o da biodiversidade. O projeto justifica-se pela import\u00e2ncia ecol\u00f3gica dessas esp\u00e9cies, sua relev\u00e2ncia para a produ\u00e7\u00e3o de alimentos e a oportunidade [&hellip;]<\/p>\n","protected":false},"author":775,"featured_media":0,"parent":1409,"menu_order":0,"comment_status":"closed","ping_status":"closed","template":"","meta":{"_exactmetrics_skip_tracking":false,"_exactmetrics_sitenote_active":false,"_exactmetrics_sitenote_note":"","_exactmetrics_sitenote_category":0,"footnotes":"","_links_to":"","_links_to_target":""},"class_list":["post-1470","page","type-page","status-publish","hentry"],"_links":{"self":[{"href":"https:\/\/www3.unicentro.br\/petengenharias\/wp-json\/wp\/v2\/pages\/1470","targetHints":{"allow":["GET"]}}],"collection":[{"href":"https:\/\/www3.unicentro.br\/petengenharias\/wp-json\/wp\/v2\/pages"}],"about":[{"href":"https:\/\/www3.unicentro.br\/petengenharias\/wp-json\/wp\/v2\/types\/page"}],"author":[{"embeddable":true,"href":"https:\/\/www3.unicentro.br\/petengenharias\/wp-json\/wp\/v2\/users\/775"}],"replies":[{"embeddable":true,"href":"https:\/\/www3.unicentro.br\/petengenharias\/wp-json\/wp\/v2\/comments?post=1470"}],"version-history":[{"count":1,"href":"https:\/\/www3.unicentro.br\/petengenharias\/wp-json\/wp\/v2\/pages\/1470\/revisions"}],"predecessor-version":[{"id":1471,"href":"https:\/\/www3.unicentro.br\/petengenharias\/wp-json\/wp\/v2\/pages\/1470\/revisions\/1471"}],"up":[{"embeddable":true,"href":"https:\/\/www3.unicentro.br\/petengenharias\/wp-json\/wp\/v2\/pages\/1409"}],"wp:attachment":[{"href":"https:\/\/www3.unicentro.br\/petengenharias\/wp-json\/wp\/v2\/media?parent=1470"}],"curies":[{"name":"wp","href":"https:\/\/api.w.org\/{rel}","templated":true}]}}