{"id":1465,"date":"2024-11-06T18:55:12","date_gmt":"2024-11-06T21:55:12","guid":{"rendered":"https:\/\/www3.unicentro.br\/petengenharias\/?page_id=1465"},"modified":"2024-11-06T18:55:12","modified_gmt":"2024-11-06T21:55:12","slug":"atividade-o-ambiente-nao-precisa-de-remedios","status":"publish","type":"page","link":"https:\/\/www3.unicentro.br\/petengenharias\/projetos\/acompanhe-todas-as-atividades-do-pet-engenharias-2024\/atividade-o-ambiente-nao-precisa-de-remedios\/","title":{"rendered":"Atividade &#8211; O Ambiente n\u00e3o precisa de rem\u00e9dios"},"content":{"rendered":"<p><span style=\"font-size: 18px\"><strong>Descri\u00e7\u00e3o\/Justificativa:<\/strong><\/span><br \/>\nO descarte inadequado de medicamentos vencidos ou em desuso representa uma amea\u00e7a silenciosa<br \/>\nao meio ambiente e \u00e0 sa\u00fade p\u00fablica. A disposi\u00e7\u00e3o aleat\u00f3ria desses medicamentos no lixo comum,<br \/>\nvaso sanit\u00e1rio ou pia pode resultar em impactos negativos significativos. A contamina\u00e7\u00e3o do solo e a<br \/>\ndegrada\u00e7\u00e3o da qualidade da \u00e1gua s\u00e3o preocupa\u00e7\u00f5es, especialmente no caso de antibi\u00f3ticos, que<br \/>\npodem tornar as bact\u00e9rias mais resistentes. Existe tamb\u00e9m o risco para a popula\u00e7\u00e3o que podem<br \/>\ninadvertidamente utilizar medicamentos descartados no lixo. Desde 2016, em parceria com a<br \/>\nprefeitura, a UNICENTRO implementou um ponto de coleta, facilitando o descarte adequado para os<br \/>\nmoradores pr\u00f3ximos \u00e0 universidade e a comunidade acad\u00eamica. Este projeto est\u00e1 alinhado com<br \/>\ndiversos Objetivos de Desenvolvimento Sustent\u00e1vel (ODS), incluindo ODS 03 Sa\u00fade e Bem-estar;<br \/>\nODS 06 \u00c1gua pot\u00e1vel e Saneamento; ODS 12 Consumo e produ\u00e7\u00e3o respons\u00e1veis; ODS 13 A\u00e7\u00e3o<br \/>\ncontra a mudan\u00e7a global do clima; ODS 14 Vida na \u00e1gua; ODS 15 Vida terrestre; ODS 17 Parcerias e<br \/>\nmeios de implementa\u00e7\u00e3o.<br \/>\n<span style=\"font-size: 18px\"><strong>Objetivos:<\/strong><\/span><br \/>\nColetar medicamentos vencidos ou em desuso e encaminh\u00e1-los para a Secretaria de Sa\u00fade de Irati<br \/>\npara o descarte correto.<br \/>\n<span style=\"font-size: 18px\"><strong>Como a atividade ser\u00e1 realizada? (Metodologia):<\/strong><\/span><br \/>\nUma vez ao m\u00eas, ser\u00e1 realizada uma avalia\u00e7\u00e3o da quantidade de medicamentos coletados.<br \/>\nPosteriormente, esses medicamentos ser\u00e3o encaminhados para a Secretaria de Sa\u00fade de Irati para<br \/>\num descarte ambientalmente respons\u00e1vel. Relat\u00f3rios de coleta ser\u00e3o elaborados para informar a<br \/>\npopula\u00e7\u00e3o sobre o progresso do projeto. A divulga\u00e7\u00e3o ser\u00e1 realizada atrav\u00e9s das redes sociais e dos<br \/>\nmeios de comunica\u00e7\u00e3o de Irati, visando ampliar o alcance da conscientiza\u00e7\u00e3o.<\/p>\n<p><span style=\"font-size: 21px\">Quais os resultados que se espera da atividade?<\/span><\/p>\n<p><span style=\"font-size: 18px\"><strong>Resultados \/ produtos esperados com a atividade: melhorias para o Curso, para a Educa\u00e7\u00e3o, <\/strong><\/span><span style=\"font-size: 18px\"><strong>para a sociedade, meios para a socializa\u00e7\u00e3o dos resultados, publica\u00e7\u00f5es, etc:<\/strong><\/span><br \/>\nA principal a\u00e7\u00e3o desta atividade \u00e9 conscientizar o maior n\u00famero de pessoas sobre o descarte correto<br \/>\ndos medicamentos em seu domic\u00edlio, alertando a comunidade sobre as consequ\u00eancias do descarte<br \/>\nincorreto deste res\u00edduo e os danos que podem causar \u00e0s pessoas, animais, solo e \u00e1gua.<br \/>\n<span style=\"font-size: 18px\"><strong>Qual ser\u00e1 a metodologia de avalia\u00e7\u00e3o da atividade pelo grupo:<\/strong><\/span><br \/>\nReuni\u00f5es da equipe, onde cada participante poder\u00e1 expor o resultado que obteve com sua a\u00e7\u00e3o e<br \/>\ncomo chegou a este resultado.<\/p>\n","protected":false},"excerpt":{"rendered":"<p>Descri\u00e7\u00e3o\/Justificativa: O descarte inadequado de medicamentos vencidos ou em desuso representa uma amea\u00e7a silenciosa ao meio ambiente e \u00e0 sa\u00fade p\u00fablica. A disposi\u00e7\u00e3o aleat\u00f3ria desses medicamentos no lixo comum, vaso sanit\u00e1rio ou pia pode resultar em impactos negativos significativos. A contamina\u00e7\u00e3o do solo e a degrada\u00e7\u00e3o da qualidade da \u00e1gua s\u00e3o preocupa\u00e7\u00f5es, especialmente no caso [&hellip;]<\/p>\n","protected":false},"author":775,"featured_media":0,"parent":1409,"menu_order":0,"comment_status":"closed","ping_status":"closed","template":"","meta":{"_exactmetrics_skip_tracking":false,"_exactmetrics_sitenote_active":false,"_exactmetrics_sitenote_note":"","_exactmetrics_sitenote_category":0,"footnotes":"","_links_to":"","_links_to_target":""},"class_list":["post-1465","page","type-page","status-publish","hentry"],"_links":{"self":[{"href":"https:\/\/www3.unicentro.br\/petengenharias\/wp-json\/wp\/v2\/pages\/1465","targetHints":{"allow":["GET"]}}],"collection":[{"href":"https:\/\/www3.unicentro.br\/petengenharias\/wp-json\/wp\/v2\/pages"}],"about":[{"href":"https:\/\/www3.unicentro.br\/petengenharias\/wp-json\/wp\/v2\/types\/page"}],"author":[{"embeddable":true,"href":"https:\/\/www3.unicentro.br\/petengenharias\/wp-json\/wp\/v2\/users\/775"}],"replies":[{"embeddable":true,"href":"https:\/\/www3.unicentro.br\/petengenharias\/wp-json\/wp\/v2\/comments?post=1465"}],"version-history":[{"count":1,"href":"https:\/\/www3.unicentro.br\/petengenharias\/wp-json\/wp\/v2\/pages\/1465\/revisions"}],"predecessor-version":[{"id":1466,"href":"https:\/\/www3.unicentro.br\/petengenharias\/wp-json\/wp\/v2\/pages\/1465\/revisions\/1466"}],"up":[{"embeddable":true,"href":"https:\/\/www3.unicentro.br\/petengenharias\/wp-json\/wp\/v2\/pages\/1409"}],"wp:attachment":[{"href":"https:\/\/www3.unicentro.br\/petengenharias\/wp-json\/wp\/v2\/media?parent=1465"}],"curies":[{"name":"wp","href":"https:\/\/api.w.org\/{rel}","templated":true}]}}