{"id":170,"date":"2025-03-18T07:43:53","date_gmt":"2025-03-18T10:43:53","guid":{"rendered":"https:\/\/www3.unicentro.br\/petcc\/?page_id=170"},"modified":"2025-07-30T16:12:14","modified_gmt":"2025-07-30T19:12:14","slug":"oficinas-de-pensamento-computacional","status":"publish","type":"page","link":"https:\/\/www3.unicentro.br\/petcc\/oficinas-de-pensamento-computacional\/","title":{"rendered":"Pensamento Computacional"},"content":{"rendered":"<div class=\"wpb-content-wrapper\"><p>[vc_row][vc_column][vc_column_text css=&#8221;.vc_custom_1742300665416{margin-top: 40px !important;}&#8221;]<\/p>\n<p style=\"line-height: 1;text-align: center\"><span style=\"font-size: 22pt;color: #000000;font-family: arial, helvetica, sans-serif\">Pensamento Computacional<\/span><\/p>\n<p style=\"line-height: 0.3;text-align: center\"><span style=\"color: #007b99\">\u00a0 _____<\/span><span style=\"color: #007b99\">_____________________________________________________________________<\/span><\/p>\n<p>[\/vc_column_text][\/vc_column][\/vc_row][vc_row][vc_column width=&#8221;1\/3&#8243;][vc_single_image image=&#8221;277&#8243; img_size=&#8221;800&#215;600&#8243; css=&#8221;&#8221;][\/vc_column][vc_column width=&#8221;2\/3&#8243;][vc_column_text css=&#8221;.vc_custom_1742302574530{margin-top: 40px !important;}&#8221;]<\/p>\n<p style=\"text-align: justify\"><span style=\"font-size: 13pt\">A implanta\u00e7\u00e3o das disciplinas de Pensamento Computacional (PC) no Ensino Fundamental II e Ensino M\u00e9dio na grade da rede estadual de ensino do Paran\u00e1, bem como outras frentes destinadas ao ensino de tecnologias, vem apresentando demandas para qualifica\u00e7\u00e3o dos professores que assumem essas disciplinas. Com isso, o Grupo PET-CC realiza oficinas de pensamento computacional para apoiar a qualifica\u00e7\u00e3o de professores que atuam nas disciplinas de PC e correlatas.<\/span><\/p>\n<p>[\/vc_column_text][\/vc_column][\/vc_row][vc_row][vc_column][vc_column_text]<\/p>\n<p style=\"line-height: 0;text-align: center\"><span style=\"font-size: 22pt;color: #000000;font-family: arial, helvetica, sans-serif\"><span class=\"OYPEnA font-feature-liga-off font-feature-clig-off font-feature-calt-off text-decoration-none text-strikethrough-none\"><br \/>\n<span style=\"font-size: 17pt\">Publica\u00e7\u00f5es Recentes<\/span><br \/>\n<\/span><\/span><\/p>\n<p style=\"line-height: 0.3;text-align: center\"><span style=\"color: #007b99\">\u00a0 <\/span><span style=\"color: #007b99\">_____________________________________________<\/span><\/p>\n<p>[\/vc_column_text][vc_basic_grid post_type=&#8221;post&#8221; max_items=&#8221;10&#8243; element_width=&#8221;12&#8243; gap=&#8221;0&#8243; item=&#8221;basicGrid_FadeInWithSideContent&#8221; initial_loading_animation=&#8221;pulse&#8221; css=&#8221;&#8221; grid_id=&#8221;vc_gid:1753902711505-6bc16fbf-c373-8&#8243; taxonomies=&#8221;20&#8243;][\/vc_column][\/vc_row]<\/p>\n<\/div>","protected":false},"excerpt":{"rendered":"<p>[vc_row][vc_column][vc_column_text css=&#8221;.vc_custom_1742300665416{margin-top: 40px !important;}&#8221;] Pensamento Computacional \u00a0 __________________________________________________________________________ [\/vc_column_text][\/vc_column][\/vc_row][vc_row][vc_column width=&#8221;1\/3&#8243;][vc_single_image image=&#8221;277&#8243; img_size=&#8221;800&#215;600&#8243; css=&#8221;&#8221;][\/vc_column][vc_column width=&#8221;2\/3&#8243;][vc_column_text css=&#8221;.vc_custom_1742302574530{margin-top: 40px !important;}&#8221;] A implanta\u00e7\u00e3o das disciplinas de Pensamento Computacional (PC) no Ensino Fundamental II e Ensino M\u00e9dio na grade da rede estadual de ensino do Paran\u00e1, bem como outras frentes destinadas ao ensino de tecnologias, vem apresentando demandas para qualifica\u00e7\u00e3o [&hellip;]<\/p>\n","protected":false},"author":806,"featured_media":0,"parent":0,"menu_order":0,"comment_status":"closed","ping_status":"closed","template":"","meta":{"_exactmetrics_skip_tracking":false,"_exactmetrics_sitenote_active":false,"_exactmetrics_sitenote_note":"","_exactmetrics_sitenote_category":0,"footnotes":"","_links_to":"","_links_to_target":""},"class_list":["post-170","page","type-page","status-publish","hentry"],"_links":{"self":[{"href":"https:\/\/www3.unicentro.br\/petcc\/wp-json\/wp\/v2\/pages\/170","targetHints":{"allow":["GET"]}}],"collection":[{"href":"https:\/\/www3.unicentro.br\/petcc\/wp-json\/wp\/v2\/pages"}],"about":[{"href":"https:\/\/www3.unicentro.br\/petcc\/wp-json\/wp\/v2\/types\/page"}],"author":[{"embeddable":true,"href":"https:\/\/www3.unicentro.br\/petcc\/wp-json\/wp\/v2\/users\/806"}],"replies":[{"embeddable":true,"href":"https:\/\/www3.unicentro.br\/petcc\/wp-json\/wp\/v2\/comments?post=170"}],"version-history":[{"count":2,"href":"https:\/\/www3.unicentro.br\/petcc\/wp-json\/wp\/v2\/pages\/170\/revisions"}],"predecessor-version":[{"id":717,"href":"https:\/\/www3.unicentro.br\/petcc\/wp-json\/wp\/v2\/pages\/170\/revisions\/717"}],"wp:attachment":[{"href":"https:\/\/www3.unicentro.br\/petcc\/wp-json\/wp\/v2\/media?parent=170"}],"curies":[{"name":"wp","href":"https:\/\/api.w.org\/{rel}","templated":true}]}}

<div class="wpb-content-wrapper"><p>[vc_row][vc_column][vc_column_text css=&#8221;.vc_custom_1742300665416{margin-top: 40px !important;}&#8221;]</p>
<p style="line-height: 1;text-align: center"><span style="font-size: 22pt;color: #000000;font-family: arial, helvetica, sans-serif">Pensamento Computacional</span></p>
<p style="line-height: 0.3;text-align: center"><span style="color: #007b99">  _____</span><span style="color: #007b99">_____________________________________________________________________</span></p>
<p>[/vc_column_text][/vc_column][/vc_row][vc_row][vc_column width=&#8221;1/3&#8243;][vc_single_image image=&#8221;277&#8243; img_size=&#8221;800&#215;600&#8243; css=&#8221;&#8221;][/vc_column][vc_column width=&#8221;2/3&#8243;][vc_column_text css=&#8221;.vc_custom_1742302574530{margin-top: 40px !important;}&#8221;]</p>
<p style="text-align: justify"><span style="font-size: 13pt">A implantação das disciplinas de Pensamento Computacional (PC) no Ensino Fundamental II e Ensino Médio na grade da rede estadual de ensino do Paraná, bem como outras frentes destinadas ao ensino de tecnologias, vem apresentando demandas para qualificação dos professores que assumem essas disciplinas. Com isso, o Grupo PET-CC realiza oficinas de pensamento computacional para apoiar a qualificação de professores que atuam nas disciplinas de PC e correlatas.</span></p>
<p>[/vc_column_text][/vc_column][/vc_row][vc_row][vc_column][vc_column_text]</p>
<p style="line-height: 0;text-align: center"><span style="font-size: 22pt;color: #000000;font-family: arial, helvetica, sans-serif"><span class="OYPEnA font-feature-liga-off font-feature-clig-off font-feature-calt-off text-decoration-none text-strikethrough-none"><br />
<span style="font-size: 17pt">Publicações Recentes</span><br />
</span></span></p>
<p style="line-height: 0.3;text-align: center"><span style="color: #007b99">  </span><span style="color: #007b99">_____________________________________________</span></p>
<p>[/vc_column_text][vc_basic_grid post_type=&#8221;post&#8221; max_items=&#8221;10&#8243; element_width=&#8221;12&#8243; gap=&#8221;0&#8243; item=&#8221;basicGrid_FadeInWithSideContent&#8221; initial_loading_animation=&#8221;pulse&#8221; css=&#8221;&#8221; grid_id=&#8221;vc_gid:1753902711505-6bc16fbf-c373-8&#8243; taxonomies=&#8221;20&#8243;][/vc_column][/vc_row]</p>
</div>

<p>[vc_row][vc_column][vc_column_text css=&#8221;.vc_custom_1742300665416{margin-top: 40px !important;}&#8221;] Pensamento Computacional   __________________________________________________________________________ [/vc_column_text][/vc_column][/vc_row][vc_row][vc_column width=&#8221;1/3&#8243;][vc_single_image image=&#8221;277&#8243; img_size=&#8221;800&#215;600&#8243; css=&#8221;&#8221;][/vc_column][vc_column width=&#8221;2/3&#8243;][vc_column_text css=&#8221;.vc_custom_1742302574530{margin-top: 40px !important;}&#8221;] A implantação das disciplinas de Pensamento Computacional (PC) no Ensino Fundamental II e Ensino Médio na grade da rede estadual de ensino do Paraná, bem como outras frentes destinadas ao ensino de tecnologias, vem apresentando demandas para qualificação [&hellip;]</p>
