{"id":130,"date":"2025-03-14T07:40:41","date_gmt":"2025-03-14T10:40:41","guid":{"rendered":"https:\/\/www3.unicentro.br\/petcc\/?page_id=130"},"modified":"2025-11-18T13:27:41","modified_gmt":"2025-11-18T16:27:41","slug":"geek-night-day","status":"publish","type":"page","link":"https:\/\/www3.unicentro.br\/petcc\/geek-night-day\/","title":{"rendered":"Geek Day\/Night"},"content":{"rendered":"<div class=\"wpb-content-wrapper\"><p>[vc_row][vc_column][vc_column_text css=&#8221;&#8221;]<\/p>\n<p style=\"line-height: 0.3;text-align: center\"><span style=\"font-size: 22pt;color: #000000;font-family: arial, helvetica, sans-serif\">\u00a0<\/span><\/p>\n<p style=\"line-height: 0;text-align: center\"><span style=\"font-size: 22pt;color: #000000;font-family: arial, helvetica, sans-serif\"> Geek Day\/Night<\/span><\/p>\n<p style=\"line-height: 0.3;text-align: center\"><span style=\"color: #007b99\">\u00a0 ___________________________________________<\/span><\/p>\n<p>[\/vc_column_text][\/vc_column][\/vc_row][vc_row content_placement=&#8221;middle&#8221; u_row_style=&#8221;0&#8243; u_row_paralax=&#8221;0&#8243; u_row_scheme=&#8221;0&#8243;][vc_column width=&#8221;1\/3&#8243;][vc_single_image image=&#8221;134&#8243; img_size=&#8221;450&#215;450&#8243; css=&#8221;.vc_custom_1741951397033{margin-top: 5px !important;margin-right: 40px !important;}&#8221;][\/vc_column][vc_column width=&#8221;2\/3&#8243;][vc_column_text css=&#8221;.vc_custom_1741949735246{margin-right: 30px !important;margin-left: 30px !important;}&#8221;]<\/p>\n<p style=\"text-align: justify\"><span style=\"font-size: 13pt\">A cultura geek pode servir como um importante elemento de compartilhamento de experi\u00eancias e viv\u00eancias que, no ambiente acad\u00eamico, normalmente, n\u00e3o seriam. Al\u00e9m disso, a Geek Night\/Day auxilia no al\u00edvio da press\u00e3o acad\u00eamica sentida pelos alunos ao longo do ano letivo. Com isso, o grupo PET-CC realiza atividades e eventos para possibilitar um ambiente seguro para a express\u00e3o da individualidade dos discentes, aliviar a press\u00e3o por resultados acad\u00eamicos e minimizar os problemas relacionados \u00e0 sa\u00fade mental observados nos discentes nos \u00faltimos anos.<\/span><\/p>\n<p>[\/vc_column_text][\/vc_column][\/vc_row][vc_row][vc_column][vc_column_text]<\/p>\n<p style=\"line-height: 0;text-align: center\"><span style=\"font-size: 22pt;color: #000000;font-family: arial, helvetica, sans-serif\"><span class=\"OYPEnA font-feature-liga-off font-feature-clig-off font-feature-calt-off text-decoration-none text-strikethrough-none\"><br \/>\n<span style=\"font-size: 17pt\">Publica\u00e7\u00f5es Recentes<\/span><br \/>\n<\/span><\/span><\/p>\n<p style=\"line-height: 0.3;text-align: center\"><span style=\"color: #007b99\">\u00a0 <\/span><span style=\"color: #007b99\">_____________________________________________<\/span><\/p>\n<p>[\/vc_column_text][vc_basic_grid post_type=&#8221;post&#8221; max_items=&#8221;10&#8243; element_width=&#8221;12&#8243; gap=&#8221;20&#8243; item=&#8221;basicGrid_FadeInWithSideContent&#8221; initial_loading_animation=&#8221;pulse&#8221; css=&#8221;&#8221; grid_id=&#8221;vc_gid:1763483248136-a12a7c00-15b4-3&#8243; taxonomies=&#8221;15&#8243;][\/vc_column][\/vc_row]<\/p>\n<\/div>","protected":false},"excerpt":{"rendered":"<p>[vc_row][vc_column][vc_column_text css=&#8221;&#8221;] \u00a0 Geek Day\/Night \u00a0 ___________________________________________ [\/vc_column_text][\/vc_column][\/vc_row][vc_row content_placement=&#8221;middle&#8221; u_row_style=&#8221;0&#8243; u_row_paralax=&#8221;0&#8243; u_row_scheme=&#8221;0&#8243;][vc_column width=&#8221;1\/3&#8243;][vc_single_image image=&#8221;134&#8243; img_size=&#8221;450&#215;450&#8243; css=&#8221;.vc_custom_1741951397033{margin-top: 5px !important;margin-right: 40px !important;}&#8221;][\/vc_column][vc_column width=&#8221;2\/3&#8243;][vc_column_text css=&#8221;.vc_custom_1741949735246{margin-right: 30px !important;margin-left: 30px !important;}&#8221;] A cultura geek pode servir como um importante elemento de compartilhamento de experi\u00eancias e viv\u00eancias que, no ambiente acad\u00eamico, normalmente, n\u00e3o seriam. Al\u00e9m disso, a Geek Night\/Day auxilia no [&hellip;]<\/p>\n","protected":false},"author":806,"featured_media":0,"parent":0,"menu_order":0,"comment_status":"closed","ping_status":"closed","template":"","meta":{"_exactmetrics_skip_tracking":false,"_exactmetrics_sitenote_active":false,"_exactmetrics_sitenote_note":"","_exactmetrics_sitenote_category":0,"footnotes":"","_links_to":"","_links_to_target":""},"class_list":["post-130","page","type-page","status-publish","hentry"],"_links":{"self":[{"href":"https:\/\/www3.unicentro.br\/petcc\/wp-json\/wp\/v2\/pages\/130","targetHints":{"allow":["GET"]}}],"collection":[{"href":"https:\/\/www3.unicentro.br\/petcc\/wp-json\/wp\/v2\/pages"}],"about":[{"href":"https:\/\/www3.unicentro.br\/petcc\/wp-json\/wp\/v2\/types\/page"}],"author":[{"embeddable":true,"href":"https:\/\/www3.unicentro.br\/petcc\/wp-json\/wp\/v2\/users\/806"}],"replies":[{"embeddable":true,"href":"https:\/\/www3.unicentro.br\/petcc\/wp-json\/wp\/v2\/comments?post=130"}],"version-history":[{"count":2,"href":"https:\/\/www3.unicentro.br\/petcc\/wp-json\/wp\/v2\/pages\/130\/revisions"}],"predecessor-version":[{"id":828,"href":"https:\/\/www3.unicentro.br\/petcc\/wp-json\/wp\/v2\/pages\/130\/revisions\/828"}],"wp:attachment":[{"href":"https:\/\/www3.unicentro.br\/petcc\/wp-json\/wp\/v2\/media?parent=130"}],"curies":[{"name":"wp","href":"https:\/\/api.w.org\/{rel}","templated":true}]}}