{"id":35,"date":"2018-09-12T13:36:04","date_gmt":"2018-09-12T16:36:04","guid":{"rendered":"https:\/\/www3.unicentro.br\/petagronomia\/?page_id=35"},"modified":"2020-05-13T14:05:04","modified_gmt":"2020-05-13T17:05:04","slug":"pet-agronomia-unicentro","status":"publish","type":"page","link":"https:\/\/www3.unicentro.br\/petagronomia\/pet\/pet-agronomia-unicentro\/","title":{"rendered":"PET Agronomia Unicentro"},"content":{"rendered":"<p>O PET Agronomia foi criado em outubro de 2009 por projeto proposto pela tutora Cacilda M\u00e1rcia Duarte Rios Faria, Doutora em Fitopatologia, do Departamento de Agronomia da Universidade Estadual do Centro Oeste, em Guarapuava, Paran\u00e1. O grupo iniciou com a participa\u00e7\u00e3o de 6 petianos selecionados por edital espec\u00edfico.<\/p>\n<p>Os petianos ingressantes desenvolveram, desde ent\u00e3o atividades voltadas aos tr\u00eas pilares da Universidade: ensino, pesquisa e extens\u00e3o. A partir de ent\u00e3o, como normativa do MEC, foram adicionados novos membros, anualmente, por edital de sele\u00e7\u00e3o, at\u00e9 completar o n\u00famero de petianos m\u00e1ximo (12 bolsistas e 6 volunt\u00e1rios).<\/p>\n<p>Desde ent\u00e3o, o grupo tem trabalhado em projetos de pesquisa \u2013 cada petiano envolve-se no programa de inicia\u00e7\u00e3o cient\u00edfica e, tentamos manter no grupo um projeto \u00fanico, de pesquisa ou extens\u00e3o, que ser\u00e1 sempre coordenado por um petiano e executado pelo grupo; de extens\u00e3o \u2013 mantemos a parte do curso na Feira de Profiss\u00f5es, realizamos visitas \u00e0 escolas e recebemos alunos de escolas de ensino fundamental e m\u00e9dio para visita\u00e7\u00e3o na estrutura do curso e dos grupos de pesquisa; realizamos eventos de extens\u00e3o, e, desde 2019, mantemos um projeto de horta junto \u00e0 APAE Rural da cidade; realizamos cursos de curta dura\u00e7\u00e3o, para a complementa\u00e7\u00e3o da forma\u00e7\u00e3o dos acad\u00eamicos, ciclos de palestras e, os petianos atuam como monitores em disciplinas do curso.<\/p>\n<p>A partir da integraliza\u00e7\u00e3o do PET Agronomia a renova\u00e7\u00e3o do grupo ocorre mediante a sele\u00e7\u00e3o realizada por edital, em fun\u00e7\u00e3o de demandas de vagas em decorr\u00eancia da formatura de petianos ou de novas possibilidades, principalmente de interc\u00e2mbios de estudo ou para trabalho.. Notadamente, os petianos desenvolvem atividades de pesquisa, ensino e extens\u00e3o e t\u00eam participa\u00e7\u00e3o efetiva no planejamento e relat\u00f3rios anuais.<br \/>\nNas vagas volunt\u00e1rias ofertadas, podem participar acad\u00eamicos de outros cursos. Temos no grupo uma integrante do curso de Engenharia de Alimentos, o que possibilita interdisciplinaridade entre os acad\u00eamicos e nova vis\u00e3o de determinados assuntos.<\/p>\n<p>H\u00e1 a participa\u00e7\u00e3o dos petianos em a\u00e7\u00f5es interPets na institui\u00e7\u00e3o. Essas a\u00e7\u00f5es visam o interc\u00e2mbio de experi\u00eancias e possibilitam forma\u00e7\u00e3o mais ampla aos mesmos. Existem a\u00e7\u00f5es de cidadania, que tamb\u00e9m s\u00e3o realizadas por v\u00e1rios grupos PET da Institui\u00e7\u00e3o.<br \/>\nNestes 10 anos de exist\u00eancia o PET-Agronomia vem atuando na forma\u00e7\u00e3o profissional e cidad\u00e3 dos acad\u00eamicos do curso de Agronomia da UNICENTRO.<\/p>\n","protected":false},"excerpt":{"rendered":"<p>O PET Agronomia foi criado em outubro de 2009 por projeto proposto pela tutora Cacilda M\u00e1rcia Duarte Rios Faria, Doutora em Fitopatologia, do Departamento de Agronomia da Universidade Estadual do Centro Oeste, em Guarapuava, Paran\u00e1. O grupo iniciou com a participa\u00e7\u00e3o de 6 petianos selecionados por edital espec\u00edfico. Os petianos ingressantes desenvolveram, desde ent\u00e3o atividades [&hellip;]<\/p>\n","protected":false},"author":3,"featured_media":0,"parent":33,"menu_order":0,"comment_status":"closed","ping_status":"closed","template":"","meta":{"_exactmetrics_skip_tracking":false,"_exactmetrics_sitenote_active":false,"_exactmetrics_sitenote_note":"","_exactmetrics_sitenote_category":0,"footnotes":"","_links_to":"","_links_to_target":""},"class_list":["post-35","page","type-page","status-publish","hentry"],"_links":{"self":[{"href":"https:\/\/www3.unicentro.br\/petagronomia\/wp-json\/wp\/v2\/pages\/35","targetHints":{"allow":["GET"]}}],"collection":[{"href":"https:\/\/www3.unicentro.br\/petagronomia\/wp-json\/wp\/v2\/pages"}],"about":[{"href":"https:\/\/www3.unicentro.br\/petagronomia\/wp-json\/wp\/v2\/types\/page"}],"author":[{"embeddable":true,"href":"https:\/\/www3.unicentro.br\/petagronomia\/wp-json\/wp\/v2\/users\/3"}],"replies":[{"embeddable":true,"href":"https:\/\/www3.unicentro.br\/petagronomia\/wp-json\/wp\/v2\/comments?post=35"}],"version-history":[{"count":0,"href":"https:\/\/www3.unicentro.br\/petagronomia\/wp-json\/wp\/v2\/pages\/35\/revisions"}],"up":[{"embeddable":true,"href":"https:\/\/www3.unicentro.br\/petagronomia\/wp-json\/wp\/v2\/pages\/33"}],"wp:attachment":[{"href":"https:\/\/www3.unicentro.br\/petagronomia\/wp-json\/wp\/v2\/media?parent=35"}],"curies":[{"name":"wp","href":"https:\/\/api.w.org\/{rel}","templated":true}]}}