{"id":31,"date":"2021-08-09T17:28:25","date_gmt":"2021-08-09T20:28:25","guid":{"rendered":"https:\/\/www3.unicentro.br\/pdi\/?page_id=31"},"modified":"2021-08-30T11:10:24","modified_gmt":"2021-08-30T14:10:24","slug":"finalidades","status":"publish","type":"page","link":"https:\/\/www3.unicentro.br\/pdi\/sobre\/finalidades\/","title":{"rendered":"Finalidades do PDI"},"content":{"rendered":"<p>O Plano de Desenvolvimento Institucional (PDI) abrange informa\u00e7\u00f5es da institui\u00e7\u00e3o e re\u00fane aspectos sobre as condi\u00e7\u00f5es atuais de funcionamento, al\u00e9m de e orientar o conjunto das a\u00e7\u00f5es que visam a promo\u00e7\u00e3o e indu\u00e7\u00e3o do desenvolvimento nos \u00e2mbitos local, regional, nacional e internacional da Universidade Estadual do Centro-Oeste no per\u00edodo de 5 anos.<\/p>\n<p>O PDI 2023-2027 apresenta o diagn\u00f3stico atual da Universidade, bem como as proje\u00e7\u00f5es de todas as suas inst\u00e2ncias e atividades.<\/p>\n<p>No conjunto do processo de elabora\u00e7\u00e3o e no decorrer da implementa\u00e7\u00e3o do PDI 2023-2027 cumpre observar as finalidades e responsabilidades das unidades administrativas e pedag\u00f3gicas e de toda\u00a0 comunidade universit\u00e1ria.<\/p>\n","protected":false},"excerpt":{"rendered":"<p>O Plano de Desenvolvimento Institucional (PDI) abrange informa\u00e7\u00f5es da institui\u00e7\u00e3o e re\u00fane aspectos sobre as condi\u00e7\u00f5es atuais de funcionamento, al\u00e9m de e orientar o conjunto das a\u00e7\u00f5es que visam a promo\u00e7\u00e3o e indu\u00e7\u00e3o do desenvolvimento nos \u00e2mbitos local, regional, nacional e internacional da Universidade Estadual do Centro-Oeste no per\u00edodo de 5 anos. O PDI 2023-2027 [&hellip;]<\/p>\n","protected":false},"author":3,"featured_media":0,"parent":20,"menu_order":0,"comment_status":"closed","ping_status":"closed","template":"","meta":{"_exactmetrics_skip_tracking":false,"_exactmetrics_sitenote_active":false,"_exactmetrics_sitenote_note":"","_exactmetrics_sitenote_category":0,"footnotes":"","_links_to":"","_links_to_target":""},"class_list":["post-31","page","type-page","status-publish","hentry"],"_links":{"self":[{"href":"https:\/\/www3.unicentro.br\/pdi\/wp-json\/wp\/v2\/pages\/31","targetHints":{"allow":["GET"]}}],"collection":[{"href":"https:\/\/www3.unicentro.br\/pdi\/wp-json\/wp\/v2\/pages"}],"about":[{"href":"https:\/\/www3.unicentro.br\/pdi\/wp-json\/wp\/v2\/types\/page"}],"author":[{"embeddable":true,"href":"https:\/\/www3.unicentro.br\/pdi\/wp-json\/wp\/v2\/users\/3"}],"replies":[{"embeddable":true,"href":"https:\/\/www3.unicentro.br\/pdi\/wp-json\/wp\/v2\/comments?post=31"}],"version-history":[{"count":0,"href":"https:\/\/www3.unicentro.br\/pdi\/wp-json\/wp\/v2\/pages\/31\/revisions"}],"up":[{"embeddable":true,"href":"https:\/\/www3.unicentro.br\/pdi\/wp-json\/wp\/v2\/pages\/20"}],"wp:attachment":[{"href":"https:\/\/www3.unicentro.br\/pdi\/wp-json\/wp\/v2\/media?parent=31"}],"curies":[{"name":"wp","href":"https:\/\/api.w.org\/{rel}","templated":true}]}}