{"id":18,"date":"2021-06-07T15:23:28","date_gmt":"2021-06-07T18:23:28","guid":{"rendered":"https:\/\/www3.unicentro.br\/patentesalimentosfuncionais\/?page_id=18"},"modified":"2021-07-04T01:36:34","modified_gmt":"2021-07-04T04:36:34","slug":"idealizadores","status":"publish","type":"page","link":"https:\/\/www3.unicentro.br\/patentesalimentosfuncionais\/idealizadores\/","title":{"rendered":"Idealizadores"},"content":{"rendered":"<p>Daniele Hilachuk<br \/>\nPROFNIT\/UNICENTRO<br \/>\ndani.hila@hotmail.com<br \/>\n<a href=\"http:\/\/lattes.cnpq.br\/7329144762805471\" target=\"_blank\" rel=\"noopener\">http:\/\/lattes.cnpq.br\/7329144762805471<\/a><\/p>\n<p>Daniel de Paula<br \/>\nProfessor Associado vinculado ao DEFAR\/UNICENTRO<br \/>\ndaniel.unicentro@gmail.com<br \/>\n<a href=\"http:\/\/lattes.cnpq.br\/1846628990988101\" target=\"_blank\" rel=\"noopener\">http:\/\/lattes.cnpq.br\/1846628990988101<\/a><\/p>\n<p>Colaboradores:<\/p>\n<p>\u00c1lvaro Jos\u00e9 Argemiro da Silva<br \/>\nProfessor colaborador vinculado ao DEADM\/UNICENTRO<br \/>\nalvaroargemiro@uol.com.br<br \/>\n<a href=\"http:\/\/lattes.cnpq.br\/9187990668394270\" target=\"_blank\" rel=\"noopener\">http:\/\/lattes.cnpq.br\/9187990668394270<\/a><\/p>\n<p>Cl\u00e1udia Cris\u00f3stimo<br \/>\n<span style=\"font-family: georgia, palatino, serif\">Ag\u00eancia de Inova\u00e7\u00e3o\u00a0Tecnol\u00f3gica da\u00a0UNICENTRO<\/span><br \/>\nclaucrisostimo@hotmail.com<br \/>\n<a href=\"http:\/\/lattes.cnpq.br\/0399202987704280\" target=\"_blank\" rel=\"noopener\">http:\/\/lattes.cnpq.br\/0399202987704280<\/a><\/p>\n","protected":false},"excerpt":{"rendered":"<p>Daniele Hilachuk PROFNIT\/UNICENTRO dani.hila@hotmail.com http:\/\/lattes.cnpq.br\/7329144762805471 Daniel de Paula Professor Associado vinculado ao DEFAR\/UNICENTRO daniel.unicentro@gmail.com http:\/\/lattes.cnpq.br\/1846628990988101 Colaboradores: \u00c1lvaro Jos\u00e9 Argemiro da Silva Professor colaborador vinculado ao DEADM\/UNICENTRO alvaroargemiro@uol.com.br http:\/\/lattes.cnpq.br\/9187990668394270 Cl\u00e1udia Cris\u00f3stimo Ag\u00eancia de Inova\u00e7\u00e3o\u00a0Tecnol\u00f3gica da\u00a0UNICENTRO claucrisostimo@hotmail.com http:\/\/lattes.cnpq.br\/0399202987704280<\/p>\n","protected":false},"author":3,"featured_media":0,"parent":0,"menu_order":0,"comment_status":"closed","ping_status":"closed","template":"","meta":{"_exactmetrics_skip_tracking":false,"_exactmetrics_sitenote_active":false,"_exactmetrics_sitenote_note":"","_exactmetrics_sitenote_category":0,"footnotes":"","_links_to":"","_links_to_target":""},"class_list":["post-18","page","type-page","status-publish","hentry"],"_links":{"self":[{"href":"https:\/\/www3.unicentro.br\/patentesalimentosfuncionais\/wp-json\/wp\/v2\/pages\/18","targetHints":{"allow":["GET"]}}],"collection":[{"href":"https:\/\/www3.unicentro.br\/patentesalimentosfuncionais\/wp-json\/wp\/v2\/pages"}],"about":[{"href":"https:\/\/www3.unicentro.br\/patentesalimentosfuncionais\/wp-json\/wp\/v2\/types\/page"}],"author":[{"embeddable":true,"href":"https:\/\/www3.unicentro.br\/patentesalimentosfuncionais\/wp-json\/wp\/v2\/users\/3"}],"replies":[{"embeddable":true,"href":"https:\/\/www3.unicentro.br\/patentesalimentosfuncionais\/wp-json\/wp\/v2\/comments?post=18"}],"version-history":[{"count":0,"href":"https:\/\/www3.unicentro.br\/patentesalimentosfuncionais\/wp-json\/wp\/v2\/pages\/18\/revisions"}],"wp:attachment":[{"href":"https:\/\/www3.unicentro.br\/patentesalimentosfuncionais\/wp-json\/wp\/v2\/media?parent=18"}],"curies":[{"name":"wp","href":"https:\/\/api.w.org\/{rel}","templated":true}]}}