{"id":20,"date":"2017-12-18T15:36:30","date_gmt":"2017-12-18T17:36:30","guid":{"rendered":"https:\/\/www3.unicentro.br\/paranafalaingles\/?page_id=20"},"modified":"2026-02-26T14:12:40","modified_gmt":"2026-02-26T17:12:40","slug":"inscricoes","status":"publish","type":"page","link":"https:\/\/www3.unicentro.br\/paranafalaingles\/inscricoes\/","title":{"rendered":"Inscri\u00e7\u00f5es"},"content":{"rendered":"<div class=\"wpb-content-wrapper\"><p>[vc_row][vc_column][vc_column_text css=&#8221;&#8221;]<img loading=\"lazy\" decoding=\"async\" class=\"aligncenter size-full wp-image-773\" src=\"https:\/\/www3.unicentro.br\/paranafalaingles\/wp-content\/uploads\/sites\/33\/2020\/10\/header-inscricoes.gif\" alt=\"\" width=\"1280\" height=\"150\" \/><\/p>\n<p style=\"text-align: center\"><span style=\"font-size: 18pt\"><b>INSCRI\u00c7\u00d5ES PARA O PRIMEIRO SEMESTRE DE 2026<\/b><\/span><\/p>\n<div class=\"wp-block-image\"><img loading=\"lazy\" decoding=\"async\" class=\"wpa-warning wpa-image-missing-alt wp-image-1356 aligncenter\" src=\"https:\/\/www3.unicentro.br\/paranafalaingles\/wp-content\/uploads\/sites\/33\/2026\/02\/WhatsApp-Image-2026-02-19-at-14.28.51-240x300.jpeg\" alt=\"\" width=\"457\" height=\"571\" data-warning=\"Texto alternativo ausente\" srcset=\"https:\/\/www3.unicentro.br\/paranafalaingles\/wp-content\/uploads\/sites\/33\/2026\/02\/WhatsApp-Image-2026-02-19-at-14.28.51-240x300.jpeg 240w, https:\/\/www3.unicentro.br\/paranafalaingles\/wp-content\/uploads\/sites\/33\/2026\/02\/WhatsApp-Image-2026-02-19-at-14.28.51-819x1024.jpeg 819w, https:\/\/www3.unicentro.br\/paranafalaingles\/wp-content\/uploads\/sites\/33\/2026\/02\/WhatsApp-Image-2026-02-19-at-14.28.51-768x960.jpeg 768w, https:\/\/www3.unicentro.br\/paranafalaingles\/wp-content\/uploads\/sites\/33\/2026\/02\/WhatsApp-Image-2026-02-19-at-14.28.51-255x319.jpeg 255w, https:\/\/www3.unicentro.br\/paranafalaingles\/wp-content\/uploads\/sites\/33\/2026\/02\/WhatsApp-Image-2026-02-19-at-14.28.51.jpeg 960w\" sizes=\"auto, (max-width: 457px) 100vw, 457px\" \/><\/div>\n<div><\/div>\n<div><\/div>\n<div><\/div>\n<div><span style=\"font-size: 18pt\">\u00a0 \u00a0 \u00a0 \u00a0 \u00a0 \u00a0 \u00a0 \u00a0 \u00a0 \u00a0 \u00a0 \u00a0 \u00a0 \u00a0 \u00a0 \u00a0 \u00a0 \u00a0 \u00a0 \u00a0 \u00a0 \u00a0 \u00a0 \u00a0 <strong>GRADE DE HOR\u00c1RIOS:<\/strong><\/span><\/div>\n<div><\/div>\n<div><\/div>\n<div class=\"wp-block-image\">\n<p><img loading=\"lazy\" decoding=\"async\" class=\"wpa-warning wpa-image-missing-alt wp-image-1362 aligncenter\" src=\"https:\/\/www3.unicentro.br\/paranafalaingles\/wp-content\/uploads\/sites\/33\/2026\/02\/11-300x225.jpg\" alt=\"\" width=\"520\" height=\"390\" data-warning=\"Texto alternativo ausente\" srcset=\"https:\/\/www3.unicentro.br\/paranafalaingles\/wp-content\/uploads\/sites\/33\/2026\/02\/11-300x225.jpg 300w, https:\/\/www3.unicentro.br\/paranafalaingles\/wp-content\/uploads\/sites\/33\/2026\/02\/11-768x576.jpg 768w, https:\/\/www3.unicentro.br\/paranafalaingles\/wp-content\/uploads\/sites\/33\/2026\/02\/11-255x191.jpg 255w, https:\/\/www3.unicentro.br\/paranafalaingles\/wp-content\/uploads\/sites\/33\/2026\/02\/11.jpg 1024w\" sizes=\"auto, (max-width: 520px) 100vw, 520px\" \/><\/p>\n<div class=\"wp-block-image\">\n<p><img loading=\"lazy\" decoding=\"async\" class=\"wpa-warning wpa-image-missing-alt wp-image-1363 aligncenter\" src=\"https:\/\/www3.unicentro.br\/paranafalaingles\/wp-content\/uploads\/sites\/33\/2026\/02\/21-300x225.jpg\" alt=\"\" width=\"517\" height=\"388\" data-warning=\"Texto alternativo ausente\" srcset=\"https:\/\/www3.unicentro.br\/paranafalaingles\/wp-content\/uploads\/sites\/33\/2026\/02\/21-300x225.jpg 300w, https:\/\/www3.unicentro.br\/paranafalaingles\/wp-content\/uploads\/sites\/33\/2026\/02\/21-768x576.jpg 768w, https:\/\/www3.unicentro.br\/paranafalaingles\/wp-content\/uploads\/sites\/33\/2026\/02\/21-255x191.jpg 255w, https:\/\/www3.unicentro.br\/paranafalaingles\/wp-content\/uploads\/sites\/33\/2026\/02\/21.jpg 1024w\" sizes=\"auto, (max-width: 517px) 100vw, 517px\" \/><\/p>\n<div class=\"wp-block-image\">\n<p><img loading=\"lazy\" decoding=\"async\" class=\"wpa-warning wpa-image-missing-alt wp-image-1364 aligncenter\" src=\"https:\/\/www3.unicentro.br\/paranafalaingles\/wp-content\/uploads\/sites\/33\/2026\/02\/31-300x225.jpg\" alt=\"\" width=\"520\" height=\"390\" data-warning=\"Texto alternativo ausente\" srcset=\"https:\/\/www3.unicentro.br\/paranafalaingles\/wp-content\/uploads\/sites\/33\/2026\/02\/31-300x225.jpg 300w, https:\/\/www3.unicentro.br\/paranafalaingles\/wp-content\/uploads\/sites\/33\/2026\/02\/31-768x576.jpg 768w, https:\/\/www3.unicentro.br\/paranafalaingles\/wp-content\/uploads\/sites\/33\/2026\/02\/31-255x191.jpg 255w, https:\/\/www3.unicentro.br\/paranafalaingles\/wp-content\/uploads\/sites\/33\/2026\/02\/31.jpg 1024w\" sizes=\"auto, (max-width: 520px) 100vw, 520px\" \/><\/p>\n<div class=\"wp-block-image\"><\/div>\n<\/div>\n<\/div>\n<\/div>\n<p><b>P\u00fablico alvo:<\/b> Estudantes de gradua\u00e7\u00e3o e p\u00f3s-gradua\u00e7\u00e3o, professores e agentes universit\u00e1rios da UEL, UEM, UENP, UEPG, UNESPAR, UNICENTRO e UNIOESTE.<\/p>\n<p><span style=\"font-size: 12pt\"><strong>OBSERVA\u00c7\u00d5ES:<\/strong><\/span><\/p>\n<ul>\n<li><span style=\"font-size: 12pt\"><strong>O curso <span style=\"color: #ff0000\">\u201cPreparat\u00f3rio para Provas de Profici\u00eancia em P\u00f3s-gradua\u00e7\u00e3o\u201d<\/span> N\u00c3O exige teste de nivelamento pr\u00e9vio. Acesse o link para o respectivo formul\u00e1rio abaixo.<\/strong><\/span><\/li>\n<\/ul>\n<p>&nbsp;<\/p>\n<ul>\n<li><span style=\"font-size: 12pt\"><strong>O curso <span style=\"color: #ff0000\">&#8220;L<\/span><\/strong><\/span><strong><span style=\"color: #ff0000\">eitura de Textos Acad\u00eamicos&#8221;<\/span> <\/strong><span style=\"font-size: 12pt\"><strong>N\u00c3O exige teste de nivelamento pr\u00e9vio. Acesse o link para o respectivo formul\u00e1rio abaixo.<\/strong><\/span><\/li>\n<\/ul>\n<p>&nbsp;<\/p>\n<ul>\n<li><strong>O curso <span style=\"color: #ff0000\">&#8220;Ingl\u00eas Elementar&#8221;<\/span><\/strong> <span style=\"font-size: 12pt\"><strong>N\u00c3O exige teste de nivelamento pr\u00e9vio. Acesse o link para o respectivo formul\u00e1rio abaixo.<\/strong><\/span><\/li>\n<\/ul>\n<p>&nbsp;<\/p>\n<p><b>ETAPAS PARA INSCRI\u00c7\u00c3O:<\/b><\/p>\n<ol>\n<li>Fa\u00e7a o teste de nivelamento escrito no link dispon\u00edvel abaixo.<\/li>\n<li>Aguarde o contato da secretaria para agendar o teste de nivelamento oral (para alunos com n\u00edvel pr\u00e9-intermedi\u00e1rio ou superior).<\/li>\n<li>Escolha o curso no qual voc\u00ea vai se matricular de acordo com o resultado do teste de nivelamento e sua disponibilidade.<\/li>\n<li>Preencha a ficha de matr\u00edcula enviada pela secretaria.<\/li>\n<\/ol>\n<p>&nbsp;<\/p>\n<p style=\"text-align: left\"><span style=\"font-size: 12pt\"><b>INSTRU\u00c7\u00d5ES PARA O TESTE DE NIVELAMENTO (exceto INGL\u00caS ELEMENTAR, LEITURA DE TEXTOS ACAD\u00caMICOS E PREPARAT\u00d3RIO PARA PROFICI\u00caNCIA DE P\u00d3S-GRADUA\u00c7\u00c3O):<\/b><\/span><\/p>\n<ol>\n<li>Preencha seus dados pessoais com aten\u00e7\u00e3o.<\/li>\n<li>Insira seu comprovante de v\u00ednculo ativo com a universidade no formul\u00e1rio. S\u00e3o aceitos os seguintes documentos, por exemplo:<\/li>\n<\/ol>\n<ul>\n<li>Atestado de matr\u00edcula recente;<\/li>\n<li>Foto do crach\u00e1 (frente e verso);<\/li>\n<li>Declara\u00e7\u00e3o emitida pela PRORH;<\/li>\n<li>Declara\u00e7\u00e3o recente emitida pelo departamento\/programa\/setor ao qual voc\u00ea est\u00e1 vinculado(a).<\/li>\n<\/ul>\n<ol>\n<li>Realize o teste de nivelamento escrito.<\/li>\n<li>Na \u00faltima etapa do formul\u00e1rio, indique sua disponibilidade para a realiza\u00e7\u00e3o do teste de speaking. Se voc\u00ea se enquadrar no n\u00edvel pr\u00e9-intermedi\u00e1rio ou superior, entraremos em contato com voc\u00ea por meio do email informado no formul\u00e1rio.<\/li>\n<\/ol>\n<p>&nbsp;<\/p>\n<p>ATEN\u00c7\u00c3O: N\u00e3o utilize dicion\u00e1rios e\/ou a internet como aux\u00edlio para a realiza\u00e7\u00e3o do teste. O PFI utiliza os resultados do teste para inserir o candidato na turma mais adequada ao seu n\u00edvel de profici\u00eancia.<\/p>\n<p>&nbsp;<\/p>\n<p style=\"text-align: center\"><a href=\"https:\/\/forms.gle\/Y42PhT1SRHP4fure7\"><span style=\"color: #ff0000\"><strong>CLIQUE AQUI PARA FAZER SEU NIVELAMENTO<\/strong><\/span><\/a><\/p>\n<p style=\"text-align: center\"><a href=\"https:\/\/forms.gle\/CuMSfTEkrg2ysw7H9\"><span style=\"color: #0000ff\"><strong>\u00a0LEITURA DE TEXTOS ACAD\u00caMICOS<\/strong><\/span><\/a><\/p>\n<p style=\"text-align: center\"><span style=\"color: #008000\"><a style=\"color: #008000\" href=\"https:\/\/forms.gle\/LXP9wGLCk4QMwmC27\"><strong>CLIQUE AQUI PARA FAZER O CURSO DE PREPARAT\u00d3RIO PARA PROVAS DE PROFICI\u00caNCIA EM P\u00d3S-GRADUA\u00c7\u00c3O<\/strong><\/a><\/span><\/p>\n<p style=\"text-align: center\"><strong><span style=\"color: #ff9900\">C<a style=\"color: #ff9900\" href=\"https:\/\/forms.gle\/hFqHUGQSg2kGJuiEA\">LIQUE AQUI PARA FAZER O CURSO DE INGL\u00caS ELEMENTAR<\/a><\/span><\/strong><\/p>\n<p>[\/vc_column_text][\/vc_column][\/vc_row]<\/p>\n<\/div>","protected":false},"excerpt":{"rendered":"<p>[vc_row][vc_column][vc_column_text css=&#8221;&#8221;] INSCRI\u00c7\u00d5ES PARA O PRIMEIRO SEMESTRE DE 2026 \u00a0 \u00a0 \u00a0 \u00a0 \u00a0 \u00a0 \u00a0 \u00a0 \u00a0 \u00a0 \u00a0 \u00a0 \u00a0 \u00a0 \u00a0 \u00a0 \u00a0 \u00a0 \u00a0 \u00a0 \u00a0 \u00a0 \u00a0 \u00a0 GRADE DE HOR\u00c1RIOS: P\u00fablico alvo: Estudantes de gradua\u00e7\u00e3o e p\u00f3s-gradua\u00e7\u00e3o, professores e agentes universit\u00e1rios da UEL, UEM, UENP, UEPG, UNESPAR, UNICENTRO e [&hellip;]<\/p>\n","protected":false},"author":3,"featured_media":0,"parent":0,"menu_order":0,"comment_status":"closed","ping_status":"closed","template":"","meta":{"_exactmetrics_skip_tracking":false,"_exactmetrics_sitenote_active":false,"_exactmetrics_sitenote_note":"","_exactmetrics_sitenote_category":0,"footnotes":"","_links_to":"","_links_to_target":""},"class_list":["post-20","page","type-page","status-publish","hentry"],"_links":{"self":[{"href":"https:\/\/www3.unicentro.br\/paranafalaingles\/wp-json\/wp\/v2\/pages\/20","targetHints":{"allow":["GET"]}}],"collection":[{"href":"https:\/\/www3.unicentro.br\/paranafalaingles\/wp-json\/wp\/v2\/pages"}],"about":[{"href":"https:\/\/www3.unicentro.br\/paranafalaingles\/wp-json\/wp\/v2\/types\/page"}],"author":[{"embeddable":true,"href":"https:\/\/www3.unicentro.br\/paranafalaingles\/wp-json\/wp\/v2\/users\/3"}],"replies":[{"embeddable":true,"href":"https:\/\/www3.unicentro.br\/paranafalaingles\/wp-json\/wp\/v2\/comments?post=20"}],"version-history":[{"count":3,"href":"https:\/\/www3.unicentro.br\/paranafalaingles\/wp-json\/wp\/v2\/pages\/20\/revisions"}],"predecessor-version":[{"id":1358,"href":"https:\/\/www3.unicentro.br\/paranafalaingles\/wp-json\/wp\/v2\/pages\/20\/revisions\/1358"}],"wp:attachment":[{"href":"https:\/\/www3.unicentro.br\/paranafalaingles\/wp-json\/wp\/v2\/media?parent=20"}],"curies":[{"name":"wp","href":"https:\/\/api.w.org\/{rel}","templated":true}]}}