{"id":44,"date":"2018-07-10T16:45:31","date_gmt":"2018-07-10T19:45:31","guid":{"rendered":"https:\/\/www3.unicentro.br\/paranafalafrances\/?page_id=44"},"modified":"2023-02-17T16:01:28","modified_gmt":"2023-02-17T19:01:28","slug":"inscricoes","status":"publish","type":"page","link":"https:\/\/www3.unicentro.br\/paranafalafrances\/inscricoes\/","title":{"rendered":"Inscri\u00e7\u00f5es"},"content":{"rendered":"<p>&nbsp;<\/p>\n<p>No momento as inscri\u00e7\u00f5es do PFF est\u00e3o fechadas. Mas fique atento em\u00a0 nossas redes sociais e no SGE da UNICENTRO para sempre ter as informa\u00e7\u00f5es atualizadas dos nossos cursos!<\/p>\n<p>O &#8220;Paran\u00e1 Fala Franc\u00eas-Unicentro&#8221; segue o calend\u00e1rio letivo da Universidade. Sendo assim nossa pr\u00f3xima turma ter\u00e1 inicio no 1\u00b0 semestre de 2023, seguindo o calend\u00e1rio UNICENTRO.<\/p>\n<p>&nbsp;<\/p>\n","protected":false},"excerpt":{"rendered":"<p>&nbsp; No momento as inscri\u00e7\u00f5es do PFF est\u00e3o fechadas. Mas fique atento em\u00a0 nossas redes sociais e no SGE da UNICENTRO para sempre ter as informa\u00e7\u00f5es atualizadas dos nossos cursos! O &#8220;Paran\u00e1 Fala Franc\u00eas-Unicentro&#8221; segue o calend\u00e1rio letivo da Universidade. Sendo assim nossa pr\u00f3xima turma ter\u00e1 inicio no 1\u00b0 semestre de 2023, seguindo o calend\u00e1rio [&hellip;]<\/p>\n","protected":false},"author":3,"featured_media":0,"parent":0,"menu_order":0,"comment_status":"closed","ping_status":"closed","template":"","meta":{"_exactmetrics_skip_tracking":false,"_exactmetrics_sitenote_active":false,"_exactmetrics_sitenote_note":"","_exactmetrics_sitenote_category":0,"footnotes":"","_links_to":"","_links_to_target":""},"class_list":["post-44","page","type-page","status-publish","hentry"],"_links":{"self":[{"href":"https:\/\/www3.unicentro.br\/paranafalafrances\/wp-json\/wp\/v2\/pages\/44","targetHints":{"allow":["GET"]}}],"collection":[{"href":"https:\/\/www3.unicentro.br\/paranafalafrances\/wp-json\/wp\/v2\/pages"}],"about":[{"href":"https:\/\/www3.unicentro.br\/paranafalafrances\/wp-json\/wp\/v2\/types\/page"}],"author":[{"embeddable":true,"href":"https:\/\/www3.unicentro.br\/paranafalafrances\/wp-json\/wp\/v2\/users\/3"}],"replies":[{"embeddable":true,"href":"https:\/\/www3.unicentro.br\/paranafalafrances\/wp-json\/wp\/v2\/comments?post=44"}],"version-history":[{"count":0,"href":"https:\/\/www3.unicentro.br\/paranafalafrances\/wp-json\/wp\/v2\/pages\/44\/revisions"}],"wp:attachment":[{"href":"https:\/\/www3.unicentro.br\/paranafalafrances\/wp-json\/wp\/v2\/media?parent=44"}],"curies":[{"name":"wp","href":"https:\/\/api.w.org\/{rel}","templated":true}]}}