{"id":166,"date":"2023-09-05T13:57:04","date_gmt":"2023-09-05T16:57:04","guid":{"rendered":"https:\/\/www3.unicentro.br\/paranafalaespanhol\/?page_id=166"},"modified":"2026-04-07T08:49:19","modified_gmt":"2026-04-07T11:49:19","slug":"cursos","status":"publish","type":"page","link":"https:\/\/www3.unicentro.br\/paranafalaespanhol\/cursos\/","title":{"rendered":"Cursos"},"content":{"rendered":"<div class=\"wpb-content-wrapper\"><p>[vc_row][vc_column][vc_column_text css=&#8221;&#8221;]O Paran\u00e1 Fala Espanhol oferta cursos semestrais, minicursos, oficinas e lives a depender da demanda da comunidade acad\u00eamica e da disponibilidade da equipe do programa.<\/p>\n<p><strong>Para mais informa\u00e7\u00f5es:<\/strong><\/p>\n<p><a href=\"https:\/\/unicentro.br\/pfe\"><em>https:\/\/unicentro.br\/pfe<\/em><\/a><\/p>\n<p><a href=\"https:\/\/www.instagram.com\/pfeunicentro\"><em>https:\/\/www.instagram.com\/pfeunicentro<\/em><\/a><\/p>\n<p><a href=\"mailto:pfeunicentro@gmail.com\"><em>pfeunicentro@gmail.com<\/em><\/a><\/p>\n<p>(42) 3421-3162[\/vc_column_text][\/vc_column][\/vc_row]<\/p>\n<\/div>","protected":false},"excerpt":{"rendered":"<p>[vc_row][vc_column][vc_column_text css=&#8221;&#8221;]O Paran\u00e1 Fala Espanhol oferta cursos semestrais, minicursos, oficinas e lives a depender da demanda da comunidade acad\u00eamica e da disponibilidade da equipe do programa. Para mais informa\u00e7\u00f5es: https:\/\/unicentro.br\/pfe https:\/\/www.instagram.com\/pfeunicentro pfeunicentro@gmail.com (42) 3421-3162[\/vc_column_text][\/vc_column][\/vc_row]<\/p>\n","protected":false},"author":6,"featured_media":0,"parent":0,"menu_order":0,"comment_status":"closed","ping_status":"closed","template":"","meta":{"_exactmetrics_skip_tracking":false,"_exactmetrics_sitenote_active":false,"_exactmetrics_sitenote_note":"","_exactmetrics_sitenote_category":0,"footnotes":"","_links_to":"","_links_to_target":""},"class_list":["post-166","page","type-page","status-publish","hentry"],"_links":{"self":[{"href":"https:\/\/www3.unicentro.br\/paranafalaespanhol\/wp-json\/wp\/v2\/pages\/166","targetHints":{"allow":["GET"]}}],"collection":[{"href":"https:\/\/www3.unicentro.br\/paranafalaespanhol\/wp-json\/wp\/v2\/pages"}],"about":[{"href":"https:\/\/www3.unicentro.br\/paranafalaespanhol\/wp-json\/wp\/v2\/types\/page"}],"author":[{"embeddable":true,"href":"https:\/\/www3.unicentro.br\/paranafalaespanhol\/wp-json\/wp\/v2\/users\/6"}],"replies":[{"embeddable":true,"href":"https:\/\/www3.unicentro.br\/paranafalaespanhol\/wp-json\/wp\/v2\/comments?post=166"}],"version-history":[{"count":4,"href":"https:\/\/www3.unicentro.br\/paranafalaespanhol\/wp-json\/wp\/v2\/pages\/166\/revisions"}],"predecessor-version":[{"id":339,"href":"https:\/\/www3.unicentro.br\/paranafalaespanhol\/wp-json\/wp\/v2\/pages\/166\/revisions\/339"}],"wp:attachment":[{"href":"https:\/\/www3.unicentro.br\/paranafalaespanhol\/wp-json\/wp\/v2\/media?parent=166"}],"curies":[{"name":"wp","href":"https:\/\/api.w.org\/{rel}","templated":true}]}}