{"id":1283,"date":"2023-09-04T11:05:58","date_gmt":"2023-09-04T14:05:58","guid":{"rendered":"https:\/\/www3.unicentro.br\/novatec\/?page_id=1283"},"modified":"2023-09-04T11:10:14","modified_gmt":"2023-09-04T14:10:14","slug":"aepapa-2","status":"publish","type":"page","link":"https:\/\/www3.unicentro.br\/novatec\/incubadora-tecnologica\/empresas-graduadas\/aepapa-2\/","title":{"rendered":"AEPAPA"},"content":{"rendered":"<div class=\"wpb-content-wrapper\"><p>[vc_row][vc_column width=&#8221;1\/4&#8243;][vc_single_image image=&#8221;1281&#8243; img_size=&#8221;400&#215;400&#8243; style=&#8221;vc_box_shadow_3d&#8221; css_animation=&#8221;fadeInUp&#8221;][\/vc_column][vc_column width=&#8221;3\/4&#8243;][vc_column_text css_animation=&#8221;fadeInUp&#8221;]<span style=\"font-family: 'arial black', sans-serif;font-size: 14pt;color: #003366\"><strong>AEPAPA<\/strong><\/span><\/p>\n<p><span style=\"font-family: georgia, palatino, serif;font-size: 12pt\">A <strong>Associa\u00e7\u00e3o de Estudos, Pesquisas e Aux\u00edlio as Pessoas com Alzheimer, AEPAPA<\/strong>, uma sociedade civil sem fins lucrativos, visa desenvolver produtos para tratamento do Alzheimer. Trata-se de estudo experimental randomizado cego, que objetiva investigar o papel neuroprotetor de suplementa\u00e7\u00e3o com subst\u00e2ncias consideradas neuroprotetoras. Espera-se que a interven\u00e7\u00e3o com as subst\u00e2ncias estudadas tenham efeitos profil\u00e1ticos positivos no tratamento do d\u00e9ficit mnem\u00f4nico e de doen\u00e7as isqu\u00eamicas.<\/span>[\/vc_column_text][vc_btn title=&#8221;Instagram&#8221; style=&#8221;3d&#8221; color=&#8221;sandy-brown&#8221; css_animation=&#8221;fadeInUp&#8221; link=&#8221;url:https%3A%2F%2Fwww.instagram.com%2Faepapaguarapuava%2F&#8221;][vc_btn title=&#8221;Facebook&#8221; style=&#8221;3d&#8221; color=&#8221;sandy-brown&#8221; css_animation=&#8221;fadeInUp&#8221; link=&#8221;url:https%3A%2F%2Fwww.facebook.com%2Faepapa.guarapuava%2F&#8221;][vc_btn title=&#8221;WhatsApp&#8221; style=&#8221;3d&#8221; color=&#8221;sandy-brown&#8221; css_animation=&#8221;fadeInUp&#8221; link=&#8221;url:https%3A%2F%2Fapi.whatsapp.com%2Fsend%3Fphone%3D5542998027937%26text%3DOl%25C3%25A1&#8243;][vc_btn title=&#8221;YouTube&#8221; style=&#8221;3d&#8221; color=&#8221;sandy-brown&#8221; css_animation=&#8221;fadeInUp&#8221; link=&#8221;url:https%3A%2F%2Fwww.youtube.com%2Fchannel%2FUC_mWHhFearKtOR79TCMXEzg%3Fapp%3Ddesktop&#8221;][\/vc_column][\/vc_row]<\/p>\n<\/div>","protected":false},"excerpt":{"rendered":"<p>[vc_row][vc_column width=&#8221;1\/4&#8243;][vc_single_image image=&#8221;1281&#8243; img_size=&#8221;400&#215;400&#8243; style=&#8221;vc_box_shadow_3d&#8221; css_animation=&#8221;fadeInUp&#8221;][\/vc_column][vc_column width=&#8221;3\/4&#8243;][vc_column_text css_animation=&#8221;fadeInUp&#8221;]AEPAPA A Associa\u00e7\u00e3o de Estudos, Pesquisas e Aux\u00edlio as Pessoas com Alzheimer, AEPAPA, uma sociedade civil sem fins lucrativos, visa desenvolver produtos para tratamento do Alzheimer. Trata-se de estudo experimental randomizado cego, que objetiva investigar o papel neuroprotetor de suplementa\u00e7\u00e3o com subst\u00e2ncias consideradas neuroprotetoras. Espera-se que a interven\u00e7\u00e3o [&hellip;]<\/p>\n","protected":false},"author":400,"featured_media":0,"parent":121,"menu_order":0,"comment_status":"closed","ping_status":"closed","template":"","meta":{"_exactmetrics_skip_tracking":false,"_exactmetrics_sitenote_active":false,"_exactmetrics_sitenote_note":"","_exactmetrics_sitenote_category":0,"footnotes":"","_links_to":"","_links_to_target":""},"class_list":["post-1283","page","type-page","status-publish","hentry"],"_links":{"self":[{"href":"https:\/\/www3.unicentro.br\/novatec\/wp-json\/wp\/v2\/pages\/1283","targetHints":{"allow":["GET"]}}],"collection":[{"href":"https:\/\/www3.unicentro.br\/novatec\/wp-json\/wp\/v2\/pages"}],"about":[{"href":"https:\/\/www3.unicentro.br\/novatec\/wp-json\/wp\/v2\/types\/page"}],"author":[{"embeddable":true,"href":"https:\/\/www3.unicentro.br\/novatec\/wp-json\/wp\/v2\/users\/400"}],"replies":[{"embeddable":true,"href":"https:\/\/www3.unicentro.br\/novatec\/wp-json\/wp\/v2\/comments?post=1283"}],"version-history":[{"count":2,"href":"https:\/\/www3.unicentro.br\/novatec\/wp-json\/wp\/v2\/pages\/1283\/revisions"}],"predecessor-version":[{"id":1285,"href":"https:\/\/www3.unicentro.br\/novatec\/wp-json\/wp\/v2\/pages\/1283\/revisions\/1285"}],"up":[{"embeddable":true,"href":"https:\/\/www3.unicentro.br\/novatec\/wp-json\/wp\/v2\/pages\/121"}],"wp:attachment":[{"href":"https:\/\/www3.unicentro.br\/novatec\/wp-json\/wp\/v2\/media?parent=1283"}],"curies":[{"name":"wp","href":"https:\/\/api.w.org\/{rel}","templated":true}]}}