{"id":1260,"date":"2023-09-04T10:27:10","date_gmt":"2023-09-04T13:27:10","guid":{"rendered":"https:\/\/www3.unicentro.br\/novatec\/?page_id=1260"},"modified":"2026-02-13T17:07:38","modified_gmt":"2026-02-13T20:07:38","slug":"educa-dor","status":"publish","type":"page","link":"https:\/\/www3.unicentro.br\/novatec\/incubadora-tecnologica\/empresas\/educa-dor\/","title":{"rendered":"EDUCADOR"},"content":{"rendered":"<div class=\"wpb-content-wrapper\"><p>[vc_row][vc_column width=&#8221;1\/4&#8243;][vc_single_image image=&#8221;1262&#8243; img_size=&#8221;400&#215;400&#8243; style=&#8221;vc_box_shadow_3d&#8221; css_animation=&#8221;fadeInUp&#8221;][\/vc_column][vc_column width=&#8221;3\/4&#8243;][vc_column_text css_animation=&#8221;fadeInUp&#8221; css=&#8221;&#8221;]<span style=\"font-family: 'arial black', sans-serif;font-size: 14pt;color: #003366\">EDUCADOR<\/span><\/p>\n<p style=\"text-align: justify\"><span style=\"font-family: georgia, palatino, serif;font-size: 12pt\">O <strong>EducaDor<\/strong> \u00e9 um programa online de educa\u00e7\u00e3o em dor que consiste em um produto digital (e-book) e um servi\u00e7o de sa\u00fade digital. Ambos ser\u00e3o aplicados concomitantemente aos participantes do programa e visam mudan\u00e7a de comportamento e autogerenciamento da dor. O e-book foi escrito com linguagem simples e baseado na literatura cient\u00edfica, de forma interativa, fornecendo assim, um protocolo de treinamento multissensorial e produzindo uma aprendizagem maior e mais eficiente.<\/span><\/p>\n<p>[\/vc_column_text][vc_btn title=&#8221;Instagram&#8221; style=&#8221;3d&#8221; color=&#8221;sandy-brown&#8221; css_animation=&#8221;fadeInUp&#8221; link=&#8221;url:https%3A%2F%2Fwww.instagram.com%2Fmarina.pegoraro%2F&#8221;][\/vc_column][\/vc_row]<\/p>\n<\/div>","protected":false},"excerpt":{"rendered":"<p>[vc_row][vc_column width=&#8221;1\/4&#8243;][vc_single_image image=&#8221;1262&#8243; img_size=&#8221;400&#215;400&#8243; style=&#8221;vc_box_shadow_3d&#8221; css_animation=&#8221;fadeInUp&#8221;][\/vc_column][vc_column width=&#8221;3\/4&#8243;][vc_column_text css_animation=&#8221;fadeInUp&#8221; css=&#8221;&#8221;]EDUCADOR O EducaDor \u00e9 um programa online de educa\u00e7\u00e3o em dor que consiste em um produto digital (e-book) e um servi\u00e7o de sa\u00fade digital. Ambos ser\u00e3o aplicados concomitantemente aos participantes do programa e visam mudan\u00e7a de comportamento e autogerenciamento da dor. O e-book foi escrito com linguagem [&hellip;]<\/p>\n","protected":false},"author":400,"featured_media":0,"parent":119,"menu_order":0,"comment_status":"closed","ping_status":"closed","template":"","meta":{"_exactmetrics_skip_tracking":false,"_exactmetrics_sitenote_active":false,"_exactmetrics_sitenote_note":"","_exactmetrics_sitenote_category":0,"footnotes":"","_links_to":"","_links_to_target":""},"class_list":["post-1260","page","type-page","status-publish","hentry"],"_links":{"self":[{"href":"https:\/\/www3.unicentro.br\/novatec\/wp-json\/wp\/v2\/pages\/1260","targetHints":{"allow":["GET"]}}],"collection":[{"href":"https:\/\/www3.unicentro.br\/novatec\/wp-json\/wp\/v2\/pages"}],"about":[{"href":"https:\/\/www3.unicentro.br\/novatec\/wp-json\/wp\/v2\/types\/page"}],"author":[{"embeddable":true,"href":"https:\/\/www3.unicentro.br\/novatec\/wp-json\/wp\/v2\/users\/400"}],"replies":[{"embeddable":true,"href":"https:\/\/www3.unicentro.br\/novatec\/wp-json\/wp\/v2\/comments?post=1260"}],"version-history":[{"count":2,"href":"https:\/\/www3.unicentro.br\/novatec\/wp-json\/wp\/v2\/pages\/1260\/revisions"}],"predecessor-version":[{"id":2476,"href":"https:\/\/www3.unicentro.br\/novatec\/wp-json\/wp\/v2\/pages\/1260\/revisions\/2476"}],"up":[{"embeddable":true,"href":"https:\/\/www3.unicentro.br\/novatec\/wp-json\/wp\/v2\/pages\/119"}],"wp:attachment":[{"href":"https:\/\/www3.unicentro.br\/novatec\/wp-json\/wp\/v2\/media?parent=1260"}],"curies":[{"name":"wp","href":"https:\/\/api.w.org\/{rel}","templated":true}]}}