{"id":1239,"date":"2023-09-04T09:00:29","date_gmt":"2023-09-04T12:00:29","guid":{"rendered":"https:\/\/www3.unicentro.br\/novatec\/?page_id=1239"},"modified":"2023-09-04T10:00:27","modified_gmt":"2023-09-04T13:00:27","slug":"exatamente-solucoes-educacionais","status":"publish","type":"page","link":"https:\/\/www3.unicentro.br\/novatec\/incubadora-tecnologica\/empresas\/exatamente-solucoes-educacionais\/","title":{"rendered":"EXATAMENTE! SOLU\u00c7\u00d5ES EDUCACIONAIS"},"content":{"rendered":"<div class=\"wpb-content-wrapper\"><p>[vc_row][vc_column width=&#8221;1\/4&#8243;][vc_single_image image=&#8221;1237&#8243; img_size=&#8221;400&#215;400&#8243; style=&#8221;vc_box_shadow_3d&#8221; css_animation=&#8221;fadeInUp&#8221;][\/vc_column][vc_column width=&#8221;3\/4&#8243;][vc_column_text css_animation=&#8221;fadeInUp&#8221;]<span style=\"font-family: 'arial black', sans-serif;font-size: 14pt;color: #003366\">EXATAMENTE! SOLU\u00c7\u00d5ES EDUCACIONAIS<\/span><\/p>\n<p><span style=\"font-family: georgia, palatino, serif;font-size: 12pt\">A <strong>Exatamente! Solu\u00e7\u00f5es Educacionais<\/strong> \u00e9 uma startup que desenvolve solu\u00e7\u00f5es educacionais imersivas de base tecnol\u00f3gica, principalmente na \u00e1rea de <em>serious games<\/em>\u00a0e ambientes virtuais de aprendizagem imersivos. O principal produto da empresa \u00e9 o Nivelamento Online, uma plataforma educacional gamificada (<em>serious game<\/em>) para auxiliar a aprendizagem de ci\u00eancias.<\/span>[\/vc_column_text][vc_btn title=&#8221;Site&#8221; style=&#8221;3d&#8221; color=&#8221;sandy-brown&#8221; css_animation=&#8221;fadeInUp&#8221; link=&#8221;url:https%3A%2F%2Fnivelamento-online.com.br%2Fweb%2F&#8221;][vc_btn title=&#8221;Instagram&#8221; style=&#8221;3d&#8221; color=&#8221;sandy-brown&#8221; css_animation=&#8221;fadeInUp&#8221; link=&#8221;url:https%3A%2F%2Fwww.instagram.com%2Fnivelamento.online%2F&#8221;][vc_btn title=&#8221;YouTube&#8221; style=&#8221;3d&#8221; color=&#8221;sandy-brown&#8221; css_animation=&#8221;fadeInUp&#8221; link=&#8221;url:https%3A%2F%2Fwww.youtube.com%2Fwatch%3Fv%3Dwu1U3X5zrBw&#8221;][\/vc_column][\/vc_row]<\/p>\n<\/div>","protected":false},"excerpt":{"rendered":"<p>[vc_row][vc_column width=&#8221;1\/4&#8243;][vc_single_image image=&#8221;1237&#8243; img_size=&#8221;400&#215;400&#8243; style=&#8221;vc_box_shadow_3d&#8221; css_animation=&#8221;fadeInUp&#8221;][\/vc_column][vc_column width=&#8221;3\/4&#8243;][vc_column_text css_animation=&#8221;fadeInUp&#8221;]EXATAMENTE! SOLU\u00c7\u00d5ES EDUCACIONAIS A Exatamente! Solu\u00e7\u00f5es Educacionais \u00e9 uma startup que desenvolve solu\u00e7\u00f5es educacionais imersivas de base tecnol\u00f3gica, principalmente na \u00e1rea de serious games\u00a0e ambientes virtuais de aprendizagem imersivos. O principal produto da empresa \u00e9 o Nivelamento Online, uma plataforma educacional gamificada (serious game) para auxiliar a aprendizagem [&hellip;]<\/p>\n","protected":false},"author":400,"featured_media":0,"parent":119,"menu_order":0,"comment_status":"closed","ping_status":"closed","template":"","meta":{"_exactmetrics_skip_tracking":false,"_exactmetrics_sitenote_active":false,"_exactmetrics_sitenote_note":"","_exactmetrics_sitenote_category":0,"footnotes":"","_links_to":"","_links_to_target":""},"class_list":["post-1239","page","type-page","status-publish","hentry"],"_links":{"self":[{"href":"https:\/\/www3.unicentro.br\/novatec\/wp-json\/wp\/v2\/pages\/1239","targetHints":{"allow":["GET"]}}],"collection":[{"href":"https:\/\/www3.unicentro.br\/novatec\/wp-json\/wp\/v2\/pages"}],"about":[{"href":"https:\/\/www3.unicentro.br\/novatec\/wp-json\/wp\/v2\/types\/page"}],"author":[{"embeddable":true,"href":"https:\/\/www3.unicentro.br\/novatec\/wp-json\/wp\/v2\/users\/400"}],"replies":[{"embeddable":true,"href":"https:\/\/www3.unicentro.br\/novatec\/wp-json\/wp\/v2\/comments?post=1239"}],"version-history":[{"count":2,"href":"https:\/\/www3.unicentro.br\/novatec\/wp-json\/wp\/v2\/pages\/1239\/revisions"}],"predecessor-version":[{"id":1244,"href":"https:\/\/www3.unicentro.br\/novatec\/wp-json\/wp\/v2\/pages\/1239\/revisions\/1244"}],"up":[{"embeddable":true,"href":"https:\/\/www3.unicentro.br\/novatec\/wp-json\/wp\/v2\/pages\/119"}],"wp:attachment":[{"href":"https:\/\/www3.unicentro.br\/novatec\/wp-json\/wp\/v2\/media?parent=1239"}],"curies":[{"name":"wp","href":"https:\/\/api.w.org\/{rel}","templated":true}]}}