{"id":31125,"date":"2024-01-22T17:42:01","date_gmt":"2024-01-22T20:42:01","guid":{"rendered":"https:\/\/www3.unicentro.br\/noticias\/?page_id=31125"},"modified":"2024-09-12T08:47:32","modified_gmt":"2024-09-12T11:47:32","slug":"coorc","status":"publish","type":"page","link":"https:\/\/www3.unicentro.br\/noticias\/coorc\/","title":{"rendered":"Coordenadoria de Comunica\u00e7\u00e3o Social"},"content":{"rendered":"<div class=\"wpb-content-wrapper\"><p>[vc_row][vc_column][vc_single_image image=&#8221;31126&#8243; img_size=&#8221;400&#215;300&#8243; alignment=&#8221;center&#8221;][vc_column_text css=&#8221;&#8221;]<\/p>\n<h3 style=\"text-align: center\"><\/h3>\n<p style=\"text-align: center\"><strong>Equipe<\/strong><\/p>\n<p style=\"text-align: center\"><em><strong>Coordenador<\/strong><br \/>\n<\/em>Danny Jess\u00e9 Falkembach do Nascimento<\/p>\n<p style=\"text-align: center\"><strong><em>Coordena\u00e7\u00e3o de Cerimonial e Eventos<\/em><\/strong><br \/>\nCl\u00e1udio Luiz Aguiar<\/p>\n<p style=\"text-align: center\"><strong><em>Encarregada da Se\u00e7\u00e3o de Cerimonial e Eventos<\/em><\/strong><br \/>\n\u00c1urea Regina de Oliveira Cunha<\/p>\n<p style=\"text-align: center\"><strong><em>Encarregado da Se\u00e7\u00e3o de Cerimonial e Eventos C\u00e2mpus Irati<\/em><\/strong><br \/>\nEdson Golinski<\/p>\n<p style=\"text-align: center\"><strong><em>Coordena\u00e7\u00e3o de Imprensa, Cerimonial e Eventos<br \/>\n<\/em><\/strong>Caroline Albertini Silva<br \/>\nMa\u00edra Machado dos Santos<br \/>\nPaula Cabrera Claro<br \/>\nWyllian Eduardo de Souza Correa<\/p>\n<p style=\"text-align: center\"><strong><em>Coordena\u00e7\u00e3o de Est\u00fadio e Edi\u00e7\u00e3o de Imagens<br \/>\n<\/em><\/strong>Emanuel Mikowski<\/p>\n<p style=\"text-align: center\"><strong><em>Divis\u00e3o de Divulga\u00e7\u00e3o e Imprensa<\/em><\/strong><br \/>\nGiovani Ciquelero<\/p>\n<p style=\"text-align: center\"><strong><em>Diretor de Comunica\u00e7\u00e3o Institucional<br \/>\n<\/em><\/strong>Lucas Gomes Thim\u00f3teo<\/p>\n<p style=\"text-align: center\"><em>Divis\u00e3o de Publicidade<\/em><br \/>\nMarcio Nei dos Santos<\/p>\n<p style=\"text-align: center\"><em>Coordenador de Produ\u00e7\u00e3o Publicit\u00e1ria<\/em><br \/>\nEspencer \u00c1vila Gandra<\/p>\n<p style=\"text-align: center\"><em>Social Media e Comunica\u00e7\u00e3o Digital<\/em><br \/>\nVictor Andrey do Prado<\/p>\n<p style=\"text-align: center\"><i>Comunica\u00e7\u00e3o Audiovisual<br \/>\n<\/i>Isabela Ferreira Perredo<\/p>\n<p>[\/vc_column_text][\/vc_column][\/vc_row]<\/p>\n<\/div>","protected":false},"excerpt":{"rendered":"<p>[vc_row][vc_column][vc_single_image image=&#8221;31126&#8243; img_size=&#8221;400&#215;300&#8243; alignment=&#8221;center&#8221;][vc_column_text css=&#8221;&#8221;] Equipe Coordenador Danny Jess\u00e9 Falkembach do Nascimento Coordena\u00e7\u00e3o de Cerimonial e Eventos Cl\u00e1udio Luiz Aguiar Encarregada da Se\u00e7\u00e3o de Cerimonial e Eventos \u00c1urea Regina de Oliveira Cunha Encarregado da Se\u00e7\u00e3o de Cerimonial e Eventos C\u00e2mpus Irati Edson Golinski Coordena\u00e7\u00e3o de Imprensa, Cerimonial e Eventos Caroline Albertini Silva Ma\u00edra Machado dos&hellip; <a class=\"continue\" href=\"https:\/\/www3.unicentro.br\/noticias\/coorc\/\"><span> Coordenadoria de Comunica\u00e7\u00e3o Social<\/span><\/a><\/p>\n","protected":false},"author":3,"featured_media":0,"parent":0,"menu_order":0,"comment_status":"closed","ping_status":"closed","template":"","meta":{"_exactmetrics_skip_tracking":false,"_exactmetrics_sitenote_active":false,"_exactmetrics_sitenote_note":"","_exactmetrics_sitenote_category":0,"footnotes":"","_links_to":"","_links_to_target":""},"class_list":["post-31125","page","type-page","status-publish","hentry"],"_links":{"self":[{"href":"https:\/\/www3.unicentro.br\/noticias\/wp-json\/wp\/v2\/pages\/31125","targetHints":{"allow":["GET"]}}],"collection":[{"href":"https:\/\/www3.unicentro.br\/noticias\/wp-json\/wp\/v2\/pages"}],"about":[{"href":"https:\/\/www3.unicentro.br\/noticias\/wp-json\/wp\/v2\/types\/page"}],"author":[{"embeddable":true,"href":"https:\/\/www3.unicentro.br\/noticias\/wp-json\/wp\/v2\/users\/3"}],"replies":[{"embeddable":true,"href":"https:\/\/www3.unicentro.br\/noticias\/wp-json\/wp\/v2\/comments?post=31125"}],"version-history":[{"count":1,"href":"https:\/\/www3.unicentro.br\/noticias\/wp-json\/wp\/v2\/pages\/31125\/revisions"}],"predecessor-version":[{"id":37136,"href":"https:\/\/www3.unicentro.br\/noticias\/wp-json\/wp\/v2\/pages\/31125\/revisions\/37136"}],"wp:attachment":[{"href":"https:\/\/www3.unicentro.br\/noticias\/wp-json\/wp\/v2\/media?parent=31125"}],"curies":[{"name":"wp","href":"https:\/\/api.w.org\/{rel}","templated":true}]}}