{"id":805,"date":"2017-04-10T14:06:51","date_gmt":"2017-04-10T17:06:51","guid":{"rendered":"https:\/\/www3.unicentro.br\/noticias\/wp-content\/uploads\/sites\/3\/2017\/04\/alfabetizacao.jpg"},"modified":"2017-04-10T14:06:51","modified_gmt":"2017-04-10T17:06:51","slug":"alfabetizacao","status":"inherit","type":"attachment","link":"https:\/\/www3.unicentro.br\/noticias\/alfabetizacao\/","title":{"rendered":"A rela\u00e7\u00e3o entre as novas pr\u00e1ticas de ensino e as tradicionais na alfabetiza\u00e7\u00e3o"},"author":3,"featured_media":0,"comment_status":"open","ping_status":"closed","template":"","meta":{"_exactmetrics_skip_tracking":false,"_exactmetrics_sitenote_active":false,"_exactmetrics_sitenote_note":"","_exactmetrics_sitenote_category":0,"_links_to":"","_links_to_target":""},"class_list":["post-805","attachment","type-attachment","status-inherit","hentry"],"description":{"rendered":"<p class=\"attachment\"><a href='https:\/\/www3.unicentro.br\/noticias\/wp-content\/uploads\/sites\/3\/2017\/04\/alfabetizacao.jpg'><img loading=\"lazy\" decoding=\"async\" width=\"155\" height=\"225\" src=\"https:\/\/www3.unicentro.br\/noticias\/wp-content\/uploads\/sites\/3\/2017\/04\/alfabetizacao.jpg\" class=\"attachment-medium size-medium\" alt=\"\" \/><\/a><\/p>\n"},"caption":{"rendered":""},"alt_text":"","media_type":"image","mime_type":"image\/jpeg","media_details":{"width":155,"height":225,"file":"2017\/04\/alfabetizacao.jpg","filesize":6525,"sizes":{"thumb_139x89":{"file":"alfabetizacao-139x89.jpg","width":139,"height":89,"filesize":3032,"mime_type":"image\/jpeg","source_url":"https:\/\/www3.unicentro.br\/noticias\/wp-content\/uploads\/sites\/3\/2017\/04\/alfabetizacao-139x89.jpg"},"thumb_50x50":{"file":"alfabetizacao-50x50.jpg","width":50,"height":50,"filesize":1093,"mime_type":"image\/jpeg","source_url":"https:\/\/www3.unicentro.br\/noticias\/wp-content\/uploads\/sites\/3\/2017\/04\/alfabetizacao-50x50.jpg"},"thumb_80x80":{"file":"alfabetizacao-80x80.jpg","width":80,"height":80,"filesize":1890,"mime_type":"image\/jpeg","source_url":"https:\/\/www3.unicentro.br\/noticias\/wp-content\/uploads\/sites\/3\/2017\/04\/alfabetizacao-80x80.jpg"},"thumb_278x178":{"file":"alfabetizacao-155x178.jpg","width":155,"height":178,"filesize":5847,"mime_type":"image\/jpeg","source_url":"https:\/\/www3.unicentro.br\/noticias\/wp-content\/uploads\/sites\/3\/2017\/04\/alfabetizacao-155x178.jpg"},"thumb_100x100":{"file":"alfabetizacao-100x100.jpg","width":100,"height":100,"filesize":2755,"mime_type":"image\/jpeg","source_url":"https:\/\/www3.unicentro.br\/noticias\/wp-content\/uploads\/sites\/3\/2017\/04\/alfabetizacao-100x100.jpg"},"full":{"file":"alfabetizacao.jpg","width":155,"height":225,"mime_type":"image\/jpeg","source_url":"https:\/\/www3.unicentro.br\/noticias\/wp-content\/uploads\/sites\/3\/2017\/04\/alfabetizacao.jpg"}},"image_meta":{"aperture":"0","credit":"","camera":"","caption":"","created_timestamp":"0","copyright":"","focal_length":"0","iso":"0","shutter_speed":"0","title":"","orientation":"0","keywords":[]}},"post":null,"source_url":"https:\/\/www3.unicentro.br\/noticias\/wp-content\/uploads\/sites\/3\/2017\/04\/alfabetizacao.jpg","_links":{"self":[{"href":"https:\/\/www3.unicentro.br\/noticias\/wp-json\/wp\/v2\/media\/805","targetHints":{"allow":["GET"]}}],"collection":[{"href":"https:\/\/www3.unicentro.br\/noticias\/wp-json\/wp\/v2\/media"}],"about":[{"href":"https:\/\/www3.unicentro.br\/noticias\/wp-json\/wp\/v2\/types\/attachment"}],"author":[{"embeddable":true,"href":"https:\/\/www3.unicentro.br\/noticias\/wp-json\/wp\/v2\/users\/3"}],"replies":[{"embeddable":true,"href":"https:\/\/www3.unicentro.br\/noticias\/wp-json\/wp\/v2\/comments?post=805"}]}}

A relação entre as novas práticas de ensino e as tradicionais na alfabetização
