{"id":36,"date":"2022-03-10T10:13:25","date_gmt":"2022-03-10T13:13:25","guid":{"rendered":"https:\/\/www3.unicentro.br\/naf\/?page_id=36"},"modified":"2022-03-18T09:12:11","modified_gmt":"2022-03-18T12:12:11","slug":"equipe","status":"publish","type":"page","link":"https:\/\/www3.unicentro.br\/naf\/equipe\/","title":{"rendered":"Equipe"},"content":{"rendered":"<p><strong>Coordenador Geral:<\/strong> Prof. Dr. Ivonaldo Brandani Gusm<\/p>\n<p>&nbsp;<\/p>\n<p><strong>Professores Volunt\u00e1rios:<\/strong><\/p>\n<p>&nbsp;<\/p>\n<p><strong>Acad\u00eamicos Volunt\u00e1rios:<\/strong><\/p>\n","protected":false},"excerpt":{"rendered":"<p>Coordenador Geral: Prof. Dr. Ivonaldo Brandani Gusm &nbsp; Professores Volunt\u00e1rios: &nbsp; Acad\u00eamicos Volunt\u00e1rios:<\/p>\n","protected":false},"author":3,"featured_media":0,"parent":0,"menu_order":0,"comment_status":"closed","ping_status":"closed","template":"","meta":{"_exactmetrics_skip_tracking":false,"_exactmetrics_sitenote_active":false,"_exactmetrics_sitenote_note":"","_exactmetrics_sitenote_category":0,"footnotes":"","_links_to":"","_links_to_target":""},"class_list":["post-36","page","type-page","status-publish","hentry"],"_links":{"self":[{"href":"https:\/\/www3.unicentro.br\/naf\/wp-json\/wp\/v2\/pages\/36","targetHints":{"allow":["GET"]}}],"collection":[{"href":"https:\/\/www3.unicentro.br\/naf\/wp-json\/wp\/v2\/pages"}],"about":[{"href":"https:\/\/www3.unicentro.br\/naf\/wp-json\/wp\/v2\/types\/page"}],"author":[{"embeddable":true,"href":"https:\/\/www3.unicentro.br\/naf\/wp-json\/wp\/v2\/users\/3"}],"replies":[{"embeddable":true,"href":"https:\/\/www3.unicentro.br\/naf\/wp-json\/wp\/v2\/comments?post=36"}],"version-history":[{"count":0,"href":"https:\/\/www3.unicentro.br\/naf\/wp-json\/wp\/v2\/pages\/36\/revisions"}],"wp:attachment":[{"href":"https:\/\/www3.unicentro.br\/naf\/wp-json\/wp\/v2\/media?parent=36"}],"curies":[{"name":"wp","href":"https:\/\/api.w.org\/{rel}","templated":true}]}}