{"id":18,"date":"2022-03-10T10:06:38","date_gmt":"2022-03-10T13:06:38","guid":{"rendered":"https:\/\/www3.unicentro.br\/naf\/?page_id=18"},"modified":"2022-03-29T09:28:26","modified_gmt":"2022-03-29T12:28:26","slug":"apresentacao","status":"publish","type":"page","link":"https:\/\/www3.unicentro.br\/naf\/apresentacao\/","title":{"rendered":"Apresenta\u00e7\u00e3o"},"content":{"rendered":"<p><img loading=\"lazy\" decoding=\"async\" class=\"alignright  wp-image-98\" src=\"https:\/\/www3.unicentro.br\/naf\/wp-content\/uploads\/sites\/136\/2022\/03\/img-apresentacao.jpg\" alt=\"Apresenta\u00e7\u00e3o NAF\" width=\"444\" height=\"296\" srcset=\"https:\/\/www3.unicentro.br\/naf\/wp-content\/uploads\/sites\/136\/2022\/03\/img-apresentacao.jpg 600w, https:\/\/www3.unicentro.br\/naf\/wp-content\/uploads\/sites\/136\/2022\/03\/img-apresentacao-255x170.jpg 255w\" sizes=\"auto, (max-width: 444px) 100vw, 444px\" \/>Na busca de uma maior oferta de projetos de extens\u00e3o \u00e9 criado o N\u00facleo de Apoio Cont\u00e1bil e Fiscal (NAF Unicentro) para o desenvolvimento de diversas a\u00e7\u00f5es que fornecer\u00e3o suporte cont\u00e1bil e fiscal a pessoas f\u00edsicas de baixa renda, bem como microempresas, microempreendedores individuais e entidades sem fins lucrativos, n\u00e3o substituindo os escrit\u00f3rios de contabilidade e agindo como centro de gera\u00e7\u00e3o de conhecimento tribut\u00e1rio e fiscal aos acad\u00eamicos.<\/p>\n<p>O projeto extensionista denominado NAF Unicentro se justifica pela necessidade de formaliza\u00e7\u00e3o de diversas a\u00e7\u00f5es extensionistas que s\u00e3o realizadas ou que vir\u00e3o a ser realizadas pelo NAF &#8211; Unicentro para: apoiar e promover uma melhor qualifica\u00e7\u00e3o dos futuros profissionais; disponibilizar a presta\u00e7\u00e3o de servi\u00e7os fiscais a contribuintes hipossuficientes econ\u00f4micos; e desenvolver a moral tribut\u00e1ria, cidadania e educa\u00e7\u00e3o fiscal na sociedade.<\/p>\n<p>Considerando o preceituado no ensino, pesquisa e extens\u00e3o observa-se que h\u00e1 sua interdepend\u00eancia e ao mesmo tempo indissociabilidade, uma vez que o acad\u00eamico tem em sua forma\u00e7\u00e3o ambos, demonstrando assim serem campos relevantes de investiga\u00e7\u00e3o e integra\u00e7\u00e3o da universidade, pesquisador, acad\u00eamico e comunidade.<\/p>\n<p>Assim, a participa\u00e7\u00e3o do NAF Unicentro contribui para o desenvolvimento t\u00e9cnico e pr\u00e1tico dos acad\u00eamicos, trazendo benef\u00edcios para todos os parceiros envolvidos no projeto, sendo os benefici\u00e1rios: a Unicentro, os alunos envolvidos no projeto de extens\u00e3o e a sociedade. Al\u00e9m disso, os resultados contribuir\u00e3o para refor\u00e7ar e demonstrar o papel dos projetos extensionistas da Unicentro junto \u00e0 comunidade acad\u00eamica e a sociedade.<\/p>\n","protected":false},"excerpt":{"rendered":"<p>Na busca de uma maior oferta de projetos de extens\u00e3o \u00e9 criado o N\u00facleo de Apoio Cont\u00e1bil e Fiscal (NAF Unicentro) para o desenvolvimento de diversas a\u00e7\u00f5es que fornecer\u00e3o suporte cont\u00e1bil e fiscal a pessoas f\u00edsicas de baixa renda, bem como microempresas, microempreendedores individuais e entidades sem fins lucrativos, n\u00e3o substituindo os escrit\u00f3rios de contabilidade [&hellip;]<\/p>\n","protected":false},"author":3,"featured_media":0,"parent":0,"menu_order":0,"comment_status":"closed","ping_status":"closed","template":"","meta":{"_exactmetrics_skip_tracking":false,"_exactmetrics_sitenote_active":false,"_exactmetrics_sitenote_note":"","_exactmetrics_sitenote_category":0,"footnotes":"","_links_to":"","_links_to_target":""},"class_list":["post-18","page","type-page","status-publish","hentry"],"_links":{"self":[{"href":"https:\/\/www3.unicentro.br\/naf\/wp-json\/wp\/v2\/pages\/18","targetHints":{"allow":["GET"]}}],"collection":[{"href":"https:\/\/www3.unicentro.br\/naf\/wp-json\/wp\/v2\/pages"}],"about":[{"href":"https:\/\/www3.unicentro.br\/naf\/wp-json\/wp\/v2\/types\/page"}],"author":[{"embeddable":true,"href":"https:\/\/www3.unicentro.br\/naf\/wp-json\/wp\/v2\/users\/3"}],"replies":[{"embeddable":true,"href":"https:\/\/www3.unicentro.br\/naf\/wp-json\/wp\/v2\/comments?post=18"}],"version-history":[{"count":0,"href":"https:\/\/www3.unicentro.br\/naf\/wp-json\/wp\/v2\/pages\/18\/revisions"}],"wp:attachment":[{"href":"https:\/\/www3.unicentro.br\/naf\/wp-json\/wp\/v2\/media?parent=18"}],"curies":[{"name":"wp","href":"https:\/\/api.w.org\/{rel}","templated":true}]}}