{"id":311,"date":"2020-11-07T01:25:39","date_gmt":"2020-11-07T04:25:39","guid":{"rendered":"https:\/\/www3.unicentro.br\/museuinterativo\/?page_id=311"},"modified":"2020-12-14T11:18:43","modified_gmt":"2020-12-14T14:18:43","slug":"hemiptera","status":"publish","type":"page","link":"https:\/\/www3.unicentro.br\/museuinterativo\/hemiptera\/","title":{"rendered":"Hemiptera"},"content":{"rendered":"<p style=\"text-align: center\"><span style=\"font-size: 18pt\">Barata-d\u2019\u00e1gua (Belostomatidae)<\/span><\/p>\n<div id=\"attachment_362\" style=\"width: 384px\" class=\"wp-caption aligncenter\"><img loading=\"lazy\" decoding=\"async\" aria-describedby=\"caption-attachment-362\" class=\"wp-image-362\" src=\"https:\/\/www3.unicentro.br\/museuinterativo\/wp-content\/uploads\/sites\/98\/2020\/11\/barata.jpg\" alt=\"\" width=\"374\" height=\"248\" \/><p id=\"caption-attachment-362\" class=\"wp-caption-text\">Imagem 1. Lethocerus medius uma esp\u00e9cie de Barata-s&#8221;\u00e1gua. Cr\u00e9dito: Wikimedia commons.<\/p><\/div>\n<audio class=\"wp-audio-shortcode\" id=\"audio-311-1\" preload=\"none\" style=\"width: 100%;\" controls=\"controls\"><source type=\"audio\/wav\" src=\"https:\/\/www3.unicentro.br\/museuinterativo\/wp-content\/uploads\/sites\/98\/2020\/12\/Barata-d_agua_1.wav?_=1\" \/><a href=\"https:\/\/www3.unicentro.br\/museuinterativo\/wp-content\/uploads\/sites\/98\/2020\/12\/Barata-d_agua_1.wav\">https:\/\/www3.unicentro.br\/museuinterativo\/wp-content\/uploads\/sites\/98\/2020\/12\/Barata-d_agua_1.wav<\/a><\/audio>\n<p style=\"text-align: justify\"><span style=\"font-size: 14pt\">As Baratas d\u2019\u00e1gua s\u00e3o insetos aqu\u00e1ticos pertencentes a ordem Hemiptera, a maior ordem da superordem Paraneoptera, com aproximadamente 119 mil esp\u00e9cies por todo o mundo, s\u00e3o insetos hemimet\u00e1bolos, ou seja, seus filhotes, chamados de ninfa, nascem com a apar\u00eancia muito parecida com o inseto adulto, s\u00e3o caracterizados por possuir um aparelho bucal em forma de rostro, as baratas-d\u2019\u00e1gua\u00a0 n\u00e3o s\u00e3o venenosos, por\u00e9m, possuem uma picada dolorosa mas n\u00e3o grave. Esses insetos se alimentam de peixes e girinos, tamb\u00e9m existem as assustadoras baratas d\u2019agua gigantes que podem se alimentar at\u00e9 mesmo de tartarugas e patos. <\/span><\/p>\n<p style=\"text-align: justify\"><span style=\"font-size: 14pt\">Veja a seguir o v\u00eddeo mostrando a agressividade de uma Barata d&#8217;\u00e1gua.<\/span><\/p>\n<p><iframe loading=\"lazy\" title=\"Barata D&#039;\u00c1gua\" width=\"900\" height=\"675\" src=\"https:\/\/www.youtube.com\/embed\/eOiICACiwZg?feature=oembed\" frameborder=\"0\" allow=\"accelerometer; autoplay; clipboard-write; encrypted-media; gyroscope; picture-in-picture\" allowfullscreen><\/iframe><\/p>\n<p style=\"text-align: center\"><span style=\"font-size: 18pt\">Barbeiro (<em>Triatoma <\/em>Spp<em>.<\/em>)<\/span><\/p>\n<div id=\"attachment_367\" style=\"width: 208px\" class=\"wp-caption aligncenter\"><img loading=\"lazy\" decoding=\"async\" aria-describedby=\"caption-attachment-367\" class=\"wp-image-367 \" src=\"https:\/\/www3.unicentro.br\/museuinterativo\/wp-content\/uploads\/sites\/98\/2020\/11\/triatoma-1-129x300.jpg\" alt=\"\" width=\"198\" height=\"460\" \/><p id=\"caption-attachment-367\" class=\"wp-caption-text\">Imagem 2. Barbeiro da esp\u00e9cie Triatoma infestans. Cr\u00e9dito: Wikimedia commons.<\/p><\/div>\n<audio class=\"wp-audio-shortcode\" id=\"audio-311-2\" preload=\"none\" style=\"width: 100%;\" controls=\"controls\"><source type=\"audio\/wav\" src=\"https:\/\/www3.unicentro.br\/museuinterativo\/wp-content\/uploads\/sites\/98\/2020\/12\/barbeiro-1-1.wav?_=2\" \/><a href=\"https:\/\/www3.unicentro.br\/museuinterativo\/wp-content\/uploads\/sites\/98\/2020\/12\/barbeiro-1-1.wav\">https:\/\/www3.unicentro.br\/museuinterativo\/wp-content\/uploads\/sites\/98\/2020\/12\/barbeiro-1-1.wav<\/a><\/audio>\n<p style=\"text-align: justify\"><span style=\"font-size: 14pt\">As esp\u00e9cies do g\u00eanero <em>Triatoma<\/em> (conhecidos como barbeiros) podem transmitir a Doen\u00e7a de Chagas. Esses insetos s\u00e3o hemat\u00f3fagos, ou seja, se alimentam de sangue. A doen\u00e7a de Chagas pode ser transmitida aos humanos quando o barbeiro infectado se alimenta de sangue humano e defeca pr\u00f3ximo ao local, colocando suas fezes contaminadas com o protozo\u00e1rio <em>Trypanosoma cruzi <\/em>em contato com a ferida. O barbeiro pode contaminar tamb\u00e9m os humanos quando \u00e9 ingerido acidentalmente atrav\u00e9s de alimentos que n\u00e3o tiveram processamento adequado. <\/span><\/p>\n<p style=\"text-align: justify\"><span style=\"font-size: 14pt\">Veja o v\u00eddeo a seguir para saber um pouco mais sobre o inseto vetor da doen\u00e7a de chagas.<\/span><\/p>\n<p><iframe loading=\"lazy\" title=\"Identifica\u00e7\u00e3o do Inseto Barbeiro | Minutos de Parasitologia #1\" width=\"900\" height=\"506\" src=\"https:\/\/www.youtube.com\/embed\/VzpqtzQUf0Q?feature=oembed\" frameborder=\"0\" allow=\"accelerometer; autoplay; clipboard-write; encrypted-media; gyroscope; picture-in-picture\" allowfullscreen><\/iframe><\/p>\n<p>&nbsp;<\/p>\n<p>&nbsp;<\/p>\n<p><span style=\"font-size: 14pt\">Fontes:<\/span><\/p>\n<p><span style=\"font-size: 14pt\">V\u00eddeo 1: Barata D&#8217;\u00c1gua, Legendamente, Dispon\u00edvel em: <a href=\"https:\/\/www.youtube.com\/watch?v=eOiICACiwZg.\">https:\/\/www.youtube.com\/watch?v=eOiICACiwZg.<\/a><\/span><\/p>\n<p><span style=\"font-size: 14pt\">Imagem 1. Wikimedia commons, dispon\u00edvel em: <a href=\"https:\/\/commons.wikimedia.org\/wiki\/File:Water_bug_(Marshal_Hedin).jpg\">https:\/\/commons.wikimedia.org\/wiki\/File:Water_bug_(Marshal_Hedin).jpg.<\/a><\/span><\/p>\n<p><span style=\"font-size: 14pt\">Imagem 2. Wikimedia commons, dispon\u00edvel em: <a href=\"https:\/\/commons.wikimedia.org\/wiki\/File:Triatoma_infestans_-_ZSM.jpg\">https:\/\/commons.wikimedia.org\/wiki\/File:Triatoma_infestans_-_ZSM.jpg.<\/a><\/span><\/p>\n<p><span style=\"font-size: 14pt\">National Geographic, Baratas-d&#8217;\u00e1gua gigantes comem tartarugas, patinhos e at\u00e9 mesmo cobras, dispon\u00edvel em: <a href=\"https:\/\/www.nationalgeographicbrasil.com\/animais\/2019\/04\/baratas-dagua-gigantes-comem-tartarugas-patinhos-e-ate-mesmo-cobras.\">https:\/\/www.nationalgeographicbrasil.com\/animais\/2019\/04\/baratas-dagua-gigantes-comem-tartarugas-patinhos-e-<span style=\"font-size: 14pt\">ate-mesmo-cobras.<\/span><\/a><\/span><\/p>\n<p><span style=\"font-size: 14pt\">Portal da doen\u00e7a de chagas, Fisiologia, dipon\u00edvel em: <a href=\"http:\/\/chagas.fiocruz.br\/fisiologia\/.\">http:\/\/chagas.fiocruz.br\/fisiologia\/.<\/a><\/span><\/p>\n<p><span style=\"font-size: 14pt\">Portal da doen\u00e7a de chagas, Morfologia, dipon\u00edvel em: <a href=\"http:\/\/chagas.fiocruz.br\/morfologia\/\">http:\/\/chagas.fiocruz.br\/morfologia\/.<\/a><\/span><\/p>\n<p>&nbsp;<\/p>\n<p><span style=\"font-size: 14pt\"><strong>Acad\u00eamicos respons\u00e1veis:\u00a0<\/strong>Alexsandra de Lima Klates; Aline Noga; Fabiana Polidorio dos Santos; Isac marcelo Gon\u00e7alves da Silva; Pedro Augusto Gon\u00e7alves Tilp.<\/span><\/p>\n","protected":false},"excerpt":{"rendered":"<p>Barata-d\u2019\u00e1gua (Belostomatidae) As Baratas d\u2019\u00e1gua s\u00e3o insetos aqu\u00e1ticos pertencentes a ordem Hemiptera, a maior ordem da superordem Paraneoptera, com aproximadamente 119 mil esp\u00e9cies por todo o mundo, s\u00e3o insetos hemimet\u00e1bolos, ou seja, seus filhotes, chamados de ninfa, nascem com a apar\u00eancia muito parecida com o inseto adulto, s\u00e3o caracterizados por possuir um aparelho bucal em [&hellip;]<\/p>\n","protected":false},"author":297,"featured_media":0,"parent":0,"menu_order":0,"comment_status":"closed","ping_status":"closed","template":"","meta":{"_exactmetrics_skip_tracking":false,"_exactmetrics_sitenote_active":false,"_exactmetrics_sitenote_note":"","_exactmetrics_sitenote_category":0,"footnotes":"","_links_to":"","_links_to_target":""},"class_list":["post-311","page","type-page","status-publish","hentry"],"_links":{"self":[{"href":"https:\/\/www3.unicentro.br\/museuinterativo\/wp-json\/wp\/v2\/pages\/311","targetHints":{"allow":["GET"]}}],"collection":[{"href":"https:\/\/www3.unicentro.br\/museuinterativo\/wp-json\/wp\/v2\/pages"}],"about":[{"href":"https:\/\/www3.unicentro.br\/museuinterativo\/wp-json\/wp\/v2\/types\/page"}],"author":[{"embeddable":true,"href":"https:\/\/www3.unicentro.br\/museuinterativo\/wp-json\/wp\/v2\/users\/297"}],"replies":[{"embeddable":true,"href":"https:\/\/www3.unicentro.br\/museuinterativo\/wp-json\/wp\/v2\/comments?post=311"}],"version-history":[{"count":0,"href":"https:\/\/www3.unicentro.br\/museuinterativo\/wp-json\/wp\/v2\/pages\/311\/revisions"}],"wp:attachment":[{"href":"https:\/\/www3.unicentro.br\/museuinterativo\/wp-json\/wp\/v2\/media?parent=311"}],"curies":[{"name":"wp","href":"https:\/\/api.w.org\/{rel}","templated":true}]}}