{"id":309,"date":"2020-11-07T01:24:36","date_gmt":"2020-11-07T04:24:36","guid":{"rendered":"https:\/\/www3.unicentro.br\/museuinterativo\/?page_id=309"},"modified":"2020-12-06T18:13:31","modified_gmt":"2020-12-06T21:13:31","slug":"diptera","status":"publish","type":"page","link":"https:\/\/www3.unicentro.br\/museuinterativo\/diptera\/","title":{"rendered":"Diptera"},"content":{"rendered":"<p style=\"text-align: center\"><span style=\"font-size: 18pt\">Moscas, mosquitos, pernilongos e afins (Diptera)<\/span><\/p>\n<div id=\"attachment_352\" style=\"width: 310px\" class=\"wp-caption aligncenter\"><img loading=\"lazy\" decoding=\"async\" aria-describedby=\"caption-attachment-352\" class=\"wp-image-352 size-medium\" src=\"https:\/\/www3.unicentro.br\/museuinterativo\/wp-content\/uploads\/sites\/98\/2020\/11\/Musca-e1604777074706-300x276.jpg\" alt=\"\" width=\"300\" height=\"276\" srcset=\"https:\/\/www3.unicentro.br\/museuinterativo\/wp-content\/uploads\/sites\/98\/2020\/11\/Musca-e1604777074706-300x276.jpg 300w, https:\/\/www3.unicentro.br\/museuinterativo\/wp-content\/uploads\/sites\/98\/2020\/11\/Musca-e1604777074706-255x234.jpg 255w, https:\/\/www3.unicentro.br\/museuinterativo\/wp-content\/uploads\/sites\/98\/2020\/11\/Musca-e1604777074706.jpg 397w\" sizes=\"auto, (max-width: 300px) 100vw, 300px\" \/><p id=\"caption-attachment-352\" class=\"wp-caption-text\">Imagem 1. Mosca dom\u00e9stica do g\u00eanero Musca<em> sp.<\/em> Cr\u00e9dito: Wikimedia commons.<\/p><\/div>\n<div id=\"attachment_350\" style=\"width: 310px\" class=\"wp-caption aligncenter\"><img loading=\"lazy\" decoding=\"async\" aria-describedby=\"caption-attachment-350\" class=\"wp-image-350 size-medium\" src=\"https:\/\/www3.unicentro.br\/museuinterativo\/wp-content\/uploads\/sites\/98\/2020\/11\/Forcipomyia-e1604777149773-300x292.jpg\" alt=\"\" width=\"300\" height=\"292\" srcset=\"https:\/\/www3.unicentro.br\/museuinterativo\/wp-content\/uploads\/sites\/98\/2020\/11\/Forcipomyia-e1604777149773-300x292.jpg 300w, https:\/\/www3.unicentro.br\/museuinterativo\/wp-content\/uploads\/sites\/98\/2020\/11\/Forcipomyia-e1604777149773-50x50.jpg 50w, https:\/\/www3.unicentro.br\/museuinterativo\/wp-content\/uploads\/sites\/98\/2020\/11\/Forcipomyia-e1604777149773-255x249.jpg 255w, https:\/\/www3.unicentro.br\/museuinterativo\/wp-content\/uploads\/sites\/98\/2020\/11\/Forcipomyia-e1604777149773.jpg 356w\" sizes=\"auto, (max-width: 300px) 100vw, 300px\" \/><p id=\"caption-attachment-350\" class=\"wp-caption-text\">Imagem 2. Mosquito polinizador de cacauzeiro do g\u00eanero Forcipomyia Sp. Cr\u00e9dito: Wikimedia commons.<\/p><\/div>\n<div id=\"attachment_351\" style=\"width: 248px\" class=\"wp-caption aligncenter\"><img loading=\"lazy\" decoding=\"async\" aria-describedby=\"caption-attachment-351\" class=\"wp-image-351 size-medium\" src=\"https:\/\/www3.unicentro.br\/museuinterativo\/wp-content\/uploads\/sites\/98\/2020\/11\/simuliinae-238x300.gif\" alt=\"\" width=\"238\" height=\"300\" srcset=\"https:\/\/www3.unicentro.br\/museuinterativo\/wp-content\/uploads\/sites\/98\/2020\/11\/simuliinae-238x300.gif 238w, https:\/\/www3.unicentro.br\/museuinterativo\/wp-content\/uploads\/sites\/98\/2020\/11\/simuliinae-255x322.gif 255w\" sizes=\"auto, (max-width: 238px) 100vw, 238px\" \/><p id=\"caption-attachment-351\" class=\"wp-caption-text\">Figura 1. Desenho de um borrachudo, subfamilia Simuliinae. Cr\u00e9dito: Wikimedia commons.<\/p><\/div>\n<audio class=\"wp-audio-shortcode\" id=\"audio-309-1\" preload=\"none\" style=\"width: 100%;\" controls=\"controls\"><source type=\"audio\/wav\" src=\"https:\/\/www3.unicentro.br\/museuinterativo\/wp-content\/uploads\/sites\/98\/2020\/12\/AnyConv.com__Diptera.wav?_=1\" \/><a href=\"https:\/\/www3.unicentro.br\/museuinterativo\/wp-content\/uploads\/sites\/98\/2020\/12\/AnyConv.com__Diptera.wav\">https:\/\/www3.unicentro.br\/museuinterativo\/wp-content\/uploads\/sites\/98\/2020\/12\/AnyConv.com__Diptera.wav<\/a><\/audio>\n<p style=\"text-align: justify\"><span style=\"font-size: 14pt\">A ordem Diptera com certeza \u00e9 a que a maioria das pessoas menos gosta, conta com mais de 150.000 esp\u00e9cies de insetos como pernilongos, borrachudos e moscas, que apesar de nos irritar, s\u00e3o fundamentais para o ecossistema desempenhando v\u00e1rias fun\u00e7\u00f5es como controle de pragas e tamb\u00e9m poliniza\u00e7\u00e3o. Uma coisa interessante \u00e9 a rela\u00e7\u00e3o do cacauzeiro com os dipteros dos g\u00eaneros <em>Forcipomyia, Atrichopogon <\/em>e <em>Dasyhelea<\/em>, esses s\u00e3o os principais respons\u00e1veis pela poliniza\u00e7\u00e3o dessa planta, podendo ou n\u00e3o receber a ajuda de formigas.<\/span><\/p>\n<p><span style=\"font-size: 14pt\">O v\u00eddeo a seguir mostra como certas esp\u00e9cies de Diptera ajudam na poliniza\u00e7\u00e3o do cacaeiro.\u00a0<\/span><\/p>\n<p><iframe loading=\"lazy\" title=\"Poliniza\u00e7\u00e3o do Cacaueiro\" width=\"900\" height=\"506\" src=\"https:\/\/www.youtube.com\/embed\/zCWDiRMV53Q?feature=oembed\" frameborder=\"0\" allow=\"accelerometer; autoplay; clipboard-write; encrypted-media; gyroscope; picture-in-picture\" allowfullscreen><\/iframe><\/p>\n<p style=\"text-align: center\"><span style=\"font-size: 18pt\">Mosquito-da-dengue (<em>Aedes aegypti<\/em>)<\/span><\/p>\n<div id=\"attachment_355\" style=\"width: 310px\" class=\"wp-caption aligncenter\"><img loading=\"lazy\" decoding=\"async\" aria-describedby=\"caption-attachment-355\" class=\"wp-image-355 size-medium\" src=\"https:\/\/www3.unicentro.br\/museuinterativo\/wp-content\/uploads\/sites\/98\/2020\/11\/Aedes-aegypti-300x200.jpg\" alt=\"\" width=\"300\" height=\"200\" srcset=\"https:\/\/www3.unicentro.br\/museuinterativo\/wp-content\/uploads\/sites\/98\/2020\/11\/Aedes-aegypti-300x200.jpg 300w, https:\/\/www3.unicentro.br\/museuinterativo\/wp-content\/uploads\/sites\/98\/2020\/11\/Aedes-aegypti-255x170.jpg 255w, https:\/\/www3.unicentro.br\/museuinterativo\/wp-content\/uploads\/sites\/98\/2020\/11\/Aedes-aegypti.jpg 491w\" sizes=\"auto, (max-width: 300px) 100vw, 300px\" \/><p id=\"caption-attachment-355\" class=\"wp-caption-text\">Imagem 3. Mosquito Aedes aegypti . Cr\u00e9dito: Wikimedia commons.<\/p><\/div>\n<audio class=\"wp-audio-shortcode\" id=\"audio-309-2\" preload=\"none\" style=\"width: 100%;\" controls=\"controls\"><source type=\"audio\/wav\" src=\"https:\/\/www3.unicentro.br\/museuinterativo\/wp-content\/uploads\/sites\/98\/2020\/12\/Aedes-aegypti.wav?_=2\" \/><a href=\"https:\/\/www3.unicentro.br\/museuinterativo\/wp-content\/uploads\/sites\/98\/2020\/12\/Aedes-aegypti.wav\">https:\/\/www3.unicentro.br\/museuinterativo\/wp-content\/uploads\/sites\/98\/2020\/12\/Aedes-aegypti.wav<\/a><\/audio>\n<p style=\"text-align: justify\"><span style=\"font-size: 14pt\">A f\u00eamea desse mosquito necessita se alimentar de sangue para amadurecer seus ovos. No momento em que pica uma pessoa para se alimentar, poder\u00e1 transmitir doen\u00e7as como a dengue, chikungunya e zika. Para contaminar uma pessoa \u00e9 necess\u00e1rio que a f\u00eamea <em>Aedes aegypty <\/em>esteja infectada e infectiva.<\/span><\/p>\n<p><span style=\"font-size: 14pt\">O v\u00eddeo a seguir mostra as fases do desenvolvimento do mosquito Aedes.<\/span><\/p>\n<p><iframe loading=\"lazy\" title=\"O ciclo de vida de um mosquito Aedes aegypti\" width=\"900\" height=\"506\" src=\"https:\/\/www.youtube.com\/embed\/L0x0vyz0fvM?feature=oembed\" frameborder=\"0\" allow=\"accelerometer; autoplay; clipboard-write; encrypted-media; gyroscope; picture-in-picture\" allowfullscreen><\/iframe><\/p>\n<p>&nbsp;<\/p>\n<p>&nbsp;<\/p>\n<p><span style=\"font-size: 14pt\">Fontes:<\/span><\/p>\n<p><span style=\"font-size: 14pt\">Figura 1.\u00a0Wikimedia commons, dispon\u00edvel em:\u00a0<a href=\"https:\/\/commons.wikimedia.org\/wiki\/File:Dip-nem-simuliidae-sp.gif\">https:\/\/commons.wikimedia.org\/wiki\/File:Dip-nem-simuliidae-sp.gif.<\/a><\/span><\/p>\n<p><span style=\"font-size: 14pt\">Imagem 1. Wikimedia commons, dispon\u00edvel em:\u00a0<a href=\"https:\/\/commons.wikimedia.org\/wiki\/File:Musca_domestica_housefly.jpg\">https:\/\/commons.wikimedia.org\/wiki\/File:Musca_domestica_housefly.jpg.<\/a><\/span><\/p>\n<p><span style=\"font-size: 14pt\">Imagem 2. Wikimedia commons, dispon\u00edvel em:\u00a0<a href=\"https:\/\/commons.wikimedia.org\/wiki\/File:Forcipomyia_P1560809a.jpg\">https:\/\/commons.wikimedia.org\/wiki\/File:Forcipomyia_P1560809a.jpg.<\/a><\/span><\/p>\n<p><span style=\"font-size: 14pt\">Imagem 3. Wikimedia commons, dispon\u00edvel em:\u00a0<a href=\"https:\/\/commons.wikimedia.org\/wiki\/File:Aedes_aegypti.jpg\">https:\/\/commons.wikimedia.org\/wiki\/File:Aedes_aegypti.jpg.<\/a><\/span><\/p>\n<p><span style=\"font-size: 14pt\">Biologia net, Dengue, dispon\u00edvel em: <a href=\"https:\/\/www.biologianet.com\/doencas\/dengue.htm\">https:\/\/www.biologianet.com\/doencas\/dengue.htm.<\/a><\/span><\/p>\n<p><span style=\"font-size: 14pt\">Embrapa, Ordem Diptera, dispon\u00edvel em: <a href=\"https:\/\/www.embrapa.br\/cerrados\/colecao-entomologica\/diptera\">https:\/\/www.embrapa.br\/cerrados\/colecao-entomologica\/diptera.<\/a><\/span><\/p>\n<p><span style=\"font-size: 14pt\">Mulheres na ci\u00eancia, Poliniza\u00e7\u00e3o: eu ouvi chocolate?, dispon\u00edvel em: <a href=\"http:\/\/mulheresnaciencia.com.br\/polinizacao-eu-ouvi-chocolate\/\">http:\/\/mulheresnaciencia.com.br\/polinizacao-eu-ouvi-chocolate\/.<\/a><\/span><\/p>\n<p><span style=\"font-size: 14pt\">S\u00e3o Paulo, Insetos Polinizadores do Cacaueiro<\/span><span style=\"font-size: 14pt\">, dispon\u00edvel em: <a href=\"http:\/\/www.biologico.sp.gov.br\/publicacoes\/comunicados-documentos-tecnicos\/comunicados-tecnicos\/insetos-polinizadores-do-cacaueiro#:~:text=Estudos%20realizados%20com%20flores%20do,embora%20n%C3%A3o%20se%20considerem%20exclusivos.\">http:\/\/www.biologico.sp.gov.br\/publicacoes\/comunicados-documentos-tecnicos.<\/a><\/span><\/p>\n<p>&nbsp;<\/p>\n<p><span style=\"font-size: 14pt\"><strong>Acad\u00eamicos respons\u00e1veis:\u00a0<\/strong>Alexsandra de Lima Klates; Aline Noga; Fabiana Polidorio dos Santos; Isac marcelo Gon\u00e7alves da Silva; Pedro Augusto Gon\u00e7alves Tilp<\/span><\/p>\n","protected":false},"excerpt":{"rendered":"<p>Moscas, mosquitos, pernilongos e afins (Diptera) A ordem Diptera com certeza \u00e9 a que a maioria das pessoas menos gosta, conta com mais de 150.000 esp\u00e9cies de insetos como pernilongos, borrachudos e moscas, que apesar de nos irritar, s\u00e3o fundamentais para o ecossistema desempenhando v\u00e1rias fun\u00e7\u00f5es como controle de pragas e tamb\u00e9m poliniza\u00e7\u00e3o. Uma coisa [&hellip;]<\/p>\n","protected":false},"author":297,"featured_media":0,"parent":0,"menu_order":0,"comment_status":"closed","ping_status":"closed","template":"","meta":{"_exactmetrics_skip_tracking":false,"_exactmetrics_sitenote_active":false,"_exactmetrics_sitenote_note":"","_exactmetrics_sitenote_category":0,"footnotes":"","_links_to":"","_links_to_target":""},"class_list":["post-309","page","type-page","status-publish","hentry"],"_links":{"self":[{"href":"https:\/\/www3.unicentro.br\/museuinterativo\/wp-json\/wp\/v2\/pages\/309","targetHints":{"allow":["GET"]}}],"collection":[{"href":"https:\/\/www3.unicentro.br\/museuinterativo\/wp-json\/wp\/v2\/pages"}],"about":[{"href":"https:\/\/www3.unicentro.br\/museuinterativo\/wp-json\/wp\/v2\/types\/page"}],"author":[{"embeddable":true,"href":"https:\/\/www3.unicentro.br\/museuinterativo\/wp-json\/wp\/v2\/users\/297"}],"replies":[{"embeddable":true,"href":"https:\/\/www3.unicentro.br\/museuinterativo\/wp-json\/wp\/v2\/comments?post=309"}],"version-history":[{"count":0,"href":"https:\/\/www3.unicentro.br\/museuinterativo\/wp-json\/wp\/v2\/pages\/309\/revisions"}],"wp:attachment":[{"href":"https:\/\/www3.unicentro.br\/museuinterativo\/wp-json\/wp\/v2\/media?parent=309"}],"curies":[{"name":"wp","href":"https:\/\/api.w.org\/{rel}","templated":true}]}}